103
CXUS56 KPQR 011200
CF6SPB
PRELIMINARY LOCAL CLIMATOLOGICAL DATA (WS FORM: F-6)
STATION: SCAPPOOSE OR
MONTH: SEPTEMBER
YEAR: 2020
LATITUDE: 45 46 N
LONGITUDE: 122 50 W
TEMPERATURE IN F: :PCPN: SNOW: WIND :SUNSHINE: SKY :PK WND
================================================================================
1 2 3 4 5 6A 6B 7 8 9 10 11 12 13 14 15 16 17 18
12Z AVG MX 2MIN
DY MAX MIN AVG DEP HDD CDD WTR SNW DPTH SPD SPD DIR MIN PSBL S-S WX SPD DR
================================================================================
1 89 57 73 8 0 8 0.00 M M 7.9 20 340 M M 0 27 340
2 90 57 74 9 0 9 0.00 M M 5.5 16 20 M M 0 22 10
3 95 64 80 15 0 15 0.00 M M 8.4 16 340 M M 0 23 330
4 85 58 72 7 0 7 0.00 M M 4.4 13 10 M M 0 16 10
5 76 58 67 2 0 2 T M M 4.2 13 360 M M 6 18 16 360
6 90 54 72 8 0 7 0.00 M M 8.3 18 360 M M 0 25 360
7 89 57 73 9 0 8 0.00 M M 9.1 24 80 M M 3 8 32 80
8 84 53 69 5 0 4 0.00 M M 7.5 22 80 M M 1 8 28 80
9 92 49 71 7 0 6 0.00 M M 5.7 16 70 M M 2 8 21 80
10 79 52 66 2 0 1 0.00 M M 1.1 6 140 M M 8 8 7 130
11 63 49 56 -7 9 0 0.00 M M 0.4 3 290 M M 10 18 5 10
12 63 46 55 -8 10 0 0.00 M M 0.3 3 280 M M 10 18 7 130
13 63 45 54 -9 11 0 0.00 M M 0.6 5 140 M M 10 128 7 190
14 72 50 61 -2 4 0 T M M 0.8 6 130 M M 10 128 7 130
15 78 55 67 5 0 2 0.00 M M 2.0 9 330 M M 10 18 12 310
16 70 53 62 0 3 0 0.00 M M 0.8 5 260 M M 10 128 6 80
17 75 54 65 3 0 0 T M M 1.6 10 20 M M 9 128 13 20
18 68 58 63 1 2 0 0.40 M M 2.2 14 140 M M 9 138 19 190
19 72 53 63 2 2 0 0.23 M M 2.5 10 350 M M 9 1 15 340
20 75 53 64 3 1 0 T M M 2.1 8 350 M M 5 13 270
21 74 51 63 2 2 0 T M M 2.3 10 310 M M 5 1 17 300
22 74 56 65 5 0 0 0.01 M M 2.0 9 140 M M 5 1 11 130
23 66 56 61 1 4 0 1.03 M M 3.6 12 150 M M 9 1 15 210
24 72 54 63 3 2 0 0.17 M M 5.0 12 280 M M 3 1 15 270
25 67 52 60 1 5 0 0.48 M M 4.5 16 150 M M 8 1 25 150
26 70 49 60 1 5 0 T M M 3.2 12 210 M M 5 12 15 270
27 74 49 62 4 3 0 0.00 M M 4.2 14 330 M M 3 12 18 340
28 86 46 66 8 0 1 0.00 M M 3.4 12 10 M M 0 14 10
29 87 49 68 10 0 3 0.00 M M 2.3 7 150 M M 1 10 150
30 83 49 66 8 0 1 0.00 M M 0.8 7 100 M M 1 10 70
================================================================================
SM 2321 1586 63 74 2.32 M 106.7 M 152
================================================================================
AV 77.4 52.9 3.6 FASTST M M 5 MAX(MPH)
MISC ----> # 24 80 # 32 80
================================================================================
NOTES:
# LAST OF SEVERAL OCCURRENCES
COLUMN 17 PEAK WIND IN M.P.H.
PRELIMINARY LOCAL CLIMATOLOGICAL DATA (WS FORM: F-6) , PAGE 2
STATION: SCAPPOOSE OR
MONTH: SEPTEMBER
YEAR: 2020
LATITUDE: 45 46 N
LONGITUDE: 122 50 W
[TEMPERATURE DATA] [PRECIPITATION DATA] SYMBOLS USED IN COLUMN 16
AVERAGE MONTHLY: 65.1 TOTAL FOR MONTH: 2.32 1 = FOG OR MIST
DPTR FM NORMAL: 3.2 DPTR FM NORMAL: 0.85 2 = FOG REDUCING VISIBILITY
HIGHEST: 95 ON 3 GRTST 24HR 1.03 ON 23-23 TO 1/4 MILE OR LESS
LOWEST: 45 ON 13 3 = THUNDER
SNOW, ICE PELLETS, HAIL 4 = ICE PELLETS
TOTAL MONTH: M 5 = HAIL
GRTST 24HR M ON M 6 = FREEZING RAIN OR DRIZZLE
GRTST DEPTH: M ON M 7 = DUSTSTORM OR SANDSTORM:
VSBY 1/2 MILE OR LESS
8 = SMOKE OR HAZE
[NO. OF DAYS WITH] [WEATHER - DAYS WITH] 9 = BLOWING SNOW
X = TORNADO
MAX 32 OR BELOW: 0 0.01 INCH OR MORE: 6
MAX 90 OR ABOVE: 4 0.10 INCH OR MORE: 5
MIN 32 OR BELOW: 0 0.50 INCH OR MORE: 1
MIN 0 OR BELOW: 0 1.00 INCH OR MORE: 1
[HDD (BASE 65) ]
TOTAL THIS MO. 63 CLEAR (SCALE 0-3) 13
DPTR FM NORMAL -62 PTCLDY (SCALE 4-7) 6
TOTAL FM JUL 1 108 CLOUDY (SCALE 8-10) 11
DPTR FM NORMAL -98
[CDD (BASE 65) ]
TOTAL THIS MO. 74
DPTR FM NORMAL 42 [PRESSURE DATA]
TOTAL FM JAN 1 391 HIGHEST SLP 30.42 ON 27
DPTR FM NORMAL 141 LOWEST SLP 29.78 ON 23
[REMARKS]
#FINAL-09-20#