000
CXUS52 KTBW 011000
CF6SPG
PRELIMINARY LOCAL CLIMATOLOGICAL DATA (WS FORM: F-6)
STATION: SAINT PETERSBURG
MONTH: OCTOBER
YEAR: 2022
LATITUDE: 27 46 N
LONGITUDE: 82 38 W
TEMPERATURE IN F: :PCPN: SNOW: WIND :SUNSHINE: SKY :PK WND
================================================================================
1 2 3 4 5 6A 6B 7 8 9 10 11 12 13 14 15 16 17 18
12Z AVG MX 2MIN
DY MAX MIN AVG DEP HDD CDD WTR SNW DPTH SPD SPD DIR MIN PSBL S-S WX SPD DR
================================================================================
1 82 69 76 -5 0 11 0.00 0.0 0 7.7 14 40 M M 1 18 340
2 84 70 77 -4 0 12 0.00 0.0 0 5.2 15 310 M M 0 23 350
3 81 69 75 -6 0 10 0.00 0.0 0 8.8 23 50 M M 2 26 60
4 82 66 74 -6 0 9 T 0.0 0 10.5 24 60 M M 3 28 50
5 81 67 74 -6 0 9 0.00 0.0 0 8.7 17 50 M M 1 22 50
6 85 72 79 -1 0 14 0.00 0.0 0 7.6 15 80 M M 2 17 80
7 83 71 77 -3 0 12 0.00 0.0 0 5.3 14 40 M M 0 18 40
8 84 70 77 -3 0 12 0.00 0.0 0 8.5 16 80 M M 0 20 90
9 85 73 79 -1 0 14 T 0.0 0 10.2 17 50 M M 3 20 50
10 87 76 82 3 0 17 T 0.0 0 9.2 17 80 M M 7 21 80
11 84 75 80 1 0 15 0.00 0.0 0 8.9 17 80 M M 1 21 80
12 83 77 80 1 0 15 T 0.0 0 5.9 13 80 M M 2 16 110
13 80 75 78 -1 0 13 0.03 0.0 0 3.3 13 180 M M 3 1 16 180
14 88 74 81 3 0 16 T 0.0 0 6.1 22 80 M M 3 26 90
15 84 76 80 2 0 15 0.02 0.0 0 12.2 20 80 M M 3 3 24 60
16 88 75 82 4 0 17 0.00 0.0 0 9.2 15 130 M M 1 19 130
17 84 75 80 2 0 15 T 0.0 0 8.6 18 250 M M 3 26 230
18 82 69 76 -1 0 11 0.09 0.0 0 8.0 18 340 M M 5 1 24 340
19 69 56 63 -14 2 0 0.00 0.0 0 13.4 25 30 M M 0 32 20
20 70 57 64 -13 1 0 0.00 0.0 0 9.9 20 50 M M 3 23 50
21 74 59 67 -10 0 2 0.00 0.0 0 9.7 17 30 M M 0 23 20
22 79 61 70 -6 0 5 0.00 0.0 0 8.5 18 60 M M 0 21 60
23 82 66 74 -2 0 9 0.00 0.0 0 7.8 15 60 M M 1 17 80
24 84 68 76 0 0 11 T 0.0 0 7.7 15 110 M M 2 18 110
25 83 71 77 1 0 12 0.00 0.0 0 5.8 12 260 M M 2 14 250
26 81 71 76 1 0 11 0.00 0.0 0 7.7 15 200 M M 3 22 240
27 83 74 79 4 0 14 0.02 0.0 0 4.7 14 220 M M 7 1 19 220
28 88 73 81 6 0 16 0.07 0.0 0 5.9 20 20 M M 3 1 25 10
29 84 72 78 3 0 13 T 0.0 0 10.2 17 40 M M 4 21 60
30 86 73 80 6 0 15 0.00 0.0 0 7.7 15 60 M M 2 17 60
31 86 73 80 6 0 15 0.00 0.0 0 5.3 10 30 M M 0 15 30
================================================================================
SM 2556 2173 3 360 0.23 0.0 248.2 M 67
================================================================================
AV 82.5 70.1 8.0 FASTST M M 2 MAX(MPH)
MISC ----> 25 30 32 20
================================================================================
NOTES:
# LAST OF SEVERAL OCCURRENCES
COLUMN 17 PEAK WIND IN M.P.H.
PRELIMINARY LOCAL CLIMATOLOGICAL DATA (WS FORM: F-6) , PAGE 2
STATION: SAINT PETERSBURG
MONTH: OCTOBER
YEAR: 2022
LATITUDE: 27 46 N
LONGITUDE: 82 38 W
[TEMPERATURE DATA] [PRECIPITATION DATA] SYMBOLS USED IN COLUMN 16
AVERAGE MONTHLY: 76.3 TOTAL FOR MONTH: 0.23 1 = FOG OR MIST
DPTR FM NORMAL: -1.5 DPTR FM NORMAL: -1.93 2 = FOG REDUCING VISIBILITY
HIGHEST: 88 ON 28,16 GRTST 24HR 0.09 ON 17-18 TO 1/4 MILE OR LESS
LOWEST: 56 ON 19 3 = THUNDER
SNOW, ICE PELLETS, HAIL 4 = ICE PELLETS
TOTAL MONTH: 0.0 INCH 5 = HAIL
GRTST 24HR 0.0 6 = FREEZING RAIN OR DRIZZLE
GRTST DEPTH: 0 7 = DUSTSTORM OR SANDSTORM:
VSBY 1/2 MILE OR LESS
8 = SMOKE OR HAZE
[NO. OF DAYS WITH] [WEATHER - DAYS WITH] 9 = BLOWING SNOW
X = TORNADO
MAX 32 OR BELOW: 0 0.01 INCH OR MORE: 5
MAX 90 OR ABOVE: 0 0.10 INCH OR MORE: 0
MIN 32 OR BELOW: 0 0.50 INCH OR MORE: 0
MIN 0 OR BELOW: 0 1.00 INCH OR MORE: 0
[HDD (BASE 65) ]
TOTAL THIS MO. 3 CLEAR (SCALE 0-3) 24
DPTR FM NORMAL 1 PTCLDY (SCALE 4-7) 7
TOTAL FM JUL 1 3 CLOUDY (SCALE 8-10) 0
DPTR FM NORMAL 3
[CDD (BASE 65) ]
TOTAL THIS MO. 360
DPTR FM NORMAL -37 [PRESSURE DATA]
TOTAL FM JAN 1 3856 HIGHEST SLP 30.15 ON 29
DPTR FM NORMAL 223 LOWEST SLP 29.76 ON 18
[REMARKS]
#FINAL-10-22#