000
CXUS52 KTBW 041654
CF6SPG
PRELIMINARY LOCAL CLIMATOLOGICAL DATA (WS FORM: F-6)
STATION: SAINT PETERSBURG
MONTH: JUNE
YEAR: 2022
LATITUDE: 27 46 N
LONGITUDE: 82 38 W
TEMPERATURE IN F: :PCPN: SNOW: WIND :SUNSHINE: SKY :PK WND
================================================================================
1 2 3 4 5 6A 6B 7 8 9 10 11 12 13 14 15 16 17 18
12Z AVG MX 2MIN
DY MAX MIN AVG DEP HDD CDD WTR SNW DPTH SPD SPD DIR MIN PSBL S-S WX SPD DR
================================================================================
1 88 76 82 0 0 17 T 0.0 0 13.5 25 110 M M 2 3 33 110
2 91 75 83 1 0 18 0.04 0.0 0 8.3 28 170 M M 3 3 35 170
3 83 75 79 -3 0 14 T 0.0 0 13.1 22 100 M M 3 27 110
4 85 70 78 -4 0 13 0.07 0.0 0 15.2 23 60 M M 7 18 28 50
5 86 76 81 -1 0 16 0.00 0.0 0 6.3 15 250 M M 1 22 260
6 88 78 83 1 0 18 0.00 0.0 0 7.9 15 80 M M 2 3 19 240
7 90 77 84 2 0 19 0.05 0.0 0 5.4 16 290 M M 1 13 22 300
8 89 79 84 2 0 19 0.00 0.0 0 6.2 15 250 M M 0 20 220
9 85 76 81 -1 0 16 0.13 0.0 0 8.9 21 250 M M 3 13 28 260
10 86 76 81 -2 0 16 0.19 0.0 0 8.0 24 270 M M 3 13 41 270
11 85 77 81 -2 0 16 0.02 0.0 0 9.9 20 240 M M 4 3 27 200
12 86 77 82 -1 0 17 0.00 0.0 0 9.5 16 230 M M 2 26 250
13 88 80 84 1 0 19 0.00 0.0 0 6.1 14 260 M M 1 20 240
14 90 81 86 3 0 21 T 0.0 0 5.2 15 260 M M 0 3 21 340
15 93 81 87 4 0 22 T 0.0 0 6.2 25 140 M M 2 3 31 150
16 95 80 88 5 0 23 0.08 0.0 0 5.7 16 90 M M 2 13 21 10
17 93 81 87 4 0 22 0.00 0.0 0 8.8 18 70 M M 2 3 23 50
18 94 80 87 4 0 22 0.00 0.0 0 8.4 17 170 M M 1 3 22 330
19 90 77 84 1 0 19 0.32 0.0 0 7.7 22 130 M M 3 13 33 350
20 92 78 85 2 0 20 0.01 0.0 0 8.5 31 90 M M 2 3 37 90
21 91 79 85 2 0 20 0.00 0.0 0 13.5 21 90 M M 1 24 90
22 89 78 84 1 0 19 0.00 0.0 0 6.8 15 100 M M 4 19 110
23 89 79 84 1 0 19 0.00 0.0 0 9.5 16 260 M M 1 24 250
24 89 78 84 1 0 19 0.25 0.0 0 10.2 35 60 M M 3 13 41 70
25 88 79 84 1 0 19 0.00 0.0 0 8.2 20 100 M M 1 24 100
26 91 75 83 0 0 18 2.28 0.0 0 10.6 25 80 M M 2 123X 30 80
27 93 76 85 2 0 20 0.37 0.0 0 6.9 26 170 M M 2 138 35 160
28 91 77 84 1 0 19 0.31 0.0 0 9.3 36 130 M M 1 13 43 130
29 94 75 85 2 0 20 1.36 0.0 0 6.7 43 40 M M 1 13 55 30
30 89 78 84 1 0 19 0.14 0.0 0 6.4 25 150 M M 2 3 33 60
================================================================================
SM 2681 2324 0 559 5.62 0.0 256.9 M 62
================================================================================
AV 89.4 77.5 8.6 FASTST M M 2 MAX(MPH)
MISC ----> 43 40 55 30
================================================================================
NOTES:
# LAST OF SEVERAL OCCURRENCES
COLUMN 17 PEAK WIND IN M.P.H.
PRELIMINARY LOCAL CLIMATOLOGICAL DATA (WS FORM: F-6) , PAGE 2
STATION: SAINT PETERSBURG
MONTH: JUNE
YEAR: 2022
LATITUDE: 27 46 N
LONGITUDE: 82 38 W
[TEMPERATURE DATA] [PRECIPITATION DATA] SYMBOLS USED IN COLUMN 16
AVERAGE MONTHLY: 83.4 TOTAL FOR MONTH: 5.62 1 = FOG OR MIST
DPTR FM NORMAL: 0.6 DPTR FM NORMAL: -1.17 2 = FOG REDUCING VISIBILITY
HIGHEST: 95 ON 16 GRTST 24HR 2.28 ON 26-26 TO 1/4 MILE OR LESS
LOWEST: 70 ON 4 3 = THUNDER
SNOW, ICE PELLETS, HAIL 4 = ICE PELLETS
TOTAL MONTH: 0.0 INCH 5 = HAIL
GRTST 24HR 0.0 6 = FREEZING RAIN OR DRIZZLE
GRTST DEPTH: 0 7 = DUSTSTORM OR SANDSTORM:
VSBY 1/2 MILE OR LESS
8 = SMOKE OR HAZE
[NO. OF DAYS WITH] [WEATHER - DAYS WITH] 9 = BLOWING SNOW
X = TORNADO
MAX 32 OR BELOW: 0 0.01 INCH OR MORE: 15
MAX 90 OR ABOVE: 14 0.10 INCH OR MORE: 9
MIN 32 OR BELOW: 0 0.50 INCH OR MORE: 2
MIN 0 OR BELOW: 0 1.00 INCH OR MORE: 2
[HDD (BASE 65) ]
TOTAL THIS MO. 0 CLEAR (SCALE 0-3) 25
DPTR FM NORMAL 0 PTCLDY (SCALE 4-7) 5
TOTAL FM JUL 1 182 CLOUDY (SCALE 8-10) 0
DPTR FM NORMAL -174
[CDD (BASE 65) ]
TOTAL THIS MO. 559
DPTR FM NORMAL 25 [PRESSURE DATA]
TOTAL FM JAN 1 1756 HIGHEST SLP 30.17 ON 21
DPTR FM NORMAL 218 LOWEST SLP 29.63 ON 4
[REMARKS]
#FINAL-06-22#