000
CXUS52 KTBW 011000
CF6SPG
PRELIMINARY LOCAL CLIMATOLOGICAL DATA (WS FORM: F-6)
STATION: SAINT PETERSBURG
MONTH: AUGUST
YEAR: 2021
LATITUDE: 27 46 N
LONGITUDE: 82 38 W
TEMPERATURE IN F: :PCPN: SNOW: WIND :SUNSHINE: SKY :PK WND
================================================================================
1 2 3 4 5 6A 6B 7 8 9 10 11 12 13 14 15 16 17 18
12Z AVG MX 2MIN
DY MAX MIN AVG DEP HDD CDD WTR SNW DPTH SPD SPD DIR MIN PSBL S-S WX SPD DR
================================================================================
1 90 81 86 2 0 21 0.12 0.0 0 8.4 16 230 M M 2 23 240
2 89 83 86 2 0 21 0.03 0.0 0 9.2 18 250 M M 2 38 25 230
3 85 75 80 -4 0 15 2.52 0.0 0 7.8 24 230 M M 5 13 44 250
4 85 75 80 -4 0 15 0.87 0.0 0 12.7 28 240 M M 5 13 40 220
5 85 76 81 -3 0 16 0.70 0.0 0 11.4 21 180 M M 4 1 29 180
6 90 79 85 1 0 20 0.00 0.0 0 7.9 17 100 M M 0 21 200
7 90 79 85 1 0 20 0.00 0.0 0 5.8 17 110 M M 2 3 19 110
8 89 81 85 1 0 20 T 0.0 0 4.4 16 70 M M 1 3 19 70
9 93 79 86 2 0 21 0.06 0.0 0 6.0 12 100 M M 2 13 M M
10 94 77 86 2 0 21 0.00 0.0 0 7.7 23 180 M M 1 38 M M
11 94 75 85 1 0 20 0.67 0.0 0 8.8 23 180 M M 1 13 M M
12 94 75 85 1 0 20 0.69 0.0 0 7.8 41 90 M M 2 138 61 110
13 91 79 85 1 0 20 0.24 0.0 0 12.3 28 90 M M 2 3 34 90
14 88 78 83 -1 0 18 0.08 0.0 0 13.2 31 140 M M 2 13 37 140
15 84 73 79 -5 0 14 0.52 0.0 0 15.2 43 130 M M 4 13 58 130
16 88 78 83 -1 0 18 0.04 0.0 0 13.4 22 230 M M 2 13 34 100
17 90 80 85 1 0 20 0.00 0.0 0 8.6 15 150 M M 1 17 200
18 95 77 86 2 0 21 0.01 0.0 0 7.7 17 180 M M 1 13 17 180
19 95 80 88 4 0 23 0.00 0.0 0 6.3 12 320 M M 1 8 17 310
20 92 82 87 3 0 22 0.00 0.0 0 7.0 10 190 M M 3 3 16 190
21 93 84 89 5 0 24 T 0.0 0 6.5 8 270 M M 1 3 8 270
22 91 81 86 2 0 21 0.00 0.0 0 4.8 12 270 M M 1 18 270
23 89 82 86 2 0 21 T 0.0 0 6.4 21 50 M M 2 3 24 40
24 91 81 86 2 0 21 T 0.0 0 5.6 21 180 M M 2 3 30 170
25 93 82 88 4 0 23 0.04 0.0 0 9.4 41 70 M M 1 3 55 70
26 90 78 84 0 0 19 T 0.0 0 14.9 35 90 M M 5 38 43 90
27 92 79 86 2 0 21 0.05 0.0 0 14.2 33 110 M M 2 13 40 110
28 92 81 87 3 0 22 T 0.0 0 14.7 28 180 M M 1 3 35 170
29 95 80 88 4 0 23 T 0.0 0 10.4 17 120 M M 1 3 21 110
30 91 79 85 1 0 20 0.00 0.0 0 6.4 15 160 M M 0 3 19 240
31 89 81 85 1 0 20 0.00 0.0 M 9.7 16 250 M M 2 8 26 230
================================================================================
SM 2807 2450 0 621 6.64 0.0 284.6 M 61
================================================================================
AV 90.5 79.0 9.2 FASTST M M 2 MAX(MPH)
MISC ----> 43 130 61 110
================================================================================
NOTES:
# LAST OF SEVERAL OCCURRENCES
COLUMN 17 PEAK WIND IN M.P.H.
PRELIMINARY LOCAL CLIMATOLOGICAL DATA (WS FORM: F-6) , PAGE 2
STATION: SAINT PETERSBURG
MONTH: AUGUST
YEAR: 2021
LATITUDE: 27 46 N
LONGITUDE: 82 38 W
[TEMPERATURE DATA] [PRECIPITATION DATA] SYMBOLS USED IN COLUMN 16
AVERAGE MONTHLY: 84.8 TOTAL FOR MONTH: 6.64 1 = FOG OR MIST
DPTR FM NORMAL: 0.8 DPTR FM NORMAL: -1.75 2 = FOG REDUCING VISIBILITY
HIGHEST: 95 ON 29,19 GRTST 24HR 3.06 ON 3- 4 TO 1/4 MILE OR LESS
LOWEST: 73 ON 15 3 = THUNDER
SNOW, ICE PELLETS, HAIL 4 = ICE PELLETS
TOTAL MONTH: 0.0 INCH 5 = HAIL
GRTST 24HR 0.0 6 = FREEZING RAIN OR DRIZZLE
GRTST DEPTH: 0 7 = DUSTSTORM OR SANDSTORM:
VSBY 1/2 MILE OR LESS
8 = SMOKE OR HAZE
[NO. OF DAYS WITH] [WEATHER - DAYS WITH] 9 = BLOWING SNOW
X = TORNADO
MAX 32 OR BELOW: 0 0.01 INCH OR MORE: 15
MAX 90 OR ABOVE: 21 0.10 INCH OR MORE: 8
MIN 32 OR BELOW: 0 0.50 INCH OR MORE: 6
MIN 0 OR BELOW: 0 1.00 INCH OR MORE: 1
[HDD (BASE 65) ]
TOTAL THIS MO. 0 CLEAR (SCALE 0-3) 26
DPTR FM NORMAL 0 PTCLDY (SCALE 4-7) 5
TOTAL FM JUL 1 0 CLOUDY (SCALE 8-10) 0
DPTR FM NORMAL 0
[CDD (BASE 65) ]
TOTAL THIS MO. 621
DPTR FM NORMAL 32 [PRESSURE DATA]
TOTAL FM JAN 1 2882 HIGHEST SLP 30.17 ON 10
DPTR FM NORMAL 172 LOWEST SLP 29.86 ON 31
[REMARKS]
#FINAL-08-21#