000
CXUS52 KTBW 061144
CF6SPG
PRELIMINARY LOCAL CLIMATOLOGICAL DATA (WS FORM: F-6)
STATION: SAINT PETERSBURG
MONTH: DECEMBER
YEAR: 2023
LATITUDE: 27 46 N
LONGITUDE: 82 38 W
TEMPERATURE IN F: :PCPN: SNOW: WIND :SUNSHINE: SKY :PK WND
================================================================================
1 2 3 4 5 6A 6B 7 8 9 10 11 12 13 14 15 16 17 18
12Z AVG MX 2MIN
DY MAX MIN AVG DEP HDD CDD WTR SNW DPTH SPD SPD DIR MIN PSBL S-S WX SPD DR
================================================================================
1 77 64 71 3 0 6 T 0.0 0 3.1 8 220 M M 0 11 230
2 81 67 74 6 0 9 0.00 0.0 0 5.1 16 200 M M 5 12 24 200
3 79 69 74 7 0 9 0.09 0.0 0 6.1 14 240 M M 7 12 20 220
4 79 65 72 5 0 7 0.00 0.0 0 6.0 16 320 M M 3 12 24 300
5 71 62 67 0 0 2 0.00 0.0 0 4.5 13 330 M M 0 17 350
6 64 58 61 -6 4 0 0.00 0.0 0 11.9 22 10 M M 0 33 340
7 68 52 60 -7 5 0 0.00 0.0 0 9.5 18 110 M M 1 21 110
8 72 60 66 0 0 1 0.00 0.0 0 8.1 15 120 M M 0 18 120
9 79 65 72 6 0 7 T 0.0 0 3.8 12 230 M M 2 16 240
10 78 64 71 5 0 6 0.66 0.0 0 8.0 23 320 M M 3 13 34 330
11 64 53 59 -7 6 0 0.00 0.0 0 11.5 22 340 M M 2 32 340
12 67 52 60 -6 5 0 0.00 0.0 0 13.4 21 40 M M 0 26 30
13 71 60 66 0 0 1 0.00 0.0 0 16.5 26 50 M M 0 31 50
14 69 62 66 1 0 1 0.00 0.0 0 17.0 30 70 M M 1 38 60
15 70 64 67 2 0 2 0.00 0.0 0 19.1 25 70 M M 2 32 60
16 67 64 66 1 0 1 1.69 0.0 0 16.1 30 100 M M 8 1 38 100
17 71 62 67 2 0 2 0.15 0.0 0 16.2 36 180 M M 9 1 53 170
18 63 57 60 -5 5 0 T 0.0 0 9.4 18 330 M M 2 28 300
19 60 51 56 -8 9 0 0.00 0.0 0 12.7 25 50 M M 0 31 40
20 64 50 57 -7 8 0 0.00 0.0 0 11.8 20 40 M M 1 23 30
21 69 57 63 -1 2 0 0.00 0.0 0 12.0 23 50 M M 6 27 50
22 69 58 64 0 1 0 0.00 0.0 0 9.2 17 50 M M 1 20 50
23 69 61 65 1 0 0 0.00 0.0 0 9.2 15 60 M M 4 17 60
24 69 60 65 1 0 0 0.00 0.0 0 10.0 15 90 M M 1 20 80
25 70 64 67 3 0 2 0.24 0.0 0 8.9 23 150 M M 6 1 30 150
26 72 61 67 4 0 2 0.00 0.0 0 4.5 14 330 M M 7 19 350
27 70 60 65 2 0 0 0.02 0.0 0 5.6 14 350 M M 5 18 340
28 64 56 60 -3 5 0 0.63 0.0 0 5.2 21 140 M M 7 1 39 120
29 62 52 57 -6 8 0 0.00 0.0 0 6.9 16 10 M M 5 24 350
30 62 52 57 -6 8 0 0.00 0.0 0 4.2 13 60 M M 1 18 320
31 66 53 60 -3 5 0 0.00 0.0 0 5.8 14 260 M M 2 1 19 130
================================================================================
SM 2156 1835 71 58 3.48 0.0 291.3 M 91
================================================================================
AV 69.5 59.2 9.4 FASTST M M 3 MAX(MPH)
MISC ----> 36 180 53 170
================================================================================
NOTES:
# LAST OF SEVERAL OCCURRENCES
COLUMN 17 PEAK WIND IN M.P.H.
PRELIMINARY LOCAL CLIMATOLOGICAL DATA (WS FORM: F-6) , PAGE 2
STATION: SAINT PETERSBURG
MONTH: DECEMBER
YEAR: 2023
LATITUDE: 27 46 N
LONGITUDE: 82 38 W
[TEMPERATURE DATA] [PRECIPITATION DATA] SYMBOLS USED IN COLUMN 16
AVERAGE MONTHLY: 64.4 TOTAL FOR MONTH: 3.48 1 = FOG OR MIST
DPTR FM NORMAL: -0.7 DPTR FM NORMAL: 1.09 2 = FOG REDUCING VISIBILITY
HIGHEST: 81 ON 2 GRTST 24HR 1.84 ON 16-17 TO 1/4 MILE OR LESS
LOWEST: 50 ON 20 3 = THUNDER
SNOW, ICE PELLETS, HAIL 4 = ICE PELLETS
TOTAL MONTH: 0.0 INCH 5 = HAIL
GRTST 24HR 0.0 6 = FREEZING RAIN OR DRIZZLE
GRTST DEPTH: 0 7 = DUSTSTORM OR SANDSTORM:
VSBY 1/2 MILE OR LESS
8 = SMOKE OR HAZE
[NO. OF DAYS WITH] [WEATHER - DAYS WITH] 9 = BLOWING SNOW
X = TORNADO
MAX 32 OR BELOW: 0 0.01 INCH OR MORE: 7
MAX 90 OR ABOVE: 0 0.10 INCH OR MORE: 5
MIN 32 OR BELOW: 0 0.50 INCH OR MORE: 3
MIN 0 OR BELOW: 0 1.00 INCH OR MORE: 1
[HDD (BASE 65) ]
TOTAL THIS MO. 71 CLEAR (SCALE 0-3) 19
DPTR FM NORMAL -15 PTCLDY (SCALE 4-7) 11
TOTAL FM JUL 1 92 CLOUDY (SCALE 8-10) 1
DPTR FM NORMAL -17
[CDD (BASE 65) ]
TOTAL THIS MO. 58
DPTR FM NORMAL -31 [PRESSURE DATA]
TOTAL FM JAN 1 4408 HIGHEST SLP 30.34 ON 21
DPTR FM NORMAL 497 LOWEST SLP 29.43 ON 17
[REMARKS]
#FINAL-12-23#