000
CXUS54 KOUN 010910
CF6SPS
PRELIMINARY LOCAL CLIMATOLOGICAL DATA (WS FORM: F-6)
STATION: WICHITA FALLS
MONTH: JANUARY
YEAR: 2023
LATITUDE: 33 58 N
LONGITUDE: 98 29 W
TEMPERATURE IN F: :PCPN: SNOW: WIND :SUNSHINE: SKY :PK WND
================================================================================
1 2 3 4 5 6A 6B 7 8 9 10 11 12 13 14 15 16 17 18
12Z AVG MX 2MIN
DY MAX MIN AVG DEP HDD CDD WTR SNW DPTH SPD SPD DIR MIN PSBL S-S WX SPD DR
================================================================================
1 81 51 66 24 0 1 0.00 0.0 0 12.7 20 240 M M 0 23 230
2 76 52 64 22 1 0 T 0.0 0 12.0 25 280 M M 5 1 32 290
3 58 34 46 4 19 0 0.00 0.0 0 9.1 16 240 M M 1 24 270
4 54 29 42 0 23 0 0.00 0.0 0 4.1 14 270 M M 0 16 260
5 58 27 43 1 22 0 0.00 0.0 0 5.4 13 310 M M 1 15 310
6 68 39 54 12 11 0 0.00 0.0 0 9.4 20 190 M M 3 26 150
7 54 36 45 3 20 0 0.00 0.0 0 9.7 18 300 M M 0 22 300
8 60 30 45 3 20 0 0.00 0.0 0 4.6 10 10 M M 0 15 140
9 73 34 54 12 11 0 0.00 0.0 0 9.1 24 200 M M 1 30 200
10 82 36 59 17 6 0 0.00 0.0 0 12.1 24 250 M M 2 31 240
11 82 41 62 20 3 0 0.00 0.0 0 16.5 38 310 M M 4 47 300
12 57 37 47 5 18 0 0.00 0.0 0 17.8 35 320 M M 0 43 320
13 59 24 42 0 23 0 0.00 0.0 0 6.2 14 140 M M 0 17 140
14 67 31 49 7 16 0 0.00 0.0 0 13.7 26 180 M M 0 34 170
15 67 35 51 9 14 0 0.00 0.0 0 15.3 28 180 M M 0 34 180
16 75 51 63 21 2 0 0.00 0.0 0 12.6 26 260 M M 0 30 240
17 70 45 58 16 7 0 0.00 0.0 M 7.8 13 120 M M 5 16 200
18 66 43 55 13 10 0 0.03 0.0 0 15.6 35 280 M M 3 44 280
19 56 35 46 4 19 0 0.00 0.0 0 7.7 23 300 M M 2 29 300
20 64 34 49 7 16 0 0.00 0.0 0 9.3 22 130 M M 4 25 140
21 64 39 52 10 13 0 T 0.0 0 14.3 24 310 M M 3 32 300
22 52 31 42 -1 23 0 0.00 0.0 0 9.7 20 320 M M 1 27 310
23 53 26 40 -3 25 0 0.00 0.0 0 8.2 17 80 M M 4 22 80
24 44 32 38 -5 27 0 1.00 2.0 0 11.0 16 360 M M 10 1 20 350
25 49 32 41 -2 24 0 0.00 0.0 2 10.8 18 310 M M 5 23 320
26 52 30 41 -2 24 0 0.00 0.0 0 11.3 20 320 M M 0 26 280
27 61 31 46 3 19 0 0.00 0.0 0 13.8 24 230 M M 0 30 240
28 64 43 54 11 11 0 0.00 0.0 0 14.8 24 220 M M 0 29 210
29 53 24 39 -4 26 0 0.00 0.0 0 17.2 28 10 M M 8 1 34 20
30 24 20 22 -22 43 0 0.17 T 0 16.1 26 10 M M 10 346 31 10
31 29 22 26 -18 39 0 0.01 T T 14.1 22 10 M M 8 46 27 30
================================================================================
SM 1872 1074 535 1 1.21 2.0 352.0 M 80
================================================================================
AV 60.4 34.6 11.4 FASTST M M 3 MAX(MPH)
MISC ----> 38 310 47 300
================================================================================
NOTES:
# LAST OF SEVERAL OCCURRENCES
COLUMN 17 PEAK WIND IN M.P.H.
PRELIMINARY LOCAL CLIMATOLOGICAL DATA (WS FORM: F-6) , PAGE 2
STATION: WICHITA FALLS
MONTH: JANUARY
YEAR: 2023
LATITUDE: 33 58 N
LONGITUDE: 98 29 W
[TEMPERATURE DATA] [PRECIPITATION DATA] SYMBOLS USED IN COLUMN 16
AVERAGE MONTHLY: 47.5 TOTAL FOR MONTH: 1.21 1 = FOG OR MIST
DPTR FM NORMAL: 5.1 DPTR FM NORMAL: 0.01 2 = FOG REDUCING VISIBILITY
HIGHEST: 82 ON 11,10 GRTST 24HR 1.00 ON 24-24 TO 1/4 MILE OR LESS
LOWEST: 20 ON 30 3 = THUNDER
SNOW, ICE PELLETS, HAIL 4 = ICE PELLETS
TOTAL MONTH: 2.0 INCHES 5 = HAIL
GRTST 24HR 2.0 ON 24-24 6 = FREEZING RAIN OR DRIZZLE
GRTST DEPTH: 2 ON 25 7 = DUSTSTORM OR SANDSTORM:
VSBY 1/2 MILE OR LESS
8 = SMOKE OR HAZE
[NO. OF DAYS WITH] [WEATHER - DAYS WITH] 9 = BLOWING SNOW
X = TORNADO
MAX 32 OR BELOW: 2 0.01 INCH OR MORE: 4
MAX 90 OR ABOVE: 0 0.10 INCH OR MORE: 2
MIN 32 OR BELOW: 14 0.50 INCH OR MORE: 1
MIN 0 OR BELOW: 0 1.00 INCH OR MORE: 1
[HDD (BASE 65) ]
TOTAL THIS MO. 535 CLEAR (SCALE 0-3) 18
DPTR FM NORMAL -168 PTCLDY (SCALE 4-7) 10
TOTAL FM JUL 1 1646 CLOUDY (SCALE 8-10) 3
DPTR FM NORMAL -220
[CDD (BASE 65) ]
TOTAL THIS MO. 1
DPTR FM NORMAL 0 [PRESSURE DATA]
TOTAL FM JAN 1 1 HIGHEST SLP 30.50 ON 31
DPTR FM NORMAL 0 LOWEST SLP 29.57 ON 2
[REMARKS]
#FINAL-01-23#