000
CXUS54 KLZK 011231
CF6SRC
PRELIMINARY LOCAL CLIMATOLOGICAL DATA (WS FORM: F-6)
STATION: SEARCY AIRPORT
MONTH: DECEMBER
YEAR: 2021
LATITUDE: 35 12 N
LONGITUDE: 91 44 W
TEMPERATURE IN F: :PCPN: SNOW: WIND :SUNSHINE: SKY :PK WND
================================================================================
1 2 3 4 5 6A 6B 7 8 9 10 11 12 13 14 15 16 17 18
12Z AVG MX 2MIN
DY MAX MIN AVG DEP HDD CDD WTR SNW DPTH SPD SPD DIR MIN PSBL S-S WX SPD DR
================================================================================
1 71 38 55 11 10 0 0.00 M M 4.5 9 210 M M 0 12 18 210
2 77 38 58 14 7 0 0.00 M M 2.9 8 210 M M 1 12 M M
3 77 40 59 16 6 0 0.00 M M 5.1 16 210 M M 2 22 210
4 67 57 62 19 3 0 0.00 M M 7.1 18 30 M M 8 1 22 30
5 73 54 64 21 1 0 0.01 M M 6.6 14 190 M M 10 138 18 200
6 67 30 49 7 16 0 0.23 M M 10.3 21 360 M M 4 3 32 360
7 47 28 38 -4 27 0 0.00 M M 6.7 12 100 M M 1 17 100
8 55 27 41 -1 24 0 0.00 M M 1.9 7 140 M M 0 M M
9 62 32 47 5 18 0 0.00 M M 5.5 13 190 M M 7 1 M M
10 71 65 68 27 0 3 0.64 M M 8.5 28 190 M M 9 123 45 180
11 65 28 47 6 18 0 T M M 6.4 17 200 M M 2 30 200
12 53 25 39 -2 26 0 0.00 M M 2.6 12 170 M M 0 M M
13 61 26 44 4 21 0 0.00 M M 3.0 12 170 M M 1 M M
14 63 42 53 13 12 0 0.06 M M 3.3 9 180 M M 9 1 M M
15 70 62 66 26 0 1 T M M 12.7 21 180 M M 9 1 25 180
16 70 52 61 21 4 0 0.16 M M 10.0 16 320 M M 10 24 170
17 60 48 54 14 11 0 0.32 M M 5.8 12 60 M M 10 12 M M
18 63 37 50 11 15 0 0.61 M M 8.1 14 350 M M 7 1 25 350
19 43 25 34 -5 31 0 0.00 M M 6.8 12 20 M M 2 1 M M
20 44 23 34 -5 31 0 T M M 2.5 6 310 M M 4 1 M M
21 56 31 44 5 21 0 0.00 M M 3.5 9 220 M M 3 M M
22 52 27 40 1 25 0 0.00 M M 2.9 9 130 M M 0 M M
23 63 27 45 6 20 0 0.00 M M 5.8 16 180 M M 6 M M
24 71 55 63 24 2 0 0.00 M M 12.0 17 190 M M 8 1 32 200
25 79 53 66 28 0 1 0.00 M M 7.1 14 210 M M 4 21 200
26 68 47 58 20 7 0 T M M 4.9 12 190 M M 6 12 M M
27 74 58 66 28 0 1 0.00 M M 6.5 10 210 M M 7 16 210
28 74 54 64 26 1 0 T M M 8.0 17 190 M M 8 31 220
29 59 48 54 16 11 0 0.65 M M 4.0 13 20 M M 7 123 16 330
30 61 47 54 16 11 0 0.01 M M 2.6 9 180 M M 8 12 M M
31 70 49 60 22 5 0 0.02 M M 3.3 12 200 M M 9 12 18 200
================================================================================
SM 1986 1273 384 6 2.71 M 180.8 M 162
================================================================================
AV 64.1 41.1 5.8 FASTST M M 5 MAX(MPH)
MISC ----> 28 190 45 180
================================================================================
NOTES:
# LAST OF SEVERAL OCCURRENCES
COLUMN 17 PEAK WIND IN M.P.H.
PRELIMINARY LOCAL CLIMATOLOGICAL DATA (WS FORM: F-6) , PAGE 2
STATION: SEARCY AIRPORT
MONTH: DECEMBER
YEAR: 2021
LATITUDE: 35 12 N
LONGITUDE: 91 44 W
[TEMPERATURE DATA] [PRECIPITATION DATA] SYMBOLS USED IN COLUMN 16
AVERAGE MONTHLY: 52.6 TOTAL FOR MONTH: 2.71 1 = FOG OR MIST
DPTR FM NORMAL: 12.4 DPTR FM NORMAL: -2.33 2 = FOG REDUCING VISIBILITY
HIGHEST: 79 ON 25 GRTST 24HR 0.66 ON 29-30 TO 1/4 MILE OR LESS
LOWEST: 23 ON 20 3 = THUNDER
SNOW, ICE PELLETS, HAIL 4 = ICE PELLETS
TOTAL MONTH: M 5 = HAIL
GRTST 24HR M ON M 6 = FREEZING RAIN OR DRIZZLE
GRTST DEPTH: M ON M 7 = DUSTSTORM OR SANDSTORM:
VSBY 1/2 MILE OR LESS
8 = SMOKE OR HAZE
[NO. OF DAYS WITH] [WEATHER - DAYS WITH] 9 = BLOWING SNOW
X = TORNADO
MAX 32 OR BELOW: 0 0.01 INCH OR MORE: 10
MAX 90 OR ABOVE: 0 0.10 INCH OR MORE: 6
MIN 32 OR BELOW: 12 0.50 INCH OR MORE: 3
MIN 0 OR BELOW: 0 1.00 INCH OR MORE: 0
[HDD (BASE 65) ]
TOTAL THIS MO. 384 CLEAR (SCALE 0-3) 11
DPTR FM NORMAL -384 PTCLDY (SCALE 4-7) 12
TOTAL FM JUL 1 992 CLOUDY (SCALE 8-10) 8
DPTR FM NORMAL -418
[CDD (BASE 65) ]
TOTAL THIS MO. 6
DPTR FM NORMAL 5 [PRESSURE DATA]
TOTAL FM JAN 1 1973 HIGHEST SLP 30.42 ON 19
DPTR FM NORMAL 65 LOWEST SLP 29.56 ON 28
[REMARKS]
#FINAL-12-21#