000
CXUS54 KLZK 011130
CF6SRC
PRELIMINARY LOCAL CLIMATOLOGICAL DATA (WS FORM: F-6)
STATION: Searcy Airport
MONTH: SEPTEMBER
YEAR: 2020
LATITUDE: 35 12 N
LONGITUDE: 91 44 W
TEMPERATURE IN F: :PCPN: SNOW: WIND :SUNSHINE: SKY :PK WND
================================================================================
1 2 3 4 5 6A 6B 7 8 9 10 11 12 13 14 15 16 17 18
12Z AVG MX 2MIN
DY MAX MIN AVG DEP HDD CDD WTR SNW DPTH SPD SPD DIR MIN PSBL S-S WX SPD DR
================================================================================
1 85 72 79 1 0 14 0.69 M M 3.7 12 170 M M 5 123 M M
2 78 72 75 -3 0 10 0.96 M M 1.6 8 20 M M 8 13 M M
3 84 71 78 0 0 13 T M M 2.4 6 320 M M 6 12 M M
4 86 69 78 1 0 13 0.02 M M 5.3 13 60 M M 3 1 M M
5 86 65 76 -1 0 11 0.00 M M 2.9 6 80 M M 0 8 M M
6 91 61 76 0 0 11 0.00 M M 3.1 8 180 M M 0 18 M M
7 92 64 78 2 0 13 0.00 M M 3.5 12 180 M M 0 1 M M
8 91 67 79 3 0 14 0.00 M M 2.6 8 200 M M 1 M M
9 92 68 80 5 0 15 0.00 M M 3.9 9 100 M M 1 8 M M
10 91 67 79 4 0 14 0.00 M M 2.7 7 70 M M 1 8 M M
11 92 68 80 5 0 15 0.00 M M 2.0 8 80 M M 1 M M
12 92 69 81 7 0 16 0.00 M M 1.1 5 110 M M 1 1 M M
13 84 70 77 3 0 12 0.00 M M 5.8 12 360 M M 3 M M
14 86 69 78 4 0 13 0.00 M M 11.8 16 60 M M 4 23 40
15 87 65 76 3 0 11 0.00 M M 7.2 10 30 M M 1 M M
16 87 67 77 4 0 12 0.00 M M 6.3 12 30 M M 3 M M
17 84 69 77 5 0 12 0.00 M M 6.4 12 360 M M 0 16 360
18 79 61 70 -2 0 5 0.00 M M 9.6 17 40 M M 0 23 40
19 76 55 66 -5 0 1 0.00 M M 9.0 17 30 M M 0 18 20
20 81 57 69 -2 0 4 0.00 M M 7.6 10 60 M M 3 17 70
21 82 60 71 1 0 6 0.00 M M 7.1 9 60 M M 2 M M
22 68 61 65 -5 0 0 0.32 M M 6.5 12 40 M M 8 M M
23 62 59 61 -9 4 0 1.81 M M 9.9 13 70 M M 10 18 M M
24 70 59 65 -4 0 0 0.01 M M 6.8 12 20 M M 10 1 M M
25 78 62 70 1 0 5 0.00 M M 2.5 8 160 M M 8 M M
26 79 56 68 0 0 3 0.00 M M 4.1 13 190 M M 6 128 M M
27 85 56 71 3 0 6 0.00 M M 3.2 10 200 M M 3 12 M M
28 74 52 63 -5 2 0 0.32 M M 7.0 13 320 M M 4 3 20 330
29 74 46 60 -7 5 0 0.00 M M 3.1 13 330 M M 1 18 17 270
30 84 47 66 -1 0 1 0.00 M M 4.7 13 210 M M 0 18 210
================================================================================
SM 2480 1884 11 250 4.13 M 153.4 M 93
================================================================================
AV 82.7 62.8 5.1 FASTST M M 3 MAX(MPH)
MISC ----> # 17 40 # 23 40
================================================================================
NOTES:
# LAST OF SEVERAL OCCURRENCES
COLUMN 17 PEAK WIND IN M.P.H.
PRELIMINARY LOCAL CLIMATOLOGICAL DATA (WS FORM: F-6) , PAGE 2
STATION: Searcy Airport
MONTH: SEPTEMBER
YEAR: 2020
LATITUDE: 35 12 N
LONGITUDE: 91 44 W
[TEMPERATURE DATA] [PRECIPITATION DATA] SYMBOLS USED IN COLUMN 16
AVERAGE MONTHLY: 72.7 TOTAL FOR MONTH: 4.13 1 = FOG OR MIST
DPTR FM NORMAL: 0.0 DPTR FM NORMAL: 0.78 2 = FOG REDUCING VISIBILITY
HIGHEST: 92 ON 12,11 GRTST 24HR 1.81 ON 23-23 TO 1/4 MILE OR LESS
LOWEST: 46 ON 29 3 = THUNDER
SNOW, ICE PELLETS, HAIL 4 = ICE PELLETS
TOTAL MONTH: M 5 = HAIL
GRTST 24HR M ON M 6 = FREEZING RAIN OR DRIZZLE
GRTST DEPTH: M ON M 7 = DUSTSTORM OR SANDSTORM:
VSBY 1/2 MILE OR LESS
8 = SMOKE OR HAZE
[NO. OF DAYS WITH] [WEATHER - DAYS WITH] 9 = BLOWING SNOW
X = TORNADO
MAX 32 OR BELOW: 0 0.01 INCH OR MORE: 7
MAX 90 OR ABOVE: 7 0.10 INCH OR MORE: 5
MIN 32 OR BELOW: 0 0.50 INCH OR MORE: 3
MIN 0 OR BELOW: 0 1.00 INCH OR MORE: 1
[HDD (BASE 65) ]
TOTAL THIS MO. 11 CLEAR (SCALE 0-3) 19
DPTR FM NORMAL -10 PTCLDY (SCALE 4-7) 9
TOTAL FM JUL 1 11 CLOUDY (SCALE 8-10) 2
DPTR FM NORMAL -10
[CDD (BASE 65) ]
TOTAL THIS MO. 250
DPTR FM NORMAL -2 [PRESSURE DATA]
TOTAL FM JAN 1 1794 HIGHEST SLP 30.09 ON 29
DPTR FM NORMAL -57 LOWEST SLP 29.73 ON 27
[REMARKS]
#FINAL-09-20#