000
CXUS54 KEPZ 221306
CF6SRR
PRELIMINARY LOCAL CLIMATOLOGICAL DATA (WS FORM: F-6)
STATION: RUIDOSO AWOS
MONTH: NOVEMBER
YEAR: 2022
LATITUDE: 33 28 N
LONGITUDE: 105 32 W
TEMPERATURE IN F: :PCPN: SNOW: WIND :SUNSHINE: SKY :PK WND
================================================================================
1 2 3 4 5 6A 6B 7 8 9 10 11 12 13 14 15 16 17 18
12Z AVG MX 2MIN
DY MAX MIN AVG DEP HDD CDD WTR SNW DPTH SPD SPD DIR MIN PSBL S-S WX SPD DR
================================================================================
1 63 37 50 M 15 0 0.00 M M 8.3 17 230 M M 0 8 22 220
2 63 43 53 M 12 0 0.00 M M 10.1 21 220 M M 0 28 220
3 59 41 50 M 15 0 0.00 M M 20.9 37 230 M M 0 53 230
4 43 28 36 M 29 0 T M M 18.9 28 300 M M 0 40 290
5 59 34 47 M 18 0 0.00 M M 11.7 21 290 M M 0 33 290
6 66 45 56 M 9 0 0.00 M M 7.3 20 290 M M 0 8 29 290
7 59 37 48 M 17 0 0.00 M M 6.2 16 140 M M 0 21 120
8 68 41 55 M 10 0 0.00 M M 7.4 18 230 M M 0 22 230
9 66 46 56 M 9 0 0.00 M M 19.0 32 230 M M 0 47 230
10 55 36 46 M 19 0 0.00 M M 6.4 14 310 M M 0 35 280
11 43 25 34 M 31 0 0.00 M M 6.9 13 140 M M 0 8 22 310
12 50 21 36 M 29 0 0.00 M M 6.8 15 130 M M 0 18 130
13 55 28 42 M 23 0 0.00 M M 10.2 22 220 M M 0 33 220
14 45 25 35 M 30 0 0.00 M M 10.3 23 240 M M 0 33 280
15 39 19 29 M 36 0 0.00 M M 6.0 14 110 M M 0 18 140
16 34 19 27 M 38 0 0.00 M M 7.0 15 130 M M 0 17 120
17 46 19 33 M 32 0 0.00 M M 7.7 16 320 M M 0 23 310
18 27 16 22 M 43 0 0.00 M M 6.4 9 120 M M 0 12 25 110
19 27 19 23 M 42 0 0.06 M M 4.3 8 140 M M 0 1 M M
20 45 19 32 M 33 0 0.11 M M 6.5 13 270 M M 0 16 310
21 52 25 39 M 26 0 0.00 M M 5.6 10 280 M M 0 M M
22 54 25 40 M 25 0 0.00 M M 6.7 9 250 M M 0 M M
23 55 32 44 M 21 0 0.00 M M 7.6 16 230 M M 0 24 330
24 36 28 32 M 33 0 0.00 M M 6.1 15 360 M M 0 24 360
25 32 25 29 M 36 0 0.00 M M 6.3 12 280 M M 0 16 320
26 48 28 38 M 27 0 0.00 M M 16.0 31 290 M M 0 45 300
27 48 36 42 M 23 0 0.00 M M 11.4 21 300 M M 0 33 300
28 55 28 42 M 23 0 0.00 M M 15.4 44 230 M M 0 61 230
29 52 32 42 M 23 0 0.00 M M 20.3 36 240 M M 0 51 240
30 48 25 37 M 28 0 0.00 M M 4.9 12 140 M M 0 17 140
================================================================================
SM 1492 882 755 0 0.17 M 288.4 M 0
================================================================================
AV 49.7 29.4 9.6 FASTST M M 0 MAX(MPH)
MISC ----> 44 230 61 230
================================================================================
NOTES:
# LAST OF SEVERAL OCCURRENCES
COLUMN 17 PEAK WIND IN M.P.H.
PRELIMINARY LOCAL CLIMATOLOGICAL DATA (WS FORM: F-6) , PAGE 2
STATION: RUIDOSO AWOS
MONTH: NOVEMBER
YEAR: 2022
LATITUDE: 33 28 N
LONGITUDE: 105 32 W
[TEMPERATURE DATA] [PRECIPITATION DATA] SYMBOLS USED IN COLUMN 16
AVERAGE MONTHLY: 39.6 TOTAL FOR MONTH: 0.17 1 = FOG OR MIST
DPTR FM NORMAL: 0.0 DPTR FM NORMAL: M 2 = FOG REDUCING VISIBILITY
HIGHEST: 68 ON 8 GRTST 24HR 0.11 ON 20-20 TO 1/4 MILE OR LESS
LOWEST: 16 ON 18 3 = THUNDER
SNOW, ICE PELLETS, HAIL 4 = ICE PELLETS
TOTAL MONTH: M 5 = HAIL
GRTST 24HR M ON M 6 = FREEZING RAIN OR DRIZZLE
GRTST DEPTH: M ON M 7 = DUSTSTORM OR SANDSTORM:
VSBY 1/2 MILE OR LESS
8 = SMOKE OR HAZE
[NO. OF DAYS WITH] [WEATHER - DAYS WITH] 9 = BLOWING SNOW
X = TORNADO
MAX 32 OR BELOW: 3 0.01 INCH OR MORE: 2
MAX 90 OR ABOVE: 0 0.10 INCH OR MORE: 1
MIN 32 OR BELOW: 20 0.50 INCH OR MORE: 0
MIN 0 OR BELOW: 0 1.00 INCH OR MORE: 0
[HDD (BASE 65) ]
TOTAL THIS MO. 755 CLEAR (SCALE 0-3) 30
DPTR FM NORMAL M PTCLDY (SCALE 4-7) 0
TOTAL FM JUL 1 1253 CLOUDY (SCALE 8-10) 0
DPTR FM NORMAL M
[CDD (BASE 65) ]
TOTAL THIS MO. 0
DPTR FM NORMAL M [PRESSURE DATA]
TOTAL FM JAN 1 484 HIGHEST SLP M ON M
DPTR FM NORMAL M LOWEST SLP M ON M
[REMARKS]
#FINAL-11-22#