000
CXUS54 KEPZ 011030
CF6SRR
PRELIMINARY LOCAL CLIMATOLOGICAL DATA (WS FORM: F-6)
STATION: RUIDOSO AWOS
MONTH: MARCH
YEAR: 2022
LATITUDE: 33 28 N
LONGITUDE: 105 32 W
TEMPERATURE IN F: :PCPN: SNOW: WIND :SUNSHINE: SKY :PK WND
================================================================================
1 2 3 4 5 6A 6B 7 8 9 10 11 12 13 14 15 16 17 18
12Z AVG MX 2MIN
DY MAX MIN AVG DEP HDD CDD WTR SNW DPTH SPD SPD DIR MIN PSBL S-S WX SPD DR
================================================================================
1 63 34 49 M 16 0 0.00 M M 5.3 15 140 M M 2 18 120
2 64 39 52 M 13 0 0.00 M M 4.9 13 120 M M 0 17 130
3 64 39 52 M 13 0 0.00 M M 7.7 13 190 M M 3 23 140
4 63 41 52 M 13 0 0.00 M M 19.9 39 230 M M 2 56 230
5 54 32 43 M 22 0 0.00 M M 15.8 30 240 M M 0 39 250
6 46 28 37 M 28 0 0.00 M M 21.9 36 230 M M 0 45 240
7 36 16 26 M 39 0 0.00 M M 10.9 17 130 M M 0 23 130
8 39 18 29 M 36 0 0.00 M M 8.4 18 300 M M 0 29 310
9 50 21 36 M 29 0 0.00 M M 11.1 28 260 M M 0 35 260
10 54 27 41 M 24 0 0.00 M M 18.5 37 230 M M 2 45 230
11 34 12 23 M 42 0 0.09 M M 8.2 14 310 M M 5 21 140
12 54 27 41 M 24 0 0.00 M M 10.5 17 320 M M 0 24 320
13 57 28 43 M 22 0 0.00 M M 11.6 28 240 M M 0 37 240
14 50 36 43 M 22 0 0.00 M M 13.5 27 300 M M 2 40 320
15 63 34 49 M 16 0 0.00 M M 7.9 13 220 M M 0 20 150
16 66 41 54 M 11 0 0.00 M M 13.0 25 250 M M 1 35 230
17 54 27 41 M 24 0 0.07 M M 14.5 28 300 M M 7 39 300
18 54 23 39 M 26 0 0.00 M M 6.1 15 350 M M 3 12 25 350
19 63 30 47 M 18 0 0.00 M M 6.5 12 270 M M 0 16 310
20 66 39 53 M 12 0 0.00 M M 11.0 24 250 M M 1 38 230
21 46 28 37 M 28 0 0.11 M M 12.4 28 300 M M 7 36 300
22 34 25 30 M 35 0 0.17 M M 5.5 8 210 M M 8 M M
23 45 25 35 M 30 0 0.00 M M 11.8 24 300 M M 3 37 310
24 59 32 46 M 19 0 0.00 M M 9.4 18 310 M M 0 25 310
25 68 43 56 M 9 0 0.00 M M 9.2 13 230 M M 0 22 290
26 73 43 58 M 7 0 0.00 M M 6.5 12 10 M M 0 18 10
27 75 50 63 M 2 0 0.00 M M 7.1 15 250 M M 0 24 240
28 72 50 61 M 4 0 0.00 M M 14.4 37 240 M M 2 46 240
29 55 37 46 M 19 0 T M M 22.8 50 230 M M 5 8 62 230
30 54 37 46 M 19 0 0.00 M M 14.2 22 280 M M 6 39 300
31 57 23 40 M 25 0 0.00 M M 8.3 16 220 M M 2 1 20 360
================================================================================
SM 1732 985 647 0 0.44 M 348.9 M 61
================================================================================
AV 55.9 31.8 11.3 FASTST M M 2 MAX(MPH)
MISC ----> 50 230 62 230
================================================================================
NOTES:
# LAST OF SEVERAL OCCURRENCES
COLUMN 17 PEAK WIND IN M.P.H.
PRELIMINARY LOCAL CLIMATOLOGICAL DATA (WS FORM: F-6) , PAGE 2
STATION: RUIDOSO AWOS
MONTH: MARCH
YEAR: 2022
LATITUDE: 33 28 N
LONGITUDE: 105 32 W
[TEMPERATURE DATA] [PRECIPITATION DATA] SYMBOLS USED IN COLUMN 16
AVERAGE MONTHLY: 43.8 TOTAL FOR MONTH: 0.44 1 = FOG OR MIST
DPTR FM NORMAL: 0.0 DPTR FM NORMAL: M 2 = FOG REDUCING VISIBILITY
HIGHEST: 75 ON 27 GRTST 24HR 0.17 ON 22-22 TO 1/4 MILE OR LESS
LOWEST: 12 ON 11 3 = THUNDER
SNOW, ICE PELLETS, HAIL 4 = ICE PELLETS
TOTAL MONTH: M 5 = HAIL
GRTST 24HR M ON M 6 = FREEZING RAIN OR DRIZZLE
GRTST DEPTH: M ON M 7 = DUSTSTORM OR SANDSTORM:
VSBY 1/2 MILE OR LESS
8 = SMOKE OR HAZE
[NO. OF DAYS WITH] [WEATHER - DAYS WITH] 9 = BLOWING SNOW
X = TORNADO
MAX 32 OR BELOW: 0 0.01 INCH OR MORE: 4
MAX 90 OR ABOVE: 0 0.10 INCH OR MORE: 2
MIN 32 OR BELOW: 17 0.50 INCH OR MORE: 0
MIN 0 OR BELOW: 0 1.00 INCH OR MORE: 0
[HDD (BASE 65) ]
TOTAL THIS MO. 647 CLEAR (SCALE 0-3) 23
DPTR FM NORMAL M PTCLDY (SCALE 4-7) 8
TOTAL FM JUL 1 3807 CLOUDY (SCALE 8-10) 0
DPTR FM NORMAL M
[CDD (BASE 65) ]
TOTAL THIS MO. 0
DPTR FM NORMAL M [PRESSURE DATA]
TOTAL FM JAN 1 0 HIGHEST SLP M ON M
DPTR FM NORMAL M LOWEST SLP M ON M
[REMARKS]
#FINAL-03-22#