393
CXUS53 KGRB 201215
CF6STE
PRELIMINARY LOCAL CLIMATOLOGICAL DATA (WS FORM: F-6)
STATION: STEVENS POINT WI
MONTH: JULY
YEAR: 2019
LATITUDE: 44 32 N
LONGITUDE: 89 32 W
TEMPERATURE IN F: :PCPN: SNOW: WIND :SUNSHINE: SKY :PK WND
================================================================================
1 2 3 4 5 6A 6B 7 8 9 10 11 12 13 14 15 16 17 18
12Z AVG MX 2MIN
DY MAX MIN AVG DEP HDD CDD WTR SNW DPTH SPD SPD DIR MIN PSBL S-S WX SPD DR
================================================================================
1 80 58 69 M 0 4 0.52 0.0 0 3.6 8 260 M M 6 1 M M
2 79 61 70 M 0 5 0.36 0.0 0 2.8 9 340 M M 7 1 M M
3 84 58 71 M 0 6 0.00 0.0 0 3.5 9 150 M M 3 12 M M
4 84 62 73 M 0 8 0.80 0.0 0 4.0 10 170 M M 5 18 170
5 84 64 74 M 0 9 0.00 0.0 0 3.4 13 40 M M 6 1 M M
6 77 58 68 M 0 3 0.22 0.0 0 7.7 17 40 M M 7 18 50
7 75 52 64 M 1 0 0.00 0.0 0 1.9 5 90 M M 2 M M
8 80 51 66 M 0 1 0.00 0.0 0 2.3 7 120 M M 1 18 M M
9 83 54 69 M 0 4 0.06 0.0 0 4.7 12 180 M M 4 1 16 150
10 84 64 74 M 0 9 0.00 0.0 0 8.9 18 240 M M 4 1 28 260
11 78 54 66 M 0 1 0.00 0.0 0 5.6 14 340 M M 1 18 340
12 85 48 67 M 0 2 0.00 0.0 0 6.3 15 260 M M 1 23 230
13 81 59 70 M 0 5 0.00 0.0 0 4.7 10 350 M M 0 16 350
14 84 54 69 M 0 4 0.00 0.0 0 5.7 10 140 M M 2 M M
15 87 66 77 M 0 12 0.55 0.0 0 7.8 17 230 M M 5 24 200
16 86 61 74 M 0 9 0.01 0.0 0 4.7 10 250 M M 2 1 21 260
17 82 65 74 M 0 9 0.00 0.0 0 5.5 14 100 M M 3 16 150
18 80 68 74 M 0 9 0.14 0.0 0 8.2 13 220 M M 7 3 22 220
19 89 69 79 M 0 14 1.26 0.0 0 6.4 16 360 M M 3 3 36 360
================================================================================
SM 1562 1126 1 114 3.92 0.0 97.7 M 69
================================================================================
AV 82.2 59.3 5.1 FASTST M M 4 MAX(MPH)
MISC ----> # 18 240 # 36 360
================================================================================
NOTES:
# LAST OF SEVERAL OCCURRENCES
COLUMN 17 PEAK WIND IN M.P.H.
PRELIMINARY LOCAL CLIMATOLOGICAL DATA (WS FORM: F-6) , PAGE 2
STATION: STEVENS POINT WI
MONTH: JULY
YEAR: 2019
LATITUDE: 44 32 N
LONGITUDE: 89 32 W
[TEMPERATURE DATA] [PRECIPITATION DATA] SYMBOLS USED IN COLUMN 16
AVERAGE MONTHLY: 70.7 TOTAL FOR MONTH: 3.92 1 = FOG OR MIST
DPTR FM NORMAL: M DPTR FM NORMAL: M 2 = FOG REDUCING VISIBILITY
HIGHEST: 89 ON 19 GRTST 24HR 1.26 ON 19-19 TO 1/4 MILE OR LESS
LOWEST: 48 ON 12 3 = THUNDER
SNOW, ICE PELLETS, HAIL 4 = ICE PELLETS
TOTAL MONTH: 0.0 INCH 5 = HAIL
GRTST 24HR 0.0 6 = FREEZING RAIN OR DRIZZLE
GRTST DEPTH: 0 7 = DUSTSTORM OR SANDSTORM:
VSBY 1/2 MILE OR LESS
8 = SMOKE OR HAZE
[NO. OF DAYS WITH] [WEATHER - DAYS WITH] 9 = BLOWING SNOW
X = TORNADO
MAX 32 OR BELOW: 0 0.01 INCH OR MORE: 9
MAX 90 OR ABOVE: 0 0.10 INCH OR MORE: 7
MIN 32 OR BELOW: 0 0.50 INCH OR MORE: 4
MIN 0 OR BELOW: 0 1.00 INCH OR MORE: 1
[HDD (BASE 65) ]
TOTAL THIS MO. 1 CLEAR (SCALE 0-3) 9
DPTR FM NORMAL M PTCLDY (SCALE 4-7) 10
TOTAL FM JUL 1 1 CLOUDY (SCALE 8-10) 0
DPTR FM NORMAL M
[CDD (BASE 65) ]
TOTAL THIS MO. 114
DPTR FM NORMAL M [PRESSURE DATA]
TOTAL FM JAN 1 143 HIGHEST SLP M ON M
DPTR FM NORMAL 143 LOWEST SLP M ON M
[REMARKS]