000
CXUS53 KEAX 010836
CF6STJ
PRELIMINARY LOCAL CLIMATOLOGICAL DATA (WS FORM: F-6)
STATION: ST. JOSEPH MO
MONTH: DECEMBER
YEAR: 2021
LATITUDE: 39 46 N
LONGITUDE: 94 55 W
TEMPERATURE IN F: :PCPN: SNOW: WIND :SUNSHINE: SKY :PK WND
================================================================================
1 2 3 4 5 6A 6B 7 8 9 10 11 12 13 14 15 16 17 18
12Z AVG MX 2MIN
DY MAX MIN AVG DEP HDD CDD WTR SNW DPTH SPD SPD DIR MIN PSBL S-S WX SPD DR
================================================================================
1 66 29 48 12 17 0 0.00 M M 4.9 15 230 M M 2 12 19 230
2 72 33 53 18 12 0 0.00 M M 3.5 9 160 M M 0 12 160
3 66 32 49 14 16 0 0.00 M M 7.8 22 20 M M 0 29 20
4 51 33 42 8 23 0 0.00 M M 9.1 16 80 M M 1 23 30
5 65 35 50 16 15 0 0.00 M M 15.6 37 330 M M 5 50 320
6 36 22 29 -5 36 0 0.00 M M 11.4 36 330 M M 0 51 310
7 42 25 34 0 31 0 0.00 M M 9.0 22 220 M M 0 28 200
8 52 19 36 3 29 0 0.00 M M 6.5 15 140 M M 1 8 20 140
9 62 32 47 14 18 0 0.00 M M 9.3 18 250 M M 0 25 260
10 63 35 49 17 16 0 T M M 13.8 29 310 M M 4 42 320
11 48 29 39 7 26 0 0.00 M M 12.7 31 320 M M 3 42 310
12 57 29 43 11 22 0 0.00 M M 13.1 30 210 M M 0 40 190
13 56 32 44 12 21 0 0.00 M M 5.8 12 210 M M 0 15 210
14 66 31 49 18 16 0 0.00 M M 10.1 24 190 M M 3 30 200
15 73 M M M M M M M M 24.6 41 180 M M 4 3 64 180
16 46 24 35 4 30 0 0.00 M M 9.2 47 190 M M 0 3 64 200
17 43 21 32 2 33 0 0.00 M M 7.0 18 100 M M 5 27 110
18 31 16 24 -6 41 0 0.00 M M 9.4 22 330 M M 5 28 320
19 37 11 24 -6 41 0 0.00 M M 7.5 17 170 M M 1 18 22 170
20 43 19 31 1 34 0 0.00 M M 9.1 17 350 M M 0 26 340
21 47 16 32 2 33 0 0.00 M M 4.8 17 310 M M 0 22 310
22 51 15 33 4 32 0 0.00 M M 5.6 22 210 M M 0 28 210
23 59 32 46 17 19 0 0.00 M M 9.3 16 210 M M 0 12 19 210
24 69 31 50 21 15 0 T M M 8.4 23 220 M M 1 12 31 230
25 53 26 40 11 25 0 0.01 M M 4.8 14 340 M M 1 1 18 340
26 61 23 42 14 23 0 0.00 M M 8.2 23 140 M M 1 12 33 140
27 61 30 46 18 19 0 0.00 M M 7.5 24 340 M M 0 33 320
28 55 19 37 9 28 0 0.09 M M 11.7 28 330 M M 5 1 35 340
29 29 16 23 -5 42 0 0.00 M M 8.3 14 50 M M 7 18 50
30 43 21 32 4 33 0 0.00 M M 5.0 14 190 M M 6 18 18 210
31 46 27 37 9 28 0 0.00 M M 10.0 22 10 M M 6 12 28 10
================================================================================
SM 1649 763 774 0 0.10 M 283.0 M 61
================================================================================
AV 53.2 25.4 9.1 FASTST M M 2 MAX(MPH)
MISC ----> 47 190 64 180
================================================================================
NOTES:
# LAST OF SEVERAL OCCURRENCES
COLUMN 17 PEAK WIND IN M.P.H.
PRELIMINARY LOCAL CLIMATOLOGICAL DATA (WS FORM: F-6) , PAGE 2
STATION: ST. JOSEPH MO
MONTH: DECEMBER
YEAR: 2021
LATITUDE: 39 46 N
LONGITUDE: 94 55 W
[TEMPERATURE DATA] [PRECIPITATION DATA] SYMBOLS USED IN COLUMN 16
AVERAGE MONTHLY: 39.3 TOTAL FOR MONTH: 0.10 1 = FOG OR MIST
DPTR FM NORMAL: 8.2 DPTR FM NORMAL: -1.15 2 = FOG REDUCING VISIBILITY
HIGHEST: 73 ON 15 GRTST 24HR 0.09 ON 28-28 TO 1/4 MILE OR LESS
LOWEST: 11 ON 19 3 = THUNDER
SNOW, ICE PELLETS, HAIL 4 = ICE PELLETS
TOTAL MONTH: M 5 = HAIL
GRTST 24HR M ON M 6 = FREEZING RAIN OR DRIZZLE
GRTST DEPTH: M ON M 7 = DUSTSTORM OR SANDSTORM:
VSBY 1/2 MILE OR LESS
8 = SMOKE OR HAZE
[NO. OF DAYS WITH] [WEATHER - DAYS WITH] 9 = BLOWING SNOW
X = TORNADO
MAX 32 OR BELOW: 2 0.01 INCH OR MORE: 2
MAX 90 OR ABOVE: 0 0.10 INCH OR MORE: 0
MIN 32 OR BELOW: 26 0.50 INCH OR MORE: 0
MIN 0 OR BELOW: 0 1.00 INCH OR MORE: 0
[HDD (BASE 65) ]
TOTAL THIS MO. 774 CLEAR (SCALE 0-3) 22
DPTR FM NORMAL -277 PTCLDY (SCALE 4-7) 9
TOTAL FM JUL 1 1649 CLOUDY (SCALE 8-10) 0
DPTR FM NORMAL -493
[CDD (BASE 65) ]
TOTAL THIS MO. 0
DPTR FM NORMAL 0 [PRESSURE DATA]
TOTAL FM JAN 1 1316 HIGHEST SLP 30.44 ON 18
DPTR FM NORMAL 29 LOWEST SLP 29.29 ON 10
[REMARKS]
#FINAL-12-21#