000
CXUS55 KEAX 041751
CF6STJ
PRELIMINARY LOCAL CLIMATOLOGICAL DATA (WS FORM: F-6)
STATION: ST. JOSEPH MO
MONTH: JULY
YEAR: 2020
LATITUDE: 39 46 N
LONGITUDE: 94 55 W
TEMPERATURE IN F: :PCPN: SNOW: WIND :SUNSHINE: SKY :PK WND
================================================================================
1 2 3 4 5 6A 6B 7 8 9 10 11 12 13 14 15 16 17 18
12Z AVG MX 2MIN
DY MAX MIN AVG DEP HDD CDD WTR SNW DPTH SPD SPD DIR MIN PSBL S-S WX SPD DR
================================================================================
1 86 67 77 1 0 12 1.23 M M 5.1 38 340 M M 4 1 51 360
2 88 68 78 2 0 13 0.00 M M 3.8 12 100 M M 3 1 16 80
3 90 71 81 5 0 16 0.00 M M 4.4 12 80 M M 2 18 18 90
4 88 70 79 3 0 14 0.03 M M 6.7 15 90 M M 3 1 20 80
5 90 70 80 3 0 15 0.00 M M 3.6 12 120 M M 1 18 16 110
6 91 68 80 3 0 15 0.00 M M 2.3 10 130 M M 1 1 14 140
7 92 70 81 4 0 16 0.00 M M 3.4 9 220 M M 0 18 13 190
8 93 74 84 7 0 19 0.00 M M 6.5 15 170 M M 0 20 170
9 85 65 75 -2 0 10 0.02 M M 9.8 37 320 M M 1 51 310
10 90 61 76 -1 0 11 0.00 M M 2.8 10 160 M M 1 12 13 160
11 90 67 79 2 0 14 0.00 M M 6.6 21 330 M M 1 33 330
12 86 60 73 -4 0 8 0.00 M M 4.2 13 350 M M 1 18 10
13 90 64 77 0 0 12 0.00 M M 8.5 16 170 M M 0 22 170
14 91 69 80 3 0 15 T M M 8.7 15 140 M M 1 21 170
15 81 68 75 -2 0 10 1.56 M M 7.2 26 80 M M 5 1 39 80
16 87 65 76 -1 0 11 0.00 M M 5.3 14 140 M M 4 12 19 130
17 93 70 82 5 0 17 0.00 M M 7.9 20 160 M M 1 27 160
18 92 79 86 9 0 21 0.00 M M 12.9 25 200 M M 0 34 190
19 88 68 78 1 0 13 0.00 M M 6.6 16 210 M M 3 24 220
20 83 69 76 -1 0 11 3.10 M M 3.8 22 260 M M 4 1 31 280
21 80 69 75 -2 0 10 0.81 M M 4.3 20 210 M M 5 1 27 210
22 88 66 77 0 0 12 0.00 M M 3.1 9 110 M M 3 12 13 100
23 91 71 81 4 0 16 0.00 M M 6.9 14 110 M M 0 22 120
24 92 74 83 6 0 18 0.00 M M 7.2 15 170 M M 0 20 140
25 91 75 83 6 0 18 0.00 M M 8.4 15 170 M M 1 21 180
26 91 73 82 5 0 17 0.04 M M 6.7 26 360 M M 2 36 350
27 84 68 76 -1 0 11 0.62 M M 4.1 13 60 M M 6 1 17 60
28 88 64 76 -1 0 11 0.00 M M 6.2 17 160 M M 0 23 160
29 80 70 75 -2 0 10 M M M 6.1 20 90 M M 7 1 28 90
30 79 70 75 -2 0 10 3.98 M M 7.2 17 20 M M 10 128 24 20
31 81 67 74 -3 0 9 0.00 M M 5.8 15 40 M M 3 20 40
================================================================================
SM 2719 2130 0 415 11.39 M 186.1 M 73
================================================================================
AV 87.7 68.7 6.0 FASTST M M 2 MAX(MPH)
MISC ----> 38 340 # 51 360
================================================================================
NOTES:
# LAST OF SEVERAL OCCURRENCES
COLUMN 17 PEAK WIND IN M.P.H.
PRELIMINARY LOCAL CLIMATOLOGICAL DATA (WS FORM: F-6) , PAGE 2
STATION: ST. JOSEPH MO
MONTH: JULY
YEAR: 2020
LATITUDE: 39 46 N
LONGITUDE: 94 55 W
[TEMPERATURE DATA] [PRECIPITATION DATA] SYMBOLS USED IN COLUMN 16
AVERAGE MONTHLY: 78.2 TOTAL FOR MONTH: 11.39 1 = FOG OR MIST
DPTR FM NORMAL: 1.1 DPTR FM NORMAL: 6.20 2 = FOG REDUCING VISIBILITY
HIGHEST: 93 ON 17, 8 GRTST 24HR 4.00 ON 29-30 TO 1/4 MILE OR LESS
LOWEST: 60 ON 12 3 = THUNDER
SNOW, ICE PELLETS, HAIL 4 = ICE PELLETS
TOTAL MONTH: M 5 = HAIL
GRTST 24HR M ON M 6 = FREEZING RAIN OR DRIZZLE
GRTST DEPTH: M ON M 7 = DUSTSTORM OR SANDSTORM:
VSBY 1/2 MILE OR LESS
8 = SMOKE OR HAZE
[NO. OF DAYS WITH] [WEATHER - DAYS WITH] 9 = BLOWING SNOW
X = TORNADO
MAX 32 OR BELOW: 0 0.01 INCH OR MORE: 9
MAX 90 OR ABOVE: 15 0.10 INCH OR MORE: 6
MIN 32 OR BELOW: 0 0.50 INCH OR MORE: 6
MIN 0 OR BELOW: 0 1.00 INCH OR MORE: 4
[HDD (BASE 65) ]
TOTAL THIS MO. 0 CLEAR (SCALE 0-3) 21
DPTR FM NORMAL -1 PTCLDY (SCALE 4-7) 9
TOTAL FM JUL 1 0 CLOUDY (SCALE 8-10) 1
DPTR FM NORMAL 0
[CDD (BASE 65) ]
TOTAL THIS MO. 415
DPTR FM NORMAL 41 [PRESSURE DATA]
TOTAL FM JAN 1 886 HIGHEST SLP 30.08 ON 16
DPTR FM NORMAL 132 LOWEST SLP 29.68 ON 1
[REMARKS]
#FINAL-07-20#