000
CXUS53 KLSX 011509
CF6STL
PRELIMINARY LOCAL CLIMATOLOGICAL DATA (WS FORM: F-6)
STATION: ST. LOUIS
MONTH: OCTOBER
YEAR: 2022
LATITUDE: 38 45 N
LONGITUDE: 90 23 W
TEMPERATURE IN F: :PCPN: SNOW: WIND :SUNSHINE: SKY :PK WND
================================================================================
1 2 3 4 5 6A 6B 7 8 9 10 11 12 13 14 15 16 17 18
12Z AVG MX 2MIN
DY MAX MIN AVG DEP HDD CDD WTR SNW DPTH SPD SPD DIR MIN PSBL S-S WX SPD DR
================================================================================
1 76 47 62 -3 3 0 0.00 0.0 0 4.3 14 50 M M 0 21 20
2 79 49 64 -1 1 0 0.00 0.0 0 4.4 14 10 M M 0 19 20
3 74 53 64 0 1 0 0.00 0.0 0 5.0 13 50 M M 1 19 80
4 75 45 60 -4 5 0 0.00 0.0 0 2.3 9 130 M M 3 14 140
5 80 49 65 1 0 0 T 0.0 0 3.5 13 180 M M 5 18 180
6 81 55 68 5 0 3 0.00 0.0 0 7.5 17 320 M M 3 24 360
7 65 47 56 -7 9 0 0.00 0.0 0 8.1 20 350 M M 4 24 360
8 63 40 52 -10 13 0 0.00 0.0 0 2.3 12 360 M M 0 15 320
9 74 44 59 -3 6 0 0.00 0.0 0 6.8 16 220 M M 0 22 220
10 83 55 69 7 0 4 0.00 0.0 0 5.6 12 150 M M 3 17 200
11 76 62 69 8 0 4 0.19 0.0 0 9.6 20 170 M M 9 1 27 180
12 76 51 64 3 1 0 0.11 0.0 0 10.6 28 320 M M 6 3 40 320
13 68 46 57 -3 8 0 T 0.0 0 11.0 30 270 M M 2 41 260
14 73 43 58 -2 7 0 0.00 0.0 0 9.8 28 250 M M 4 40 290
15 68 41 55 -5 10 0 0.00 0.0 0 4.7 15 310 M M 3 22 320
16 70 47 59 0 6 0 0.00 0.0 0 8.0 22 350 M M 3 29 10
17 50 37 44 -15 21 0 0.00 0.0 0 12.4 24 340 M M 2 37 310
18 53 32 43 -15 22 0 0.00 0.0 0 11.9 21 310 M M 1 29 310
19 54 31 43 -15 22 0 0.00 0.0 0 9.4 20 290 M M 3 26 270
20 74 38 56 -2 9 0 0.00 0.0 0 7.4 20 270 M M 3 27 220
21 84 53 69 12 0 4 0.00 0.0 0 10.3 18 200 M M 3 27 190
22 84 55 70 13 0 5 0.00 0.0 0 12.9 29 170 M M 7 40 200
23 79 64 72 16 0 7 0.00 0.0 0 16.0 29 170 M M 6 39 160
24 78 64 71 15 0 6 0.12 0.0 0 14.6 26 160 M M 9 1 36 180
25 64 44 54 -2 11 0 2.31 0.0 0 11.5 28 10 M M 10 13 40 10
26 62 41 52 -3 13 0 0.00 0.0 0 6.0 17 310 M M 3 25 310
27 62 40 51 -4 14 0 0.00 0.0 0 7.4 17 130 M M 5 25 100
28 65 42 54 0 11 0 0.00 0.0 0 4.6 12 50 M M 4 17 20
29 70 42 56 2 9 0 0.02 0.0 0 5.2 13 80 M M 6 16 60
30 59 54 57 4 8 0 0.92 0.0 0 5.4 10 70 M M 10 1 17 40
31 60 48 54 1 11 0 0.01 0.0 0 4.9 12 260 M M 8 18 15 270
================================================================================
SM 2179 1459 221 33 3.68 0.0 243.4 M 126
================================================================================
AV 70.3 47.1 7.9 FASTST M M 4 MAX(MPH)
MISC ----> 30 270 41 260
================================================================================
NOTES:
# LAST OF SEVERAL OCCURRENCES
COLUMN 17 PEAK WIND IN M.P.H.
PRELIMINARY LOCAL CLIMATOLOGICAL DATA (WS FORM: F-6) , PAGE 2
STATION: ST. LOUIS
MONTH: OCTOBER
YEAR: 2022
LATITUDE: 38 45 N
LONGITUDE: 90 23 W
[TEMPERATURE DATA] [PRECIPITATION DATA] SYMBOLS USED IN COLUMN 16
AVERAGE MONTHLY: 58.7 TOTAL FOR MONTH: 3.68 1 = FOG OR MIST
DPTR FM NORMAL: -0.4 DPTR FM NORMAL: 0.53 2 = FOG REDUCING VISIBILITY
HIGHEST: 84 ON 22,21 GRTST 24HR 2.39 ON 24-25 TO 1/4 MILE OR LESS
LOWEST: 31 ON 19 3 = THUNDER
SNOW, ICE PELLETS, HAIL 4 = ICE PELLETS
TOTAL MONTH: 0.0 INCH 5 = HAIL
GRTST 24HR 0.0 6 = FREEZING RAIN OR DRIZZLE
GRTST DEPTH: 0 7 = DUSTSTORM OR SANDSTORM:
VSBY 1/2 MILE OR LESS
8 = SMOKE OR HAZE
[NO. OF DAYS WITH] [WEATHER - DAYS WITH] 9 = BLOWING SNOW
X = TORNADO
MAX 32 OR BELOW: 0 0.01 INCH OR MORE: 7
MAX 90 OR ABOVE: 0 0.10 INCH OR MORE: 5
MIN 32 OR BELOW: 2 0.50 INCH OR MORE: 2
MIN 0 OR BELOW: 0 1.00 INCH OR MORE: 1
[HDD (BASE 65) ]
TOTAL THIS MO. 221 CLEAR (SCALE 0-3) 17
DPTR FM NORMAL -8 PTCLDY (SCALE 4-7) 9
TOTAL FM JUL 1 250 CLOUDY (SCALE 8-10) 5
DPTR FM NORMAL -12
[CDD (BASE 65) ]
TOTAL THIS MO. 33
DPTR FM NORMAL -15 [PRESSURE DATA]
TOTAL FM JAN 1 1958 HIGHEST SLP 30.49 ON 8
DPTR FM NORMAL 248 LOWEST SLP 29.48 ON 25
[REMARKS]
#FINAL-10-22#