000
CXUS56 KMTR 042012
CF6STS
PRELIMINARY LOCAL CLIMATOLOGICAL DATA (WS FORM: F-6)
STATION: SANTA ROSA AIRPORT
MONTH: AUGUST
YEAR: 2020
LATITUDE: 38 30 N
LONGITUDE: 122 49 W
TEMPERATURE IN F: :PCPN: SNOW: WIND :SUNSHINE: SKY :PK WND
================================================================================
1 2 3 4 5 6A 6B 7 8 9 10 11 12 13 14 15 16 17 18
12Z AVG MX 2MIN
DY MAX MIN AVG DEP HDD CDD WTR SNW DPTH SPD SPD DIR MIN PSBL S-S WX SPD DR
================================================================================
1 89 48 69 2 0 4 0.00 M M 5.3 16 140 M M 0 1 20 140
2 92 52 72 5 0 7 0.00 M M 4.7 15 160 M M 2 12 20 160
3 96 53 75 8 0 10 0.00 M M 4.9 17 140 M M 0 18 22 140
4 88 55 72 5 0 7 0.00 M M 6.4 17 140 M M 3 1 22 160
5 84 52 68 1 0 3 0.00 M M 4.9 17 130 M M 1 1 21 130
6 91 52 72 5 0 7 0.00 M M 4.8 16 260 M M 0 21 250
7 85 53 69 2 0 4 0.00 M M 5.1 15 170 M M 0 18 160
8 83 52 68 1 0 3 0.00 M M 5.2 15 170 M M 0 19 170
9 89 53 71 4 0 6 0.00 M M 5.6 16 170 M M 0 19 180
10 79 55 67 0 0 2 0.00 M M 7.1 17 160 M M 2 22 160
11 75 58 67 0 0 2 0.00 M M 6.1 15 170 M M 6 19 160
12 85 53 69 2 0 4 0.00 M M 4.5 14 170 M M 4 1 17 190
13 97 48 73 6 0 8 0.00 M M 4.0 15 180 M M 0 18 190
14 105 59 82 15 0 17 0.00 M M 3.6 14 250 M M 1 17 250
15 103 63 83 16 0 18 0.00 M M 4.2 12 150 M M 0 16 180
16 92 63 78 11 0 13 0.06 M M 5.9 29 30 M M 3 13 38 170
17 91 63 77 10 0 12 0.03 M M 3.9 26 340 M M 3 3 32 340
18 102 61 82 15 0 17 0.00 M M 3.7 14 140 M M 3 17 130
19 97 58 78 11 0 13 0.00 M M 4.5 14 140 M M 7 8 17 140
20 91 50 71 4 0 6 0.00 M M 5.2 10 140 M M 6 8 13 130
21 94 53 74 7 0 9 0.00 M M 3.9 13 140 M M 4 8 15 130
22 93 56 75 8 0 10 0.00 M M 4.7 14 150 M M 3 8 17 160
23 85 52 69 2 0 4 T M M 4.8 17 170 M M 4 8 23 160
24 88 55 72 5 0 7 T M M 5.1 14 180 M M 1 8 18 180
25 80 54 67 -1 0 2 0.00 M M 6.7 16 180 M M 4 18 19 190
26 78 54 66 -2 0 1 0.00 M M 6.2 17 140 M M 6 18 21 140
27 80 52 66 -2 0 1 0.00 M M 4.8 12 180 M M 7 18 15 190
28 76 50 63 -5 2 0 0.00 M M 5.3 12 190 M M 5 18 14 200
29 76 53 65 -3 0 0 0.00 M M 5.1 15 180 M M 6 18 17 180
30 79 52 66 -2 0 1 0.00 M M 4.4 15 160 M M 5 18 18 170
31 76 52 64 -4 1 0 0.00 M M 5.7 15 160 M M 5 18 19 160
================================================================================
SM 2719 1684 3 198 0.09 M 156.3 M 91
================================================================================
AV 87.7 54.3 5.0 FASTST M M 3 MAX(MPH)
MISC ----> 29 30 38 170
================================================================================
NOTES:
# LAST OF SEVERAL OCCURRENCES
COLUMN 17 PEAK WIND IN M.P.H.
PRELIMINARY LOCAL CLIMATOLOGICAL DATA (WS FORM: F-6) , PAGE 2
STATION: SANTA ROSA AIRPORT
MONTH: AUGUST
YEAR: 2020
LATITUDE: 38 30 N
LONGITUDE: 122 49 W
[TEMPERATURE DATA] [PRECIPITATION DATA] SYMBOLS USED IN COLUMN 16
AVERAGE MONTHLY: 71.0 TOTAL FOR MONTH: 0.09 1 = FOG OR MIST
DPTR FM NORMAL: 3.8 DPTR FM NORMAL: 0.01 2 = FOG REDUCING VISIBILITY
HIGHEST: 105 ON 14 GRTST 24HR 0.06 ON 16-16 TO 1/4 MILE OR LESS
LOWEST: 48 ON 13, 1 3 = THUNDER
SNOW, ICE PELLETS, HAIL 4 = ICE PELLETS
TOTAL MONTH: M 5 = HAIL
GRTST 24HR M ON M 6 = FREEZING RAIN OR DRIZZLE
GRTST DEPTH: M ON M 7 = DUSTSTORM OR SANDSTORM:
VSBY 1/2 MILE OR LESS
8 = SMOKE OR HAZE
[NO. OF DAYS WITH] [WEATHER - DAYS WITH] 9 = BLOWING SNOW
X = TORNADO
MAX 32 OR BELOW: 0 0.01 INCH OR MORE: 2
MAX 90 OR ABOVE: 13 0.10 INCH OR MORE: 0
MIN 32 OR BELOW: 0 0.50 INCH OR MORE: 0
MIN 0 OR BELOW: 0 1.00 INCH OR MORE: 0
[HDD (BASE 65) ]
TOTAL THIS MO. 3 CLEAR (SCALE 0-3) 17
DPTR FM NORMAL -16 PTCLDY (SCALE 4-7) 14
TOTAL FM JUL 1 11 CLOUDY (SCALE 8-10) 0
DPTR FM NORMAL -36
[CDD (BASE 65) ]
TOTAL THIS MO. 198
DPTR FM NORMAL 111 [PRESSURE DATA]
TOTAL FM JAN 1 457 HIGHEST SLP 30.05 ON 17
DPTR FM NORMAL 180 LOWEST SLP 29.74 ON 27
[REMARKS]
#FINAL-08-20#