000
CXUS53 KLSX 011400
CF6SUS
PRELIMINARY LOCAL CLIMATOLOGICAL DATA (WS FORM: F-6)
STATION: SPIRIT OF ST LOUIS MO
MONTH: OCTOBER
YEAR: 2023
LATITUDE: 38 39 N
LONGITUDE: 90 38 W
TEMPERATURE IN F: :PCPN: SNOW: WIND :SUNSHINE: SKY :PK WND
================================================================================
1 2 3 4 5 6A 6B 7 8 9 10 11 12 13 14 15 16 17 18
12Z AVG MX 2MIN
DY MAX MIN AVG DEP HDD CDD WTR SNW DPTH SPD SPD DIR MIN PSBL S-S WX SPD DR
================================================================================
1 85 56 71 8 0 6 0.00 0.0 0 1.7 13 90 M M 0 128 19 90
2 86 54 70 7 0 5 0.00 0.0 0 1.5 9 80 M M 0 1 12 10
3 87 57 72 10 0 7 0.00 0.0 0 3.5 16 210 M M 2 18 23 190
4 73 62 68 6 0 3 0.05 0.0 0 3.7 13 200 M M 4 18 20 210
5 77 57 67 5 0 2 0.59 0.0 0 4.1 12 310 M M 6 1 16 220
6 68 40 54 -7 11 0 0.00 0.0 0 8.2 24 290 M M 2 35 300
7 63 40 52 -9 13 0 0.00 0.0 0 5.8 16 330 M M 1 8 23 300
8 73 38 56 -4 9 0 0.00 0.0 0 4.5 21 240 M M 3 29 240
9 68 40 54 -6 11 0 0.00 0.0 0 3.0 15 330 M M 2 19 310
10 70 36 53 -7 12 0 0.00 0.0 0 2.1 15 260 M M 2 128 28 250
11 80 42 61 2 4 0 0.03 0.0 0 5.5 15 330 M M 3 3 22 170
12 78 49 64 5 1 0 0.00 0.0 0 6.4 20 170 M M 0 1 33 180
13 70 53 62 4 3 0 0.07 0.0 0 6.2 21 260 M M 5 138 30 220
14 57 52 55 -3 10 0 T 0.0 0 11.3 21 300 M M 10 18 30 310
15 57 42 50 -8 15 0 0.01 0.0 0 9.1 18 330 M M 7 18 25 330
16 64 39 52 -5 13 0 0.00 0.0 0 6.0 16 310 M M 0 23 340
17 68 36 52 -5 13 0 0.00 0.0 0 1.7 12 260 M M 3 12 16 250
18 75 36 56 -1 9 0 T 0.0 0 4.7 17 190 M M 1 28 190
19 64 51 58 2 7 0 0.00 0.0 0 7.6 16 280 M M 7 21 250
20 72 43 58 2 7 0 0.00 0.0 0 5.8 20 330 M M 1 1 27 330
21 79 39 59 4 6 0 0.00 0.0 0 7.4 24 320 M M 0 12 36 310
22 66 36 51 -4 14 0 0.00 0.0 0 2.5 12 70 M M 0 16 70
23 81 44 63 8 2 0 0.00 0.0 0 7.1 18 160 M M 0 28 160
24 77 53 65 11 0 0 T 0.0 0 4.5 12 140 M M 3 21 140
25 79 61 70 16 0 5 0.17 0.0 0 6.9 21 210 M M 7 1 33 210
26 79 65 72 19 0 7 0.01 0.0 0 6.3 17 210 M M 4 8 30 210
27 83 47 65 12 0 0 0.09 0.0 0 8.6 31 310 M M 6 123 40 320
28 48 41 45 -8 20 0 0.56 0.0 0 7.6 15 20 M M 10 1 20 330
29 45 37 41 -11 24 0 0.43 0.0 0 8.8 17 320 M M 10 1 23 310
30 44 25 35 -17 30 0 0.00 0.0 0 8.0 17 320 M M 3 23 310
31 43 23 33 -18 32 0 0.00 0.0 0 9.8 24 310 M M 1 35 280
================================================================================
SM 2159 1394 266 35 2.01 0.0 179.9 M 103
================================================================================
AV 69.6 45.0 5.8 FASTST M M 3 MAX(MPH)
MISC ----> 31 310 40 320
================================================================================
NOTES:
# LAST OF SEVERAL OCCURRENCES
COLUMN 17 PEAK WIND IN M.P.H.
PRELIMINARY LOCAL CLIMATOLOGICAL DATA (WS FORM: F-6) , PAGE 2
STATION: SPIRIT OF ST LOUIS MO
MONTH: OCTOBER
YEAR: 2023
LATITUDE: 38 39 N
LONGITUDE: 90 38 W
[TEMPERATURE DATA] [PRECIPITATION DATA] SYMBOLS USED IN COLUMN 16
AVERAGE MONTHLY: 57.3 TOTAL FOR MONTH: 2.01 1 = FOG OR MIST
DPTR FM NORMAL: 0.0 DPTR FM NORMAL: -1.09 2 = FOG REDUCING VISIBILITY
HIGHEST: 87 ON 3 GRTST 24HR 0.84 ON 28-29 TO 1/4 MILE OR LESS
LOWEST: 23 ON 31 3 = THUNDER
SNOW, ICE PELLETS, HAIL 4 = ICE PELLETS
TOTAL MONTH: 0.0 INCH 5 = HAIL
GRTST 24HR 0.0 6 = FREEZING RAIN OR DRIZZLE
GRTST DEPTH: 0 7 = DUSTSTORM OR SANDSTORM:
VSBY 1/2 MILE OR LESS
8 = SMOKE OR HAZE
[NO. OF DAYS WITH] [WEATHER - DAYS WITH] 9 = BLOWING SNOW
X = TORNADO
MAX 32 OR BELOW: 0 0.01 INCH OR MORE: 10
MAX 90 OR ABOVE: 0 0.10 INCH OR MORE: 4
MIN 32 OR BELOW: 2 0.50 INCH OR MORE: 2
MIN 0 OR BELOW: 0 1.00 INCH OR MORE: 0
[HDD (BASE 65) ]
TOTAL THIS MO. 266 CLEAR (SCALE 0-3) 19
DPTR FM NORMAL -5 PTCLDY (SCALE 4-7) 9
TOTAL FM JUL 1 271 CLOUDY (SCALE 8-10) 3
DPTR FM NORMAL -52
[CDD (BASE 65) ]
TOTAL THIS MO. 35
DPTR FM NORMAL 3 [PRESSURE DATA]
TOTAL FM JAN 1 1281 HIGHEST SLP 30.46 ON 31
DPTR FM NORMAL -163 LOWEST SLP 29.62 ON 13
[REMARKS]
#FINAL-10-23#