000
CXUS55 KPUB 011210
CF6TAD
PRELIMINARY LOCAL CLIMATOLOGICAL DATA (WS FORM: F-6)
STATION: TRINIDAD CO
MONTH: JUNE
YEAR: 2021
LATITUDE: 37 16 N
LONGITUDE: 104 20 W
TEMPERATURE IN F: :PCPN: SNOW: WIND :SUNSHINE: SKY :PK WND
================================================================================
1 2 3 4 5 6A 6B 7 8 9 10 11 12 13 14 15 16 17 18
12Z AVG MX 2MIN
DY MAX MIN AVG DEP HDD CDD WTR SNW DPTH SPD SPD DIR MIN PSBL S-S WX SPD DR
================================================================================
1 71 45 58 -8 7 0 T M M 8.3 22 250 M M 3 28 250
2 73 45 59 -7 6 0 0.00 M M 5.7 14 250 M M 1 17 60
3 80 49 65 -1 0 0 0.00 M M 10.3 16 260 M M 1 21 260
4 83 51 67 0 0 2 0.00 M M 6.9 15 260 M M 0 20 260
5 88 51 70 3 0 5 0.00 M M 7.4 15 330 M M 0 21 320
6 87 56 72 4 0 7 0.40 M M 10.2 29 80 M M 2 3 42 80
7 84 54 69 1 0 4 0.00 M M 10.6 25 160 M M 0 34 160
8 91 60 76 8 0 11 0.00 M M 11.8 26 250 M M 0 35 250
9 88 50 69 1 0 4 0.00 M M 8.3 20 250 M M 0 24 250
10 96 57 77 8 0 12 0.00 M M 8.5 17 240 M M 0 23 250
11 79 53 66 -3 0 1 0.00 M M 9.6 20 50 M M 0 27 40
12 91 46 69 0 0 4 0.00 M M 8.5 24 200 M M 0 3 33 90
13 93 63 78 8 0 13 0.00 M M 6.4 24 130 M M 0 30 120
14 97 64 81 11 0 16 0.00 M M 7.4 21 250 M M 0 28 240
15 98 69 84 14 0 19 0.00 M M 10.6 29 200 M M 0 38 170
16 98 61 80 10 0 15 T M M 11.1 28 140 M M 0 3 37 290
17 98 62 80 9 0 15 0.00 M M 8.0 17 270 M M 0 28 250
18 95 63 79 8 0 14 0.00 M M 11.3 20 250 M M 0 27 130
19 91 59 75 4 0 10 0.00 M M 10.2 25 210 M M 0 33 210
20 96 61 79 7 0 14 T M M 10.6 30 40 M M 0 40 40
21 73 53 63 -9 2 0 0.07 M M 7.6 18 60 M M 8 18 24 50
22 96 56 76 4 0 11 0.00 M M 13.6 32 250 M M 0 43 250
23 98 60 79 7 0 14 0.00 M M 11.7 30 250 M M 0 45 240
24 92 62 77 5 0 12 T M M 10.0 26 340 M M 2 3 40 340
25 82 55 69 -4 0 4 0.08 M M 7.7 22 170 M M 4 3 28 300
26 71 53 62 -11 3 0 0.39 M M 6.2 21 40 M M 7 1 27 50
27 70 55 63 -10 2 0 0.03 M M 6.9 14 180 M M 8 1 19 200
28 69 54 62 -11 3 0 T M M 4.5 12 260 M M 9 13 270
29 66 55 61 -13 4 0 0.04 M M 5.1 14 170 M M 9 16 170
30 78 56 67 -7 0 2 0.06 M M 5.7 17 250 M M 7 23 250
================================================================================
SM 2572 1678 27 209 1.07 M 260.7 M 61
================================================================================
AV 85.7 55.9 8.7 FASTST M M 2 MAX(MPH)
MISC ----> 32 250 45 240
================================================================================
NOTES:
# LAST OF SEVERAL OCCURRENCES
COLUMN 17 PEAK WIND IN M.P.H.
PRELIMINARY LOCAL CLIMATOLOGICAL DATA (WS FORM: F-6) , PAGE 2
STATION: TRINIDAD CO
MONTH: JUNE
YEAR: 2021
LATITUDE: 37 16 N
LONGITUDE: 104 20 W
[TEMPERATURE DATA] [PRECIPITATION DATA] SYMBOLS USED IN COLUMN 16
AVERAGE MONTHLY: 70.8 TOTAL FOR MONTH: 1.07 1 = FOG OR MIST
DPTR FM NORMAL: 0.7 DPTR FM NORMAL: -0.12 2 = FOG REDUCING VISIBILITY
HIGHEST: 98 ON 23,17 GRTST 24HR 0.47 ON 25-26 TO 1/4 MILE OR LESS
LOWEST: 45 ON 2, 1 3 = THUNDER
SNOW, ICE PELLETS, HAIL 4 = ICE PELLETS
TOTAL MONTH: M 5 = HAIL
GRTST 24HR M ON M 6 = FREEZING RAIN OR DRIZZLE
GRTST DEPTH: M ON M 7 = DUSTSTORM OR SANDSTORM:
VSBY 1/2 MILE OR LESS
8 = SMOKE OR HAZE
[NO. OF DAYS WITH] [WEATHER - DAYS WITH] 9 = BLOWING SNOW
X = TORNADO
MAX 32 OR BELOW: 0 0.01 INCH OR MORE: 7
MAX 90 OR ABOVE: 14 0.10 INCH OR MORE: 2
MIN 32 OR BELOW: 0 0.50 INCH OR MORE: 0
MIN 0 OR BELOW: 0 1.00 INCH OR MORE: 0
[HDD (BASE 65) ]
TOTAL THIS MO. 27 CLEAR (SCALE 0-3) 23
DPTR FM NORMAL 0 PTCLDY (SCALE 4-7) 4
TOTAL FM JUL 1 5376 CLOUDY (SCALE 8-10) 3
DPTR FM NORMAL 106
[CDD (BASE 65) ]
TOTAL THIS MO. 209
DPTR FM NORMAL 29 [PRESSURE DATA]
TOTAL FM JAN 1 231 HIGHEST SLP 30.19 ON 1
DPTR FM NORMAL 14 LOWEST SLP 29.57 ON 20
[REMARKS]
#FINAL-06-21#