000
CXUS52 KTAE 010900
CF6TLH
PRELIMINARY LOCAL CLIMATOLOGICAL DATA (WS FORM: F-6)
STATION: TALLAHASSEE
MONTH: FEBRUARY
YEAR: 2023
LATITUDE: 30 22 N
LONGITUDE: 84 22 W
TEMPERATURE IN F: :PCPN: SNOW: WIND :SUNSHINE: SKY :PK WND
================================================================================
1 2 3 4 5 6A 6B 7 8 9 10 11 12 13 14 15 16 17 18
12Z AVG MX 2MIN
DY MAX MIN AVG DEP HDD CDD WTR SNW DPTH SPD SPD DIR MIN PSBL S-S WX SPD DR
================================================================================
1 80 64 72 19 0 7 0.00 0.0 M 2.6 12 170 M M 9 12 15 180
2 74 62 68 15 0 3 0.10 0.0 M 5.3 15 170 M M 10 12 18 180
3 71 45 58 4 7 0 0.25 0.0 M 10.6 21 350 M M 5 13 30 350
4 68 41 55 1 10 0 0.00 0.0 0 7.8 16 90 M M 1 19 80
5 74 50 62 8 3 0 0.00 0.0 M 5.0 13 100 M M 7 14 80
6 75 45 60 6 5 0 0.00 0.0 0 2.7 13 40 M M 1 18 17 30
7 74 40 57 3 8 0 0.00 0.0 0 4.3 16 130 M M 4 128 21 130
8 79 52 66 12 0 1 0.00 0.0 0 4.7 18 130 M M 1 18 24 130
9 79 52 66 12 0 1 0.07 0.0 0 6.2 20 160 M M 5 1 26 160
10 68 55 62 7 3 0 1.11 0.0 M 4.6 16 350 M M 10 1 22 350
11 69 50 60 5 5 0 2.18 0.0 M 8.5 32 260 M M 10 1 41 270
12 57 39 48 -7 17 0 0.04 0.0 0 11.3 23 280 M M 6 1 29 280
13 71 33 52 -3 13 0 0.00 0.0 0 2.9 14 280 M M 0 18 270
14 73 35 54 -2 11 0 0.00 M M 3.8 17 160 M M 1 8 20 150
15 76 42 59 3 6 0 0.00 0.0 0 4.6 16 160 M M 5 19 180
16 80 51 66 10 0 1 0.00 0.0 0 7.9 22 190 M M 5 1 32 180
17 78 48 63 7 2 0 0.14 0.0 M 12.0 28 300 M M 7 1 36 330
18 62 37 50 -6 15 0 0.00 0.0 M 7.6 17 350 M M 0 21 330
19 73 39 56 0 9 0 0.00 0.0 0 3.2 13 280 M M 3 16 260
20 78 47 63 6 2 0 0.00 0.0 0 6.9 18 270 M M 6 128 27 230
21 82 63 73 16 0 8 0.00 0.0 M 9.7 22 270 M M 6 27 280
22 80 67 74 17 0 9 0.00 0.0 M 8.2 21 190 M M 7 27 200
23 84 67 76 19 0 11 0.00 0.0 M 8.3 17 220 M M 8 1 22 170
24 86 65 76 18 0 11 0.00 0.0 M 3.1 12 280 M M 8 1 15 270
25 83 62 73 15 0 8 0.00 0.0 M 5.1 13 310 M M 9 12 16 320
26 85 62 74 16 0 9 0.00 0.0 M 5.2 13 330 M M 6 1 16 200
27 85 58 72 14 0 7 0.00 0.0 M 9.1 24 230 M M 7 12 32 230
28 88 70 79 21 0 14 0.00 0.0 0 11.6 23 240 M M 6 30 250
================================================================================
SM 2132 1441 116 90 3.89 0.0 182.8 M 153
================================================================================
AV 76.1 51.5 6.5 FASTST M M 5 MAX(MPH)
MISC ----> 32 260 41 270
================================================================================
NOTES:
# LAST OF SEVERAL OCCURRENCES
COLUMN 17 PEAK WIND IN M.P.H.
PRELIMINARY LOCAL CLIMATOLOGICAL DATA (WS FORM: F-6) , PAGE 2
STATION: TALLAHASSEE
MONTH: FEBRUARY
YEAR: 2023
LATITUDE: 30 22 N
LONGITUDE: 84 22 W
[TEMPERATURE DATA] [PRECIPITATION DATA] SYMBOLS USED IN COLUMN 16
AVERAGE MONTHLY: 63.8 TOTAL FOR MONTH: 3.89 1 = FOG OR MIST
DPTR FM NORMAL: 8.2 DPTR FM NORMAL: -0.39 2 = FOG REDUCING VISIBILITY
HIGHEST: 88 ON 28 GRTST 24HR 2.79 ON 10-11 TO 1/4 MILE OR LESS
LOWEST: 33 ON 13 3 = THUNDER
SNOW, ICE PELLETS, HAIL 4 = ICE PELLETS
TOTAL MONTH: 0.0 INCH 5 = HAIL
GRTST 24HR 0.0 6 = FREEZING RAIN OR DRIZZLE
GRTST DEPTH: 0 7 = DUSTSTORM OR SANDSTORM:
VSBY 1/2 MILE OR LESS
8 = SMOKE OR HAZE
[NO. OF DAYS WITH] [WEATHER - DAYS WITH] 9 = BLOWING SNOW
X = TORNADO
MAX 32 OR BELOW: 0 0.01 INCH OR MORE: 7
MAX 90 OR ABOVE: 0 0.10 INCH OR MORE: 5
MIN 32 OR BELOW: 0 0.50 INCH OR MORE: 2
MIN 0 OR BELOW: 0 1.00 INCH OR MORE: 2
[HDD (BASE 65) ]
TOTAL THIS MO. 116 CLEAR (SCALE 0-3) 7
DPTR FM NORMAL -159 PTCLDY (SCALE 4-7) 16
TOTAL FM JUL 1 852 CLOUDY (SCALE 8-10) 5
DPTR FM NORMAL -402
[CDD (BASE 65) ]
TOTAL THIS MO. 90
DPTR FM NORMAL 76 [PRESSURE DATA]
TOTAL FM JAN 1 129 HIGHEST SLP 30.48 ON 4
DPTR FM NORMAL 112 LOWEST SLP 29.76 ON 11
[REMARKS]
#FINAL-02-23#