000
CXUS52 KMFL 011030
CF6TMB
PRELIMINARY LOCAL CLIMATOLOGICAL DATA (WS FORM: F-6)
STATION: KENDALL-TAMIAMI EXEC ARPT
MONTH: JUNE
YEAR: 2022
LATITUDE: 25 38 N
LONGITUDE: 80 26 W
TEMPERATURE IN F: :PCPN: SNOW: WIND :SUNSHINE: SKY :PK WND
================================================================================
1 2 3 4 5 6A 6B 7 8 9 10 11 12 13 14 15 16 17 18
12Z AVG MX 2MIN
DY MAX MIN AVG DEP HDD CDD WTR SNW DPTH SPD SPD DIR MIN PSBL S-S WX SPD DR
================================================================================
1 92 70 81 0 0 16 0.01 0.0 0 4.5 25 40 M M 1 13 30 50
2 88 72 80 -1 0 15 0.79 0.0 0 4.6 21 230 M M 4 1 28 220
3 78 71 75 -6 0 10 3.53 0.0 0 7.0 20 130 M M 9 1 28 140
4 86 73 80 -1 0 15 6.47 0.0 0 10.9 25 250 M M 8 123 32 240
5 91 71 81 0 0 16 0.00 0.0 0 5.7 12 220 M M 1 15 220
6 88 75 82 0 0 17 2.34 0.0 M 4.7 20 190 M M 4 13 25 200
7 87 73 80 -2 0 15 0.97 0.0 M 6.8 22 200 M M 6 13 32 190
8 90 71 81 -1 0 16 T 0.0 0 5.8 25 340 M M 3 3 32 330
9 91 73 82 0 0 17 0.36 0.0 0 2.4 21 340 M M 2 13 28 340
10 89 73 81 -1 0 16 1.04 M M 5.0 24 160 M M 4 138 33 180
11 89 71 80 -2 0 15 1.41 0.0 0 3.6 20 100 M M 3 3 23 90
12 92 81 87 5 0 22 0.00 0.0 0 4.5 14 250 M M 2 17 250
13 92 75 84 2 0 19 0.00 0.0 0 4.9 16 100 M M 1 3 20 120
14 91 77 84 2 0 19 0.07 0.0 0 5.4 15 130 M M 2 3 20 120
15 90 76 83 1 0 18 T M M 7.0 18 110 M M 2 23 100
16 91 78 85 3 0 20 0.00 0.0 0 7.4 18 100 M M 1 24 110
17 91 75 83 1 0 18 T 0.0 0 7.4 17 90 M M 3 3 25 100
18 91 73 82 0 0 17 0.17 0.0 0 7.8 28 340 M M 1 13 33 330
19 90 74 82 0 0 17 0.01 0.0 0 3.2 14 50 M M 1 3 16 60
20 91 75 83 1 0 18 1.05 0.0 0 4.3 22 70 M M 2 13 26 70
21 90 74 82 -1 0 17 T 0.0 M 10.2 22 70 M M 2 27 60
22 88 75 82 -1 0 17 T 0.0 M 10.8 18 100 M M 2 28 80
23 91 71 81 -2 0 16 0.00 0.0 0 4.2 13 140 M M 2 17 130
24 94 74 84 1 0 19 T 0.0 0 4.1 13 220 M M 2 3 15 210
25 93 75 84 1 0 19 0.09 0.0 0 4.3 30 300 M M 3 13 34 300
26 91 74 83 0 0 18 T 0.0 0 3.4 16 130 M M 1 3 19 110
27 91 74 83 0 0 18 0.04 M M 4.9 15 130 M M 3 3 20 120
28 90 75 83 0 0 18 0.02 M M 6.3 17 110 M M 1 21 110
29 91 73 82 -1 0 17 0.05 0.0 0 4.2 25 290 M M 3 3 33 290
30 91 75 83 0 0 18 T 0.0 0 6.6 17 120 M M 2 25 120
================================================================================
SM 2698 2217 0 513 18.42 0.0 171.9 M 81
================================================================================
AV 89.9 73.9 5.7 FASTST M M 3 MAX(MPH)
MISC ----> 30 300 34 300
================================================================================
NOTES:
# LAST OF SEVERAL OCCURRENCES
COLUMN 17 PEAK WIND IN M.P.H.
PRELIMINARY LOCAL CLIMATOLOGICAL DATA (WS FORM: F-6) , PAGE 2
STATION: KENDALL-TAMIAMI EXEC ARPT
MONTH: JUNE
YEAR: 2022
LATITUDE: 25 38 N
LONGITUDE: 80 26 W
[TEMPERATURE DATA] [PRECIPITATION DATA] SYMBOLS USED IN COLUMN 16
AVERAGE MONTHLY: 81.9 TOTAL FOR MONTH: 18.42 1 = FOG OR MIST
DPTR FM NORMAL: -0.2 DPTR FM NORMAL: 9.60 2 = FOG REDUCING VISIBILITY
HIGHEST: 94 ON 24 GRTST 24HR 8.44 ON 3- 4 TO 1/4 MILE OR LESS
LOWEST: 70 ON 1 3 = THUNDER
SNOW, ICE PELLETS, HAIL 4 = ICE PELLETS
TOTAL MONTH: 0.0 INCH 5 = HAIL
GRTST 24HR 0.0 6 = FREEZING RAIN OR DRIZZLE
GRTST DEPTH: 0 7 = DUSTSTORM OR SANDSTORM:
VSBY 1/2 MILE OR LESS
8 = SMOKE OR HAZE
[NO. OF DAYS WITH] [WEATHER - DAYS WITH] 9 = BLOWING SNOW
X = TORNADO
MAX 32 OR BELOW: 0 0.01 INCH OR MORE: 17
MAX 90 OR ABOVE: 22 0.10 INCH OR MORE: 10
MIN 32 OR BELOW: 0 0.50 INCH OR MORE: 8
MIN 0 OR BELOW: 0 1.00 INCH OR MORE: 6
[HDD (BASE 65) ]
TOTAL THIS MO. 0 CLEAR (SCALE 0-3) 23
DPTR FM NORMAL 0 PTCLDY (SCALE 4-7) 6
TOTAL FM JUL 1 73 CLOUDY (SCALE 8-10) 1
DPTR FM NORMAL -82
[CDD (BASE 65) ]
TOTAL THIS MO. 513
DPTR FM NORMAL -1 [PRESSURE DATA]
TOTAL FM JAN 1 1991 HIGHEST SLP 30.17 ON 29
DPTR FM NORMAL 265 LOWEST SLP 29.59 ON 4
[REMARKS]
#FINAL-06-22#