000
CXUS53 KTOP 010810
CF6TOP
PRELIMINARY LOCAL CLIMATOLOGICAL DATA (WS FORM: F-6)
STATION: TOPEKA KS
MONTH: MARCH
YEAR: 2022
LATITUDE: 39 4 N
LONGITUDE: 95 38 W
TEMPERATURE IN F: :PCPN: SNOW: WIND :SUNSHINE: SKY :PK WND
================================================================================
1 2 3 4 5 6A 6B 7 8 9 10 11 12 13 14 15 16 17 18
12Z AVG MX 2MIN
DY MAX MIN AVG DEP HDD CDD WTR SNW DPTH SPD SPD DIR MIN PSBL S-S WX SPD DR
================================================================================
1 78 26 52 12 13 0 0.00 0.0 0 3.1 14 270 M M 0 23 250
2 84 32 58 18 7 0 0.00 0.0 0 4.2 17 300 M M 0 27 280
3 62 39 51 10 14 0 0.00 0.0 0 11.8 17 80 M M 0 26 60
4 72 36 54 13 11 0 0.00 0.0 0 11.1 24 160 M M 0 36 170
5 80 33 57 15 8 0 0.00 0.0 0 17.8 31 210 M M 4 8 50 210
6 42 26 34 -8 31 0 0.42 1.6 0 9.3 21 10 M M 4 1236 30 320
7 34 21 28 -14 37 0 0.01 0.2 2 8.5 23 310 M M 4 1 32 320
8 48 16 32 -11 33 0 0.00 0.0 T 4.0 14 320 M M 3 1 20 260
9 43 26 35 -8 30 0 0.01 0.1 0 9.6 20 10 M M 5 18 29 360
10 26 21 24 -19 41 0 0.25 4.4 2 10.7 20 20 M M 10 18 24 60
11 35 15 25 -19 40 0 0.00 0.0 4 9.7 23 310 M M 1 30 290
12 39 7 23 -21 42 0 0.00 0.0 1 7.4 20 180 M M 0 26 180
13 70 37 54 9 11 0 0.00 0.0 T 10.8 22 190 M M 0 35 180
14 59 41 50 5 15 0 0.00 0.0 0 8.6 21 180 M M 5 33 220
15 65 33 49 4 16 0 0.00 0.0 0 3.9 9 270 M M 0 14 300
16 77 31 54 8 11 0 0.00 0.0 0 8.4 21 180 M M 0 18 32 210
17 74 43 59 13 6 0 0.23 0.0 0 10.9 28 20 M M 1 13 42 10
18 46 35 41 -5 24 0 0.55 T 0 15.3 26 360 M M 8 1 42 10
19 67 29 48 1 17 0 0.00 0.0 0 2.8 9 110 M M 0 14 120
20 78 37 58 11 7 0 0.00 0.0 0 10.2 25 160 M M 0 37 160
21 64 50 57 9 8 0 0.57 0.0 0 11.8 23 160 M M 6 1 33 180
22 54 40 47 -1 18 0 0.61 0.0 0 13.2 30 350 M M 10 1 40 360
23 41 38 40 -8 25 0 T 0.0 0 16.4 26 320 M M 10 42 310
24 44 31 38 -11 27 0 T 0.0 0 7.8 17 310 M M 9 1 22 320
25 59 29 44 -5 21 0 0.00 0.0 0 8.1 24 310 M M 2 1 32 300
26 59 28 44 -5 21 0 0.00 0.0 0 6.2 16 10 M M 0 22 20
27 52 35 44 -6 21 0 0.01 T 0 9.0 18 30 M M 2 24 30
28 61 32 47 -3 18 0 0.00 0.0 0 12.7 24 80 M M 1 32 100
29 84 47 66 16 0 1 0.89 0.0 0 16.1 30 150 M M 2 13 45 250
30 60 37 49 -1 16 0 T 0.0 0 16.8 25 300 M M 9 37 310
31 50 32 41 -10 24 0 T T 0 10.3 21 310 M M 6 8 27 300
================================================================================
SM 1807 983 613 1 3.55 6.3 306.5 M 102
================================================================================
AV 58.3 31.7 9.9 FASTST M M 3 MAX(MPH)
MISC ----> 31 210 50 210
================================================================================
NOTES:
# LAST OF SEVERAL OCCURRENCES
COLUMN 17 PEAK WIND IN M.P.H.
PRELIMINARY LOCAL CLIMATOLOGICAL DATA (WS FORM: F-6) , PAGE 2
STATION: TOPEKA KS
MONTH: MARCH
YEAR: 2022
LATITUDE: 39 4 N
LONGITUDE: 95 38 W
[TEMPERATURE DATA] [PRECIPITATION DATA] SYMBOLS USED IN COLUMN 16
AVERAGE MONTHLY: 45.0 TOTAL FOR MONTH: 3.55 1 = FOG OR MIST
DPTR FM NORMAL: -0.6 DPTR FM NORMAL: 1.30 2 = FOG REDUCING VISIBILITY
HIGHEST: 84 ON 29, 2 GRTST 24HR 0.89 ON 29-29 TO 1/4 MILE OR LESS
LOWEST: 7 ON 12 3 = THUNDER
SNOW, ICE PELLETS, HAIL 4 = ICE PELLETS
TOTAL MONTH: 6.3 INCHES 5 = HAIL
GRTST 24HR 4.4 ON 10-10 6 = FREEZING RAIN OR DRIZZLE
GRTST DEPTH: 4 ON 11 7 = DUSTSTORM OR SANDSTORM:
VSBY 1/2 MILE OR LESS
8 = SMOKE OR HAZE
[NO. OF DAYS WITH] [WEATHER - DAYS WITH] 9 = BLOWING SNOW
X = TORNADO
MAX 32 OR BELOW: 1 0.01 INCH OR MORE: 10
MAX 90 OR ABOVE: 0 0.10 INCH OR MORE: 7
MIN 32 OR BELOW: 16 0.50 INCH OR MORE: 4
MIN 0 OR BELOW: 0 1.00 INCH OR MORE: 0
[HDD (BASE 65) ]
TOTAL THIS MO. 613 CLEAR (SCALE 0-3) 18
DPTR FM NORMAL 7 PTCLDY (SCALE 4-7) 7
TOTAL FM JUL 1 3976 CLOUDY (SCALE 8-10) 6
DPTR FM NORMAL -472
[CDD (BASE 65) ]
TOTAL THIS MO. 1
DPTR FM NORMAL -4 [PRESSURE DATA]
TOTAL FM JAN 1 1 HIGHEST SLP M ON M
DPTR FM NORMAL -4 LOWEST SLP 29.26 ON 29
[REMARKS]
#FINAL-03-22#