000
CXUS55 KCYS 171337
CF6TOR
PRELIMINARY LOCAL CLIMATOLOGICAL DATA (WS FORM: F-6)
STATION: TORRINGTON WY AIRPORT
MONTH: JULY
YEAR: 2021
LATITUDE: 42 3 N
LONGITUDE: 104 9 W
TEMPERATURE IN F: :PCPN: SNOW: WIND :SUNSHINE: SKY :PK WND
================================================================================
1 2 3 4 5 6A 6B 7 8 9 10 11 12 13 14 15 16 17 18
12Z AVG MX 2MIN
DY MAX MIN AVG DEP HDD CDD WTR SNW DPTH SPD SPD DIR MIN PSBL S-S WX SPD DR
================================================================================
1 80 59 70 -2 0 5 0.02 M M 9.2 20 180 M M 3 13 28 120
2 91 57 74 2 0 9 0.00 M M 12.9 26 160 M M 1 1 33 150
3 96 60 78 5 0 13 0.20 M M 7.6 26 50 M M 0 3 49 50
4 97 58 78 5 0 13 0.13 M M 7.5 28 60 M M 0 3 37 20
5 97 59 78 5 0 13 0.03 M M 8.1 31 50 M M 1 3 38 50
6 85 61 73 0 0 8 0.02 M M 9.7 18 70 M M 3 25 340
7 94 58 76 2 0 11 T M M 10.4 29 10 M M 0 3 40 10
8 100 61 81 7 0 16 0.01 M M 6.9 35 270 M M 0 3 45 270
9 94 63 79 5 0 14 T M M 8.9 43 30 M M 1 3 54 30
10 85 57 71 -3 0 6 0.00 M M 10.6 22 360 M M 1 30 340
11 89 54 72 -2 0 7 0.00 M M 7.0 16 110 M M 0 21 110
12 92 55 74 0 0 9 0.00 M M 9.4 18 130 M M 0 25 130
13 87 61 74 0 0 9 0.02 M M 11.7 33 330 M M 1 3 51 330
14 81 57 69 -6 0 4 0.00 M M 8.1 20 20 M M 5 1 22 20
15 90 57 74 -1 0 9 0.00 M M 9.4 18 140 M M 0 1 27 130
16 95 59 77 2 0 12 0.00 M M 9.0 22 210 M M 0 1 30 220
17 94 58 76 1 0 11 0.00 M M 9.6 35 30 M M 0 3 46 30
18 95 54 75 0 0 10 0.00 M M 6.4 14 140 M M 0 21 140
19 97 61 79 4 0 14 0.00 M M 8.7 18 100 M M 0 1 26 100
20 96 62 79 4 0 14 0.00 M M 12.5 23 130 M M 0 1 33 120
21 95 65 80 5 0 15 T M M 7.5 12 70 M M 0 8 19 360
22 100 62 81 6 0 16 0.07 M M 8.9 35 220 M M 0 38 49 220
23 88 65 77 2 0 12 T M M 6.4 20 330 M M 1 28 310
24 93 56 75 0 0 10 0.00 M M 7.3 17 130 M M 0 24 120
25 96 57 77 2 0 12 0.00 M M 11.2 26 150 M M 0 37 110
26 100 57 79 4 0 14 0.00 M M 8.2 17 120 M M 0 23 130
27 101 61 81 6 0 16 0.00 M M 9.6 23 160 M M 0 30 130
28 102 64 83 8 0 18 0.00 M M 9.5 33 60 M M 0 44 60
29 85 68 77 2 0 12 0.00 M M 11.5 26 60 M M 4 34 60
30 93 64 79 4 0 14 0.02 M M 11.0 23 300 M M 4 38 33 320
31 84 63 74 -1 0 9 0.05 M M 6.1 14 30 M M 4 18 18 150
================================================================================
SM 2872 1853 0 355 0.57 M 280.8 M 29
================================================================================
AV 92.6 59.8 9.1 FASTST M M 1 MAX(MPH)
MISC ----> 43 30 54 30
================================================================================
NOTES:
# LAST OF SEVERAL OCCURRENCES
COLUMN 17 PEAK WIND IN M.P.H.
PRELIMINARY LOCAL CLIMATOLOGICAL DATA (WS FORM: F-6) , PAGE 2
STATION: TORRINGTON WY AIRPORT
MONTH: JULY
YEAR: 2021
LATITUDE: 42 3 N
LONGITUDE: 104 9 W
[TEMPERATURE DATA] [PRECIPITATION DATA] SYMBOLS USED IN COLUMN 16
AVERAGE MONTHLY: 76.2 TOTAL FOR MONTH: 0.57 1 = FOG OR MIST
DPTR FM NORMAL: 1.9 DPTR FM NORMAL: -1.16 2 = FOG REDUCING VISIBILITY
HIGHEST: 102 ON 28 GRTST 24HR 0.20 ON 3- 3 TO 1/4 MILE OR LESS
LOWEST: 54 ON 18,11 3 = THUNDER
SNOW, ICE PELLETS, HAIL 4 = ICE PELLETS
TOTAL MONTH: M 5 = HAIL
GRTST 24HR M ON M 6 = FREEZING RAIN OR DRIZZLE
GRTST DEPTH: M ON M 7 = DUSTSTORM OR SANDSTORM:
VSBY 1/2 MILE OR LESS
8 = SMOKE OR HAZE
[NO. OF DAYS WITH] [WEATHER - DAYS WITH] 9 = BLOWING SNOW
X = TORNADO
MAX 32 OR BELOW: 0 0.01 INCH OR MORE: 10
MAX 90 OR ABOVE: 22 0.10 INCH OR MORE: 2
MIN 32 OR BELOW: 0 0.50 INCH OR MORE: 0
MIN 0 OR BELOW: 0 1.00 INCH OR MORE: 0
[HDD (BASE 65) ]
TOTAL THIS MO. 0 CLEAR (SCALE 0-3) 27
DPTR FM NORMAL -4 PTCLDY (SCALE 4-7) 4
TOTAL FM JUL 1 0 CLOUDY (SCALE 8-10) 0
DPTR FM NORMAL 0
[CDD (BASE 65) ]
TOTAL THIS MO. 355
DPTR FM NORMAL 64 [PRESSURE DATA]
TOTAL FM JAN 1 591 HIGHEST SLP 30.22 ON 31
DPTR FM NORMAL 152 LOWEST SLP 29.65 ON 8
[REMARKS]
#FINAL-07-21#