000
CXUS52 KTBW 020900
CF6TPA
PRELIMINARY LOCAL CLIMATOLOGICAL DATA (WS FORM: F-6)
STATION: Tampa
MONTH: NOVEMBER
YEAR: 2020
LATITUDE: 27 58 N
LONGITUDE: 82 32 W
TEMPERATURE IN F: :PCPN: SNOW: WIND :SUNSHINE: SKY :PK WND
================================================================================
1 2 3 4 5 6A 6B 7 8 9 10 11 12 13 14 15 16 17 18
12Z AVG MX 2MIN
DY MAX MIN AVG DEP HDD CDD WTR SNW DPTH SPD SPD DIR MIN PSBL S-S WX SPD DR
================================================================================
1 87 73 80 8 0 15 T 0.0 0 6.7 17 350 M M 7 24 360
2 76 59 68 -4 0 3 0.00 0.0 0 11.5 20 30 M M 1 25 30
3 80 56 68 -4 0 3 0.00 0.0 0 8.4 14 40 M M 1 20 10
4 83 62 73 1 0 8 0.00 0.0 0 7.7 15 50 M M 2 25 40
5 87 67 77 6 0 12 0.00 0.0 0 7.0 15 80 M M 3 24 110
6 88 69 79 8 0 14 0.00 0.0 0 7.2 15 90 M M 4 24 100
7 86 73 80 9 0 15 0.00 0.0 0 8.9 17 60 M M 8 29 110
8 84 74 79 8 0 14 0.02 0.0 0 11.2 20 60 M M 8 31 50
9 87 77 82 12 0 17 0.67 0.0 0 9.9 18 70 M M 9 8 33 60
10 89 78 84 14 0 19 0.05 0.0 0 9.4 18 110 M M 7 8 26 90
11 80 74 77 7 0 12 3.99 0.0 0 13.5 29 170 M M 10 18 45 150
12 84 74 79 9 0 14 0.26 0.0 0 12.2 31 180 M M 9 1 43 180
13 87 71 79 9 0 14 0.00 0.0 0 5.8 14 330 M M 5 8 17 30
14 86 69 78 9 0 13 0.00 0.0 0 5.7 10 90 M M 4 1 15 30
15 86 74 80 11 0 15 0.00 0.0 0 5.4 12 280 M M 6 18 290
16 85 70 78 9 0 13 0.00 0.0 0 6.7 13 10 M M 4 18 290
17 78 58 68 -1 0 3 0.00 0.0 0 8.3 15 20 M M 1 23 10
18 78 55 67 -2 0 2 0.00 0.0 0 10.0 18 50 M M 1 29 50
19 77 57 67 -1 0 2 0.00 0.0 0 8.3 14 30 M M 4 21 40
20 82 63 73 5 0 8 0.00 0.0 0 8.0 15 30 M M 5 21 40
21 79 66 73 5 0 8 0.01 0.0 0 7.6 15 90 M M 8 18 23 50
22 81 66 74 6 0 9 0.00 0.0 0 5.8 10 40 M M 6 15 20
23 80 65 73 5 0 8 0.00 0.0 0 7.3 18 10 M M 4 24 10
24 82 61 72 5 0 7 0.00 0.0 0 6.0 15 90 M M 2 19 50
25 83 65 74 7 0 9 0.00 0.0 0 5.3 20 120 M M 5 27 110
26 81 67 74 7 0 9 0.00 0.0 0 4.1 12 210 M M 2 14 180
27 81 66 74 7 0 9 0.00 0.0 0 3.4 10 340 M M 4 13 270
28 81 65 73 7 0 8 0.00 0.0 0 3.9 12 290 M M 5 15 290
29 80 67 74 8 0 9 0.00 0.0 0 5.3 13 180 M M 5 16 190
30 75 60 68 2 0 3 0.40 0.0 0 12.5 21 320 M M 7 13 30 320
================================================================================
SM 2473 2001 0 295 5.40 0.0 233.0 M 147
================================================================================
AV 82.4 66.7 7.8 FASTST M M 5 MAX(MPH)
MISC ----> # 31 180 # 45 150
================================================================================
NOTES:
# LAST OF SEVERAL OCCURRENCES
COLUMN 17 PEAK WIND IN M.P.H.
PRELIMINARY LOCAL CLIMATOLOGICAL DATA (WS FORM: F-6) , PAGE 2
STATION: Tampa
MONTH: NOVEMBER
YEAR: 2020
LATITUDE: 27 58 N
LONGITUDE: 82 32 W
[TEMPERATURE DATA] [PRECIPITATION DATA] SYMBOLS USED IN COLUMN 16
AVERAGE MONTHLY: 74.6 TOTAL FOR MONTH: 5.40 1 = FOG OR MIST
DPTR FM NORMAL: 5.5 DPTR FM NORMAL: 3.85 2 = FOG REDUCING VISIBILITY
HIGHEST: 89 ON 10 GRTST 24HR 3.99 ON 11-11 TO 1/4 MILE OR LESS
LOWEST: 55 ON 18 3 = THUNDER
SNOW, ICE PELLETS, HAIL 4 = ICE PELLETS
TOTAL MONTH: 0.0 INCH 5 = HAIL
GRTST 24HR 0.0 6 = FREEZING RAIN OR DRIZZLE
GRTST DEPTH: 0 7 = DUSTSTORM OR SANDSTORM:
VSBY 1/2 MILE OR LESS
8 = SMOKE OR HAZE
[NO. OF DAYS WITH] [WEATHER - DAYS WITH] 9 = BLOWING SNOW
X = TORNADO
MAX 32 OR BELOW: 0 0.01 INCH OR MORE: 7
MAX 90 OR ABOVE: 0 0.10 INCH OR MORE: 4
MIN 32 OR BELOW: 0 0.50 INCH OR MORE: 2
MIN 0 OR BELOW: 0 1.00 INCH OR MORE: 1
[HDD (BASE 65) ]
TOTAL THIS MO. 0 CLEAR (SCALE 0-3) 8
DPTR FM NORMAL -40 PTCLDY (SCALE 4-7) 18
TOTAL FM JUL 1 0 CLOUDY (SCALE 8-10) 4
DPTR FM NORMAL -44
[CDD (BASE 65) ]
TOTAL THIS MO. 295
DPTR FM NORMAL 131 [PRESSURE DATA]
TOTAL FM JAN 1 4504 HIGHEST SLP 30.40 ON 19
DPTR FM NORMAL 974 LOWEST SLP 29.63 ON 11
[REMARKS]
#FINAL-11-20#