000
CXUS56 KLKN 031648
CF6TPH
PRELIMINARY LOCAL CLIMATOLOGICAL DATA (WS FORM: F-6)
STATION: TONOPAH AIRPORT NV
MONTH: JUNE
YEAR: 2022
LATITUDE: 38 3 N
LONGITUDE: 117 5 W
TEMPERATURE IN F: :PCPN: SNOW: WIND :SUNSHINE: SKY :PK WND
================================================================================
1 2 3 4 5 6A 6B 7 8 9 10 11 12 13 14 15 16 17 18
12Z AVG MX 2MIN
DY MAX MIN AVG DEP HDD CDD WTR SNW DPTH SPD SPD DIR MIN PSBL S-S WX SPD DR
================================================================================
1 78 43 61 -3 4 0 0.00 M M 6.4 15 10 M M 0 20 170
2 83 46 65 0 0 0 0.00 M M 10.0 25 330 M M 0 34 360
3 84 59 72 7 0 7 0.00 M M 10.6 26 240 M M 1 34 240
4 78 59 69 4 0 4 0.00 M M 10.3 21 320 M M 3 28 310
5 86 55 71 5 0 6 0.00 M M 9.6 25 340 M M 2 35 330
6 85 55 70 4 0 5 0.00 M M 9.9 18 360 M M 0 28 360
7 89 52 71 5 0 6 0.00 M M 8.7 16 300 M M 0 23 290
8 93 56 75 8 0 10 0.00 M M 9.2 20 310 M M 0 28 230
9 93 56 75 8 0 10 0.00 M M 7.7 23 180 M M 0 33 170
10 97 58 78 11 0 13 0.00 M M 6.3 23 310 M M 0 30 290
11 97 65 81 13 0 16 0.00 M M 12.5 26 320 M M 0 34 310
12 95 60 78 10 0 13 0.00 M M 13.2 29 320 M M 0 44 240
13 78 53 66 -2 0 1 0.00 M M 16.5 33 360 M M 0 49 360
14 79 43 61 -8 4 0 0.00 M M 11.3 23 330 M M 0 32 340
15 88 48 68 -1 0 3 0.00 M M 6.4 16 30 M M 0 20 160
16 93 52 73 4 0 8 0.00 M M 15.5 35 210 M M 0 55 220
17 81 55 68 -2 0 3 0.00 M M 24.7 46 190 M M 0 8 60 200
18 73 46 60 -10 5 0 0.00 M M 17.3 39 330 M M 0 8 54 340
19 70 47 59 -11 6 0 0.00 M M 20.2 40 320 M M 2 56 310
20 77 43 60 -11 5 0 0.00 M M 6.9 18 10 M M 0 22 10
21 85 51 68 -3 0 3 0.00 M M 8.3 20 160 M M 0 29 150
22 79 54 67 -4 0 2 T M M 11.2 37 200 M M 2 50 180
23 82 48 65 -7 0 0 0.00 M M 7.9 18 180 M M 1 24 180
24 89 54 72 0 0 7 0.00 M M 6.5 16 300 M M M 21 310
25 92 61 77 5 0 12 0.00 M M 9.8 24 360 M M M 33 260
26 93 59 76 4 0 11 0.00 M M 7.4 22 200 M M M 30 200
27 95 58 77 4 0 12 0.00 M M 7.4 21 180 M M M 30 180
28 97 59 78 5 0 13 T M M 9.2 40 260 M M M 62 270
29 95 63 79 6 0 14 0.00 M M 11.7 28 320 M M M 37 340
30 92 68 80 6 0 15 0.00 M M 11.4 22 310 M M M 30 220
================================================================================
SM 2596 1626 24 194 T M 324.0 M 11
================================================================================
AV 86.5 54.2 10.8 FASTST M M 0 MAX(MPH)
MISC ----> 46 190 62 270
================================================================================
NOTES:
# LAST OF SEVERAL OCCURRENCES
COLUMN 17 PEAK WIND IN M.P.H.
PRELIMINARY LOCAL CLIMATOLOGICAL DATA (WS FORM: F-6) , PAGE 2
STATION: TONOPAH AIRPORT NV
MONTH: JUNE
YEAR: 2022
LATITUDE: 38 3 N
LONGITUDE: 117 5 W
[TEMPERATURE DATA] [PRECIPITATION DATA] SYMBOLS USED IN COLUMN 16
AVERAGE MONTHLY: 70.4 TOTAL FOR MONTH: T 1 = FOG OR MIST
DPTR FM NORMAL: 1.3 DPTR FM NORMAL: -0.23 2 = FOG REDUCING VISIBILITY
HIGHEST: 97 ON 28,11 GRTST 24HR T ON 22-22 TO 1/4 MILE OR LESS
LOWEST: 43 ON 20,14 3 = THUNDER
SNOW, ICE PELLETS, HAIL 4 = ICE PELLETS
TOTAL MONTH: M 5 = HAIL
GRTST 24HR M ON M 6 = FREEZING RAIN OR DRIZZLE
GRTST DEPTH: M ON M 7 = DUSTSTORM OR SANDSTORM:
VSBY 1/2 MILE OR LESS
8 = SMOKE OR HAZE
[NO. OF DAYS WITH] [WEATHER - DAYS WITH] 9 = BLOWING SNOW
X = TORNADO
MAX 32 OR BELOW: 0 0.01 INCH OR MORE: 0
MAX 90 OR ABOVE: 12 0.10 INCH OR MORE: 0
MIN 32 OR BELOW: 0 0.50 INCH OR MORE: 0
MIN 0 OR BELOW: 0 1.00 INCH OR MORE: 0
[HDD (BASE 65) ]
TOTAL THIS MO. 24 CLEAR (SCALE 0-3) 22
DPTR FM NORMAL -20 PTCLDY (SCALE 4-7) 1
TOTAL FM JUL 1 5071 CLOUDY (SCALE 8-10) 7
DPTR FM NORMAL -195
[CDD (BASE 65) ]
TOTAL THIS MO. 194
DPTR FM NORMAL 27 [PRESSURE DATA]
TOTAL FM JAN 1 238 HIGHEST SLP M ON M
DPTR FM NORMAL 40 LOWEST SLP 29.48 ON 12
[REMARKS]
#FINAL-06-22#