000
CXUS53 KOAX 011030
CF6TQE
PRELIMINARY LOCAL CLIMATOLOGICAL DATA (WS FORM: F-6)
STATION: TEKAMAH NE
MONTH: FEBRUARY
YEAR: 2024
LATITUDE: 41 46 N
LONGITUDE: 96 11 W
TEMPERATURE IN F: :PCPN: SNOW: WIND :SUNSHINE: SKY :PK WND
================================================================================
1 2 3 4 5 6A 6B 7 8 9 10 11 12 13 14 15 16 17 18
12Z AVG MX 2MIN
DY MAX MIN AVG DEP HDD CDD WTR SNW DPTH SPD SPD DIR MIN PSBL S-S WX SPD DR
================================================================================
1 50 29 40 17 25 0 0.00 M M 4.6 13 10 M M 2 12 16 10
2 45 33 39 16 26 0 0.00 M M 10.3 17 110 M M 7 12 23 100
3 43 35 39 16 26 0 0.00 M M 8.3 15 80 M M 10 1 19 70
4 44 32 38 15 27 0 0.00 M M 10.0 18 20 M M 6 18 23 30
5 49 27 38 15 27 0 0.00 M M 4.8 10 150 M M 1 12 12 280
6 54 29 42 19 23 0 0.00 M M 10.4 18 160 M M 0 1 22 180
7 55 39 47 23 18 0 0.03 M M 18.8 31 180 M M 3 39 180
8 51 35 43 19 22 0 0.01 M M 13.9 24 270 M M 6 32 270
9 42 29 36 12 29 0 0.00 M M 9.5 18 320 M M 6 22 300
10 37 29 33 9 32 0 0.00 M M 9.6 17 340 M M 9 22 330
11 45 27 36 11 29 0 0.00 M M 5.2 10 170 M M 6 16 260
12 52 24 38 13 27 0 0.00 M M 6.3 13 310 M M 2 21 310
13 51 30 41 16 24 0 0.00 M M 3.5 9 360 M M 7 12 350
14 61 24 43 17 22 0 0.02 M M 11.2 31 350 M M 3 45 340
15 38 22 30 4 35 0 0.00 M M 11.2 32 350 M M 5 42 360
16 30 9 20 -6 45 0 0.04 M M 13.8 25 330 M M 6 1 32 330
17 37 10 24 -2 41 0 0.00 M M 13.0 21 260 M M 0 29 240
18 48 21 35 8 30 0 0.00 M M 6.7 16 340 M M 0 20 320
19 60 20 40 13 25 0 0.00 M M 9.3 25 180 M M 0 31 180
20 68 20 44 16 21 0 0.00 M M 9.4 25 190 M M 0 32 180
21 65 29 47 19 18 0 0.00 M M 5.2 14 300 M M 1 17 310
22 64 31 48 20 17 0 0.00 M M 9.9 25 330 M M 3 32 330
23 59 25 42 13 23 0 0.00 M M 15.8 35 320 M M 0 44 320
24 65 18 42 13 23 0 0.00 M M 9.4 23 250 M M 0 12 33 190
25 66 24 45 15 20 0 0.00 M M 5.1 13 200 M M 0 8 16 30
26 81 28 55 25 10 0 0.00 M M 12.1 31 250 M M 0 45 250
27 51 13 32 1 33 0 T M M 24.5 36 330 M M 6 47 330
28 36 7 22 -9 43 0 0.00 M M 11.9 26 320 M M 0 34 330
29 64 21 43 12 22 0 0.00 M M 20.9 38 190 M M 0 50 170
================================================================================
SM 1511 720 763 0 0.10 M 304.6 M 89
================================================================================
AV 52.1 24.8 10.5 FASTST M M 3 MAX(MPH)
MISC ----> 38 190 50 170
================================================================================
NOTES:
# LAST OF SEVERAL OCCURRENCES
COLUMN 17 PEAK WIND IN M.P.H.
PRELIMINARY LOCAL CLIMATOLOGICAL DATA (WS FORM: F-6) , PAGE 2
STATION: TEKAMAH NE
MONTH: FEBRUARY
YEAR: 2024
LATITUDE: 41 46 N
LONGITUDE: 96 11 W
[TEMPERATURE DATA] [PRECIPITATION DATA] SYMBOLS USED IN COLUMN 16
AVERAGE MONTHLY: 38.5 TOTAL FOR MONTH: 0.10 1 = FOG OR MIST
DPTR FM NORMAL: 12.4 DPTR FM NORMAL: -0.52 2 = FOG REDUCING VISIBILITY
HIGHEST: 81 ON 26 GRTST 24HR 0.04 ON 7- 8 TO 1/4 MILE OR LESS
LOWEST: 7 ON 28 3 = THUNDER
SNOW, ICE PELLETS, HAIL 4 = ICE PELLETS
TOTAL MONTH: M 5 = HAIL
GRTST 24HR M ON M 6 = FREEZING RAIN OR DRIZZLE
GRTST DEPTH: M ON M 7 = DUSTSTORM OR SANDSTORM:
VSBY 1/2 MILE OR LESS
8 = SMOKE OR HAZE
[NO. OF DAYS WITH] [WEATHER - DAYS WITH] 9 = BLOWING SNOW
X = TORNADO
MAX 32 OR BELOW: 1 0.01 INCH OR MORE: 4
MAX 90 OR ABOVE: 0 0.10 INCH OR MORE: 0
MIN 32 OR BELOW: 25 0.50 INCH OR MORE: 0
MIN 0 OR BELOW: 0 1.00 INCH OR MORE: 0
[HDD (BASE 65) ]
TOTAL THIS MO. 763 CLEAR (SCALE 0-3) 17
DPTR FM NORMAL -326 PTCLDY (SCALE 4-7) 10
TOTAL FM JUL 1 4230 CLOUDY (SCALE 8-10) 2
DPTR FM NORMAL -823
[CDD (BASE 65) ]
TOTAL THIS MO. 0
DPTR FM NORMAL 0 [PRESSURE DATA]
TOTAL FM JAN 1 0 HIGHEST SLP 30.49 ON 16
DPTR FM NORMAL 0 LOWEST SLP 29.30 ON 27
[REMARKS]
#FINAL-02-24#