000
CXUS56 KPQR 011155
CF6TTD
PRELIMINARY LOCAL CLIMATOLOGICAL DATA (WS FORM: F-6)
STATION: TROUTDALE OR
MONTH: JANUARY
YEAR: 2022
LATITUDE: 45 33 N
LONGITUDE: 122 25 W
TEMPERATURE IN F: :PCPN: SNOW: WIND :SUNSHINE: SKY :PK WND
================================================================================
1 2 3 4 5 6A 6B 7 8 9 10 11 12 13 14 15 16 17 18
12Z AVG MX 2MIN
DY MAX MIN AVG DEP HDD CDD WTR SNW DPTH SPD SPD DIR MIN PSBL S-S WX SPD DR
================================================================================
1 33 24 29 -12 36 0 0.00 M M 16.6 25 100 M M 2 35 90
2 37 28 33 -8 32 0 0.05 M M 22.5 35 80 M M 8 6 46 80
3 47 33 40 -1 25 0 1.52 M M 4.9 30 210 M M 10 16 38 210
4 44 38 41 0 24 0 0.36 M M 5.4 15 80 M M 10 1 18 90
5 43 38 41 0 24 0 1.21 M M 8.9 26 90 M M 10 1 37 90
6 58 39 49 8 16 0 0.55 M M 11.7 28 210 M M 10 18 41 200
7 54 42 48 7 17 0 0.36 M M 10.1 30 220 M M 10 8 43 220
8 50 40 45 3 20 0 T M M 7.8 18 90 M M 6 24 80
9 48 40 44 2 21 0 0.00 M M 22.5 30 100 M M 0 38 90
10 46 39 43 1 22 0 0.03 M M 20.7 29 90 M M 6 37 90
11 45 39 42 0 23 0 0.04 M M 12.4 23 90 M M 10 31 90
12 56 43 50 8 15 0 T M M 11.4 24 80 M M 4 29 100
13 48 42 45 3 20 0 0.20 M M 6.5 18 80 M M 10 1 24 90
14 50 42 46 4 19 0 T M M 15.5 26 90 M M 3 33 90
15 47 34 41 -1 24 0 0.00 M M 9.8 28 80 M M 2 12 36 90
16 46 34 40 -2 25 0 0.00 M M 6.0 20 80 M M 4 12 26 90
17 45 34 40 -2 25 0 0.00 M M 3.1 15 100 M M M 18 20 90
18 47 40 44 2 21 0 0.09 M M 1.2 8 90 M M M 18 10 70
19 46 43 45 3 20 0 0.42 M M 12.8 22 80 M M M 29 80
20 61 43 52 10 13 0 0.29 M M 6.9 20 230 M M M 24 230
21 48 41 45 3 20 0 0.00 M M 0.8 6 290 M M 10 9 310
22 50 41 46 4 19 0 0.00 M M 6.5 26 90 M M 4 37 80
23 50 32 41 -1 24 0 0.00 M M 7.1 18 90 M M 1 25 90
24 49 32 41 -1 24 0 0.00 M M 11.3 29 90 M M 0 39 90
25 42 36 39 -3 26 0 0.00 M M 26.4 37 90 M M 0 55 80
26 41 28 35 -8 30 0 0.00 M M 18.2 31 80 M M 0 42 90
27 43 36 40 -3 25 0 0.00 M M 26.0 36 80 M M 0 44 80
28 43 37 40 -3 25 0 0.00 M M 21.6 31 90 M M 0 39 90
29 45 36 41 -2 24 0 0.00 M M 19.9 30 90 M M 0 37 90
30 51 37 44 1 21 0 0.16 M M 13.4 25 90 M M 8 32 80
31 49 37 43 0 22 0 0.03 M M 4.9 14 220 M M 9 20 220
================================================================================
SM 1462 1148 702 0 5.31 M 372.8 M 137
================================================================================
AV 47.2 37.0 12.0 FASTST M M 5 MAX(MPH)
MISC ----> 37 90 55 80
================================================================================
NOTES:
# LAST OF SEVERAL OCCURRENCES
COLUMN 17 PEAK WIND IN M.P.H.
PRELIMINARY LOCAL CLIMATOLOGICAL DATA (WS FORM: F-6) , PAGE 2
STATION: TROUTDALE OR
MONTH: JANUARY
YEAR: 2022
LATITUDE: 45 33 N
LONGITUDE: 122 25 W
[TEMPERATURE DATA] [PRECIPITATION DATA] SYMBOLS USED IN COLUMN 16
AVERAGE MONTHLY: 42.1 TOTAL FOR MONTH: 5.31 1 = FOG OR MIST
DPTR FM NORMAL: 0.1 DPTR FM NORMAL: 0.30 2 = FOG REDUCING VISIBILITY
HIGHEST: 61 ON 20 GRTST 24HR 3.16 ON 2- 3 TO 1/4 MILE OR LESS
LOWEST: 24 ON 1 3 = THUNDER
SNOW, ICE PELLETS, HAIL 4 = ICE PELLETS
TOTAL MONTH: M 5 = HAIL
GRTST 24HR M ON M 6 = FREEZING RAIN OR DRIZZLE
GRTST DEPTH: M ON M 7 = DUSTSTORM OR SANDSTORM:
VSBY 1/2 MILE OR LESS
8 = SMOKE OR HAZE
[NO. OF DAYS WITH] [WEATHER - DAYS WITH] 9 = BLOWING SNOW
X = TORNADO
MAX 32 OR BELOW: 0 0.01 INCH OR MORE: 14
MAX 90 OR ABOVE: 0 0.10 INCH OR MORE: 9
MIN 32 OR BELOW: 5 0.50 INCH OR MORE: 3
MIN 0 OR BELOW: 0 1.00 INCH OR MORE: 2
[HDD (BASE 65) ]
TOTAL THIS MO. 702 CLEAR (SCALE 0-3) 11
DPTR FM NORMAL -11 PTCLDY (SCALE 4-7) 6
TOTAL FM JUL 1 2256 CLOUDY (SCALE 8-10) 14
DPTR FM NORMAL -125
[CDD (BASE 65) ]
TOTAL THIS MO. 0
DPTR FM NORMAL 0 [PRESSURE DATA]
TOTAL FM JAN 1 0 HIGHEST SLP 30.66 ON 21
DPTR FM NORMAL 0 LOWEST SLP 29.32 ON 7
[REMARKS]
#FINAL-01-22#