000
CXUS56 KPQR 011200
CF6TTD
PRELIMINARY LOCAL CLIMATOLOGICAL DATA (WS FORM: F-6)
STATION: TROUTDALE OR
MONTH: AUGUST
YEAR: 2020
LATITUDE: 45 33 N
LONGITUDE: 122 25 W
TEMPERATURE IN F: :PCPN: SNOW: WIND :SUNSHINE: SKY :PK WND
================================================================================
1 2 3 4 5 6A 6B 7 8 9 10 11 12 13 14 15 16 17 18
12Z AVG MX 2MIN
DY MAX MIN AVG DEP HDD CDD WTR SNW DPTH SPD SPD DIR MIN PSBL S-S WX SPD DR
================================================================================
1 83 58 71 2 0 6 0.00 M M 1.6 9 310 M M 2 12 320
2 88 57 73 4 0 8 0.00 M M 3.9 10 320 M M 1 17 270
3 85 57 71 2 0 6 0.00 M M 3.4 9 270 M M 0 8 15 280
4 88 57 73 4 0 8 0.00 M M 3.3 10 270 M M 0 14 260
5 86 61 74 5 0 9 0.00 M M 4.3 13 310 M M 1 19 270
6 74 56 65 -4 0 0 0.28 M M 3.4 13 320 M M 6 18 18 330
7 79 52 66 -3 0 1 0.00 M M 4.1 10 250 M M 1 15 320
8 79 58 69 0 0 4 0.00 M M 4.9 13 310 M M 5 19 320
9 86 52 69 0 0 4 0.00 M M 3.3 10 310 M M 1 18 310
10 91 54 73 4 0 8 0.00 M M 4.1 12 330 M M 0 19 320
11 81 56 69 0 0 4 0.00 M M 4.0 14 310 M M 0 22 300
12 75 56 66 -3 0 1 T M M 3.1 10 320 M M 2 17 320
13 79 48 64 -4 1 0 0.00 M M 3.1 10 320 M M 0 15 310
14 M M M M M M M M M M M M M M M M M
15 M M M M M M M M M M M M M M M M M
16 M M M M M M M M M M M M M M M M M
17 94 72 83 15 0 18 0.00 M M 2.4 8 240 0 0 0 M M
18 86 64 75 7 0 10 0.00 M M 3.6 12 240 M M 2 16 250
19 89 58 74 6 0 9 0.00 M M 3.0 9 260 M M 0 14 320
20 86 60 73 5 0 8 T M M 3.2 12 250 M M 3 16 260
21 79 62 71 3 0 6 0.16 M M 4.6 13 250 M M 10 18 18 250
22 81 59 70 3 0 5 0.00 M M 3.7 9 320 M M 4 1 14 320
23 85 55 70 3 0 5 0.00 M M 3.3 10 260 M M 0 15 320
24 82 53 68 1 0 3 0.00 M M 3.1 10 250 M M 0 16 270
25 82 57 70 3 0 5 0.00 M M 3.1 12 260 M M 2 17 260
26 83 52 68 1 0 3 0.00 M M 2.5 12 310 M M 2 16 310
27 85 52 69 2 0 4 0.00 M M 3.8 10 310 M M 0 15 330
28 85 54 70 4 0 5 0.00 M M 3.5 10 250 M M 2 16 320
29 79 55 67 1 0 2 0.00 M M 4.5 10 330 M M 4 17 270
30 78 50 64 -2 1 0 0.00 M M 3.2 9 240 M M 4 15 250
31 76 59 68 2 0 3 T M M 2.8 9 250 M M 7 12 350
================================================================================
SM 2324 1584 2 145 0.44 M 96.8 0 59
================================================================================
AV 83.0 56.6 3.5 FASTST 0 0 2 MAX(MPH)
MISC ----> # 14 310 # 22 300
================================================================================
NOTES:
# LAST OF SEVERAL OCCURRENCES
COLUMN 17 PEAK WIND IN M.P.H.
PRELIMINARY LOCAL CLIMATOLOGICAL DATA (WS FORM: F-6) , PAGE 2
STATION: TROUTDALE OR
MONTH: AUGUST
YEAR: 2020
LATITUDE: 45 33 N
LONGITUDE: 122 25 W
[TEMPERATURE DATA] [PRECIPITATION DATA] SYMBOLS USED IN COLUMN 16
AVERAGE MONTHLY: 69.8 TOTAL FOR MONTH: 0.44 1 = FOG OR MIST
DPTR FM NORMAL: 1.9 DPTR FM NORMAL: -0.42 2 = FOG REDUCING VISIBILITY
HIGHEST: 94 ON 17 GRTST 24HR 0.28 ON 6- 6 TO 1/4 MILE OR LESS
LOWEST: 48 ON 13 3 = THUNDER
SNOW, ICE PELLETS, HAIL 4 = ICE PELLETS
TOTAL MONTH: M 5 = HAIL
GRTST 24HR M ON M 6 = FREEZING RAIN OR DRIZZLE
GRTST DEPTH: M ON M 7 = DUSTSTORM OR SANDSTORM:
VSBY 1/2 MILE OR LESS
8 = SMOKE OR HAZE
[NO. OF DAYS WITH] [WEATHER - DAYS WITH] 9 = BLOWING SNOW
X = TORNADO
MAX 32 OR BELOW: 0 0.01 INCH OR MORE: 2
MAX 90 OR ABOVE: 2 0.10 INCH OR MORE: 2
MIN 32 OR BELOW: 0 0.50 INCH OR MORE: 0
MIN 0 OR BELOW: 0 1.00 INCH OR MORE: 0
[HDD (BASE 65) ]
TOTAL THIS MO. 2 CLEAR (SCALE 0-3) 20
DPTR FM NORMAL -27 PTCLDY (SCALE 4-7) 7
TOTAL FM JUL 1 12 CLOUDY (SCALE 8-10) 1
DPTR FM NORMAL -50
[CDD (BASE 65) ]
TOTAL THIS MO. 145
DPTR FM NORMAL 24 [PRESSURE DATA]
TOTAL FM JAN 1 407 HIGHEST SLP 30.21 ON 30
DPTR FM NORMAL 111 LOWEST SLP 29.78 ON 15
[REMARKS]
#FINAL-08-20#