000
CXUS51 KPHI 012010
CLMTTN
CLIMATE REPORT
NATIONAL WEATHER SERVICE MOUNT HOLLY NJ
310 PM EST FRI MAR 01 2024
...................................
...THE TRENTON NJ CLIMATE SUMMARY FOR THE MONTH OF FEBRUARY 2024...
CLIMATE NORMAL PERIOD: 1991 TO 2020
CLIMATE RECORD PERIOD: 1865 TO 2024
WEATHER OBSERVED NORMAL DEPART LAST YEAR`S
VALUE DATE(S) VALUE FROM VALUE DATE(S)
NORMAL
................................................................
TEMPERATURE (F)
RECORD
HIGH 78 02/21/2018
LOW -14 02/09/1934
HIGHEST 65 MM MM 67
LOWEST 18 MM MM 7
AVG. MAXIMUM 46.1 42.8 3.3 48.8
AVG. MINIMUM 28.7 25.9 2.8 28.3
MEAN 37.4 34.3 3.1 38.5
DAYS MAX >= 90 0 0.0 0.0 0
DAYS MAX <= 32 0 4.1 -4.1 1
DAYS MIN <= 32 21 22.1 -1.1 20
DAYS MIN <= 0 0 0.1 -0.1 0
PRECIPITATION (INCHES)
RECORD
MAXIMUM 6.25 1866
MINIMUM 0.64 2009
TOTALS 1.71 2.65 -0.94 1.57
DAILY AVG. 0.06 NAN NAN 0.06
DAYS >= .01 9 10.2 -1.2 8
DAYS >= .10 6 5.5 0.5 6
DAYS >= .50 1 1.8 -0.8 0
DAYS >= 1.00 0 0.8 -0.8 0
GREATEST
24 HR. TOTAL 0.73 02/13 TO 02/13 0.49
SNOWFALL (INCHES)
RECORDS
TOTAL MM 2023
24 HR TOTAL 1.0 02/27/2023 TO 02/27/2023
TOTALS 8.1 8.7 -0.6 1.1
SINCE 7/1 15.1 22.1 -7.0 MM
SNOWDEPTH AVG. 0 0
DAYS >= 1.0 2 2.2 -0.2 1
GREATEST
SNOW DEPTH 4 02/17 MM 02/01
02/28
24 HR TOTAL MM 1.0
DEGREE DAYS
HEATING TOTAL 792 858 -66 733
SINCE 7/1 3449 3755 -306 MM
COOLING TOTAL 0 0 0 0
SINCE 1/1 0 0 0 MM
................................................................
WIND (MPH)
AVERAGE WIND SPEED 6.1
HIGHEST WIND SPEED/DIRECTION 31/310 DATE 02/28
HIGHEST GUST SPEED/DIRECTION 50/310 DATE 02/28
SKY COVER
POSSIBLE SUNSHINE (PERCENT) MM
AVERAGE SKY COVER 0.31
NUMBER OF DAYS FAIR 18
NUMBER OF DAYS PC 9
NUMBER OF DAYS CLOUDY 2
AVERAGE RH (PERCENT) 65
WEATHER CONDITIONS. NUMBER OF DAYS WITH
THUNDERSTORM 0 MIXED PRECIP 0
HEAVY RAIN 0 RAIN 2
LIGHT RAIN 9 FREEZING RAIN 0
LT FREEZING RAIN 0 HEAVY SNOW 1
SNOW 2 LIGHT SNOW 5
SLEET 1 FOG 8
FOG W/VIS <= 1/4 MILE 2 HAZE 0
- INDICATES NEGATIVE NUMBERS.
R INDICATES RECORD WAS SET OR TIED.
MM INDICATES DATA IS MISSING.
T INDICATES TRACE AMOUNT.
$$