000
CXUS54 KTSA 011320
CF6TUL
PRELIMINARY LOCAL CLIMATOLOGICAL DATA (WS FORM: F-6)
STATION: TULSA OKLAHOMA
MONTH: MAY
YEAR: 2022
LATITUDE: 36 12 N
LONGITUDE: 95 54 W
TEMPERATURE IN F: :PCPN: SNOW: WIND :SUNSHINE: SKY :PK WND
================================================================================
1 2 3 4 5 6A 6B 7 8 9 10 11 12 13 14 15 16 17 18
12Z AVG MX 2MIN
DY MAX MIN AVG DEP HDD CDD WTR SNW DPTH SPD SPD DIR MIN PSBL S-S WX SPD DR
================================================================================
1 77 49 63 -2 2 0 0.00 0.0 0 4.6 10 100 M M 5 15 120
2 69 57 63 -2 2 0 1.93 0.0 0 12.0 25 300 M M 9 13 34 300
3 64 49 57 -9 8 0 0.00 0.0 0 10.9 21 330 M M 9 28 310
4 67 51 59 -7 6 0 1.53 0.0 0 8.4 21 330 M M 10 13 28 340
5 70 55 63 -3 2 0 0.91 0.0 0 8.9 23 320 M M 9 13 29 330
6 73 51 62 -4 3 0 0.00 0.0 0 7.1 18 300 M M 5 25 300
7 82 53 68 1 0 3 0.00 0.0 0 9.8 21 110 M M 2 28 140
8 89 67 78 11 0 13 0.00 0.0 0 18.4 33 170 M M 9 48 170
9 89 76 83 16 0 18 0.00 0.0 0 21.2 31 170 M M 5 45 190
10 88 77 83 15 0 18 0.00 0.0 0 16.5 25 170 M M 6 35 190
11 91 73 82 14 0 17 0.00 0.0 0 12.5 20 180 M M 7 27 170
12 92 71 82 14 0 17 0.00 0.0 0 14.2 23 160 M M 1 33 150
13 83 67 75 6 0 10 0.55 0.0 0 7.0 25 130 M M 6 13 32 130
14 90 67 79 10 0 14 0.00 0.0 0 4.9 10 140 M M 6 1 14 80
15 86 67 77 8 0 12 0.01 0.0 0 9.1 29 250 M M 7 3 37 240
16 84 61 73 3 0 8 0.00 0.0 0 4.6 10 100 M M 2 14 10
17 85 63 74 4 0 9 0.21 0.0 0 13.3 28 170 M M 9 13 37 140
18 92 69 81 11 0 16 T 0.0 0 7.4 25 350 M M 6 3 33 350
19 90 70 80 10 0 15 T 0.0 0 14.0 30 170 M M 8 3 43 170
20 87 68 78 7 0 13 0.00 0.0 0 18.5 33 180 M M 8 45 180
21 68 53 61 -10 4 0 0.48 0.0 0 14.0 26 320 M M 9 13 39 310
22 67 49 58 -14 7 0 0.00 0.0 0 9.2 16 60 M M 6 26 60
23 59 54 57 -15 8 0 1.20 0.0 0 6.6 17 110 M M 10 13 22 110
24 67 59 63 -9 2 0 2.04 0.0 0 9.5 21 270 M M 10 13 27 250
25 63 55 59 -13 6 0 0.46 0.0 0 9.9 18 230 M M 10 1 27 250
26 65 52 59 -14 6 0 0.11 0.0 0 12.0 23 290 M M 8 1 32 290
27 86 48 67 -6 0 2 0.00 0.0 0 4.0 13 170 M M 1 17 160
28 87 61 74 0 0 9 T 0.0 0 15.5 33 180 M M 5 3 46 180
29 89 73 81 7 0 16 0.00 0.0 0 19.6 31 160 M M 7 46 170
30 86 74 80 6 0 15 0.00 0.0 0 20.1 37 170 M M 6 48 170
31 86 77 82 8 0 17 0.00 0.0 0 15.3 25 180 M M 7 37 180
================================================================================
SM 2471 1916 56 242 9.43 0.0 359.0 M 208
================================================================================
AV 79.7 61.8 11.6 FASTST M M 7 MAX(MPH)
MISC ----> 37 170 # 48 170
================================================================================
NOTES:
# LAST OF SEVERAL OCCURRENCES
COLUMN 17 PEAK WIND IN M.P.H.
PRELIMINARY LOCAL CLIMATOLOGICAL DATA (WS FORM: F-6) , PAGE 2
STATION: TULSA OKLAHOMA
MONTH: MAY
YEAR: 2022
LATITUDE: 36 12 N
LONGITUDE: 95 54 W
[TEMPERATURE DATA] [PRECIPITATION DATA] SYMBOLS USED IN COLUMN 16
AVERAGE MONTHLY: 70.8 TOTAL FOR MONTH: 9.43 1 = FOG OR MIST
DPTR FM NORMAL: 1.2 DPTR FM NORMAL: 3.70 2 = FOG REDUCING VISIBILITY
HIGHEST: 92 ON 18,12 GRTST 24HR 3.04 ON 23-24 TO 1/4 MILE OR LESS
LOWEST: 48 ON 27 3 = THUNDER
SNOW, ICE PELLETS, HAIL 4 = ICE PELLETS
TOTAL MONTH: 0.0 INCH 5 = HAIL
GRTST 24HR 0.0 6 = FREEZING RAIN OR DRIZZLE
GRTST DEPTH: 0 7 = DUSTSTORM OR SANDSTORM:
VSBY 1/2 MILE OR LESS
8 = SMOKE OR HAZE
[NO. OF DAYS WITH] [WEATHER - DAYS WITH] 9 = BLOWING SNOW
X = TORNADO
MAX 32 OR BELOW: 0 0.01 INCH OR MORE: 11
MAX 90 OR ABOVE: 5 0.10 INCH OR MORE: 10
MIN 32 OR BELOW: 0 0.50 INCH OR MORE: 6
MIN 0 OR BELOW: 0 1.00 INCH OR MORE: 4
[HDD (BASE 65) ]
TOTAL THIS MO. 56 CLEAR (SCALE 0-3) 4
DPTR FM NORMAL 15 PTCLDY (SCALE 4-7) 17
TOTAL FM JUL 1 3067 CLOUDY (SCALE 8-10) 10
DPTR FM NORMAL -381
[CDD (BASE 65) ]
TOTAL THIS MO. 242
DPTR FM NORMAL 59 [PRESSURE DATA]
TOTAL FM JAN 1 302 HIGHEST SLP 30.36 ON 22
DPTR FM NORMAL 49 LOWEST SLP 29.34 ON 20
[REMARKS]
#FINAL-05-22#