000
CXUS53 KAPX 010730
CF6TVC
PRELIMINARY LOCAL CLIMATOLOGICAL DATA (WS FORM: F-6)
STATION: TRAVERSE CITY MI
MONTH: MARCH
YEAR: 2023
LATITUDE: 44 44 N
LONGITUDE: 85 34 W
TEMPERATURE IN F: :PCPN: SNOW: WIND :SUNSHINE: SKY :PK WND
================================================================================
1 2 3 4 5 6A 6B 7 8 9 10 11 12 13 14 15 16 17 18
12Z AVG MX 2MIN
DY MAX MIN AVG DEP HDD CDD WTR SNW DPTH SPD SPD DIR MIN PSBL S-S WX SPD DR
================================================================================
1 43 30 37 10 28 0 T M M 2.7 9 20 M M 8 1 14 30
2 36 26 31 3 34 0 T M M 5.8 16 10 M M 9 1 23 360
3 40 26 33 5 32 0 0.00 M M 5.8 14 80 M M 9 21 100
4 45 21 33 5 32 0 0.04 M M 5.1 15 240 M M 5 1 22 220
5 44 30 37 9 28 0 0.01 M 2 4.1 10 20 M M 5 1 18 20
6 40 32 36 7 29 0 0.14 M M 9.0 17 40 M M 10 1 27 60
7 43 22 33 4 32 0 0.00 M M 6.8 14 360 M M 2 8 21 20
8 44 21 33 4 32 0 0.00 M M 2.8 12 10 M M 4 15 30
9 41 24 33 3 32 0 0.00 M M 5.8 15 50 M M 7 20 40
10 34 29 32 2 33 0 0.07 M M 9.4 17 360 M M 10 1 24 20
11 35 19 27 -3 38 0 0.00 M M 4.1 14 40 M M 4 19 40
12 36 27 32 1 33 0 T M M 5.7 10 50 M M 9 1 16 120
13 28 23 26 -5 39 0 0.01 M M 10.0 18 350 M M 10 18 27 330
14 33 19 26 -5 39 0 T M M 8.4 16 360 M M 4 25 360
15 49 16 33 1 32 0 0.00 M M 7.6 17 220 M M 5 8 26 220
16 51 40 46 14 19 0 0.16 M M 6.3 14 200 M M 9 1 22 200
17 42 23 33 1 32 0 0.08 M M 14.2 29 280 M M 10 1 39 270
18 25 17 21 -12 44 0 T M M 14.5 28 320 M M 10 189 42 280
19 38 21 30 -3 35 0 T M M 13.5 23 220 M M 4 34 220
20 45 31 38 4 27 0 0.00 M M 11.1 18 250 M M 6 30 250
21 47 26 37 3 28 0 T M M 7.6 16 20 M M 6 23 10
22 46 32 39 5 26 0 T M M 6.6 16 200 M M 9 25 180
23 45 25 35 0 30 0 0.00 M M 7.4 13 350 M M 6 22 350
24 44 20 32 -3 33 0 0.00 M M 4.4 12 30 M M 4 M M
25 35 29 32 -3 33 0 0.46 M M 11.6 23 300 M M 8 12 33 360
26 45 20 33 -3 32 0 0.00 M M 4.7 13 40 M M 3 18 18 30
27 41 27 34 -2 31 0 0.00 M M 5.8 14 10 M M 4 8 20 20
28 44 22 33 -3 32 0 0.00 M 1 5.8 15 260 M M 2 1 23 350
29 36 19 28 -9 37 0 T M M 12.8 26 300 M M 5 19 36 320
30 45 18 32 -5 33 0 0.03 M M 5.8 15 230 M M 4 1 23 240
31 48 34 41 3 24 0 0.90 M M 5.1 14 80 M M 10 1 21 80
================================================================================
SM 1268 769 989 0 1.90 M 230.3 M 201
================================================================================
AV 40.9 24.8 7.4 FASTST M M 6 MAX(MPH)
MISC ----> 29 280 42 280
================================================================================
NOTES:
# LAST OF SEVERAL OCCURRENCES
COLUMN 17 PEAK WIND IN M.P.H.
PRELIMINARY LOCAL CLIMATOLOGICAL DATA (WS FORM: F-6) , PAGE 2
STATION: TRAVERSE CITY MI
MONTH: MARCH
YEAR: 2023
LATITUDE: 44 44 N
LONGITUDE: 85 34 W
[TEMPERATURE DATA] [PRECIPITATION DATA] SYMBOLS USED IN COLUMN 16
AVERAGE MONTHLY: 32.9 TOTAL FOR MONTH: 1.90 1 = FOG OR MIST
DPTR FM NORMAL: 0.7 DPTR FM NORMAL: 0.35 2 = FOG REDUCING VISIBILITY
HIGHEST: 51 ON 16 GRTST 24HR 0.90 ON 31-31 TO 1/4 MILE OR LESS
LOWEST: 16 ON 15 3 = THUNDER
SNOW, ICE PELLETS, HAIL 4 = ICE PELLETS
TOTAL MONTH: M 5 = HAIL
GRTST 24HR M ON M 6 = FREEZING RAIN OR DRIZZLE
GRTST DEPTH: 2 ON 5 7 = DUSTSTORM OR SANDSTORM:
VSBY 1/2 MILE OR LESS
8 = SMOKE OR HAZE
[NO. OF DAYS WITH] [WEATHER - DAYS WITH] 9 = BLOWING SNOW
X = TORNADO
MAX 32 OR BELOW: 2 0.01 INCH OR MORE: 10
MAX 90 OR ABOVE: 0 0.10 INCH OR MORE: 4
MIN 32 OR BELOW: 29 0.50 INCH OR MORE: 1
MIN 0 OR BELOW: 0 1.00 INCH OR MORE: 0
[HDD (BASE 65) ]
TOTAL THIS MO. 989 CLEAR (SCALE 0-3) 3
DPTR FM NORMAL -29 PTCLDY (SCALE 4-7) 16
TOTAL FM JUL 1 5339 CLOUDY (SCALE 8-10) 12
DPTR FM NORMAL -706
[CDD (BASE 65) ]
TOTAL THIS MO. 0
DPTR FM NORMAL -1 [PRESSURE DATA]
TOTAL FM JAN 1 0 HIGHEST SLP 30.65 ON 8
DPTR FM NORMAL -1 LOWEST SLP 29.27 ON 17
[REMARKS]
#FINAL-03-23#