000
CXUS55 KBOI 011002
CF6TWF
PRELIMINARY LOCAL CLIMATOLOGICAL DATA (WS FORM: F-6)
STATION: TWIN FALLS ID
MONTH: JUNE
YEAR: 2020
LATITUDE: 42 28 N
LONGITUDE: 114 29 W
TEMPERATURE IN F: :PCPN: SNOW: WIND :SUNSHINE: SKY :PK WND
================================================================================
1 2 3 4 5 6A 6B 7 8 9 10 11 12 13 14 15 16 17 18
12Z AVG MX 2MIN
DY MAX MIN AVG DEP HDD CDD WTR SNW DPTH SPD SPD DIR MIN PSBL S-S WX SPD DR
================================================================================
1 77 53 65 4 0 0 0.00 M M 11.8 23 310 M M 0 27 310
2 82 52 67 6 0 2 0.00 M M 7.7 13 220 M M 0 17 310
3 85 54 70 9 0 5 0.00 M M 10.0 17 320 M M 0 23 300
4 81 57 69 8 0 4 0.00 M M 10.7 22 270 M M 0 27 290
5 95 49 72 10 0 7 T M M 7.6 25 260 M M 1 3 32 260
6 72 46 59 -3 6 0 0.09 M M 16.1 32 310 M M 5 1 38 310
7 49 34 42 -20 23 0 0.28 M M 14.4 31 280 M M 6 13 40 280
8 59 38 49 -13 16 0 0.13 M M 19.5 35 290 M M 5 43 290
9 69 38 54 -9 11 0 0.00 M M 11.2 21 310 M M 2 8 26 270
10 79 45 62 -1 3 0 0.00 M M 6.7 13 320 M M 1 17 330
11 90 52 71 8 0 6 0.00 M M 12.0 26 180 M M 0 36 170
12 91 62 77 13 0 12 0.00 M M 14.8 24 160 M M 0 32 180
13 71 46 59 -5 6 0 T M M 13.6 31 290 M M 2 40 290
14 71 42 57 -7 8 0 0.00 M M 10.0 24 290 M M 3 30 290
15 80 42 61 -4 4 0 0.10 M M 10.5 23 300 M M 2 30 280
16 61 46 54 -11 11 0 0.23 M M 8.9 26 280 M M 8 1 33 280
17 61 44 53 -12 12 0 T M M 20.6 32 270 M M 7 39 270
18 71 43 57 -9 8 0 0.00 M M 6.9 15 220 M M 1 8 18 220
19 77 47 62 -4 3 0 0.00 M M 7.8 14 210 M M 0 18 340
20 85 54 70 4 0 5 0.00 M M 8.8 15 210 M M 1 19 210
21 82 59 71 4 0 6 0.00 M M 13.7 23 300 M M 0 8 29 310
22 84 56 70 3 0 5 0.00 M M 12.7 21 210 M M 0 27 220
23 90 55 73 6 0 8 0.00 M M 9.7 15 200 M M 0 19 230
24 94 59 77 9 0 12 T M M 12.3 37 260 M M 1 38 49 270
25 86 60 73 5 0 8 T M M 10.4 25 260 M M 1 29 260
26 91 56 74 6 0 9 0.00 M M 9.4 16 300 M M 0 23 300
27 86 62 74 5 0 9 T M M 10.4 17 320 M M 1 22 300
28 66 42 54 -15 11 0 0.25 M M 9.8 18 240 M M 8 24 230
29 53 41 47 -23 18 0 0.18 M M 11.4 22 250 M M 8 1 27 250
30 69 46 58 -12 7 0 0.01 M M 6.7 21 260 M M 7 3 29 260
================================================================================
SM 2307 1480 147 98 1.27 M 336.1 M 70
================================================================================
AV 76.9 49.3 11.2 FASTST M M 2 MAX(MPH)
MISC ----> 37 260 49 270
================================================================================
NOTES:
# LAST OF SEVERAL OCCURRENCES
COLUMN 17 PEAK WIND IN M.P.H.
PRELIMINARY LOCAL CLIMATOLOGICAL DATA (WS FORM: F-6) , PAGE 2
STATION: TWIN FALLS ID
MONTH: JUNE
YEAR: 2020
LATITUDE: 42 28 N
LONGITUDE: 114 29 W
[TEMPERATURE DATA] [PRECIPITATION DATA] SYMBOLS USED IN COLUMN 16
AVERAGE MONTHLY: 63.1 TOTAL FOR MONTH: 1.27 1 = FOG OR MIST
DPTR FM NORMAL: -1.9 DPTR FM NORMAL: 0.34 2 = FOG REDUCING VISIBILITY
HIGHEST: 95 ON 5 GRTST 24HR 0.37 ON 7- 8 TO 1/4 MILE OR LESS
LOWEST: 34 ON 7 3 = THUNDER
SNOW, ICE PELLETS, HAIL 4 = ICE PELLETS
TOTAL MONTH: M 5 = HAIL
GRTST 24HR M ON M 6 = FREEZING RAIN OR DRIZZLE
GRTST DEPTH: M ON M 7 = DUSTSTORM OR SANDSTORM:
VSBY 1/2 MILE OR LESS
8 = SMOKE OR HAZE
[NO. OF DAYS WITH] [WEATHER - DAYS WITH] 9 = BLOWING SNOW
X = TORNADO
MAX 32 OR BELOW: 0 0.01 INCH OR MORE: 8
MAX 90 OR ABOVE: 6 0.10 INCH OR MORE: 6
MIN 32 OR BELOW: 0 0.50 INCH OR MORE: 0
MIN 0 OR BELOW: 0 1.00 INCH OR MORE: 0
[HDD (BASE 65) ]
TOTAL THIS MO. 147 CLEAR (SCALE 0-3) 21
DPTR FM NORMAL 60 PTCLDY (SCALE 4-7) 8
TOTAL FM JUL 1 6290 CLOUDY (SCALE 8-10) 1
DPTR FM NORMAL 118
[CDD (BASE 65) ]
TOTAL THIS MO. 98
DPTR FM NORMAL 11 [PRESSURE DATA]
TOTAL FM JAN 1 129 HIGHEST SLP 30.21 ON 9
DPTR FM NORMAL 20 LOWEST SLP 29.38 ON 5
[REMARKS]
#FINAL-06-20#