000
CXUS54 KSHV 011400
CF6TXK
PRELIMINARY LOCAL CLIMATOLOGICAL DATA (WS FORM: F-6)
STATION: TEXARKANA
MONTH: FEBRUARY
YEAR: 2023
LATITUDE: 33 27 N
LONGITUDE: 94 0 W
TEMPERATURE IN F: :PCPN: SNOW: WIND :SUNSHINE: SKY :PK WND
================================================================================
1 2 3 4 5 6A 6B 7 8 9 10 11 12 13 14 15 16 17 18
12Z AVG MX 2MIN
DY MAX MIN AVG DEP HDD CDD WTR SNW DPTH SPD SPD DIR MIN PSBL S-S WX SPD DR
================================================================================
1 35 33 34 -12 31 0 0.27 0.0 0 7.2 13 30 M M 10 16 18 40
2 42 34 38 -8 27 0 0.97 0.0 0 5.6 12 20 M M 10 1 16 20
3 54 35 45 -1 20 0 0.00 0.0 0 4.9 14 60 M M 2 1 18 60
4 59 33 46 0 19 0 0.00 0.0 0 6.2 14 200 M M 0 19 190
5 70 45 58 12 7 0 0.00 0.0 0 8.2 16 240 M M 1 21 230
6 71 54 63 17 2 0 0.00 0.0 0 9.6 17 170 M M 5 12 23 170
7 76 55 66 19 0 1 0.02 0.0 0 6.9 17 210 M M 8 22 180
8 65 46 56 9 9 0 1.52 0.0 0 10.9 25 260 M M 10 13 39 250
9 65 40 53 6 12 0 0.00 0.0 0 6.4 20 250 M M 0 27 240
10 49 43 46 -1 19 0 0.58 0.0 0 7.2 12 40 M M 8 1 17 80
11 57 39 48 1 17 0 0.28 0.0 0 8.5 15 310 M M 6 1 23 40
12 65 33 49 1 16 0 0.00 0.0 0 3.7 12 200 M M 0 16 220
13 70 45 58 10 7 0 0.00 0.0 0 7.6 16 250 M M 0 20 250
14 71 55 63 15 2 0 0.26 0.0 0 12.4 26 210 M M 4 1 38 200
15 78 57 68 20 0 3 0.00 0.0 0 10.1 18 140 M M 4 18 24 140
16 73 37 55 7 10 0 0.17 0.0 0 14.5 25 290 M M 8 3 33 300
17 54 34 44 -5 21 0 0.00 0.0 0 7.6 20 350 M M 3 30 360
18 59 31 45 -4 20 0 0.00 0.0 0 4.5 14 130 M M 0 18 150
19 74 45 60 11 5 0 0.00 0.0 0 11.4 21 240 M M 0 27 230
20 81 62 72 23 0 7 0.00 0.0 0 13.6 28 230 M M 0 36 230
21 88 63 76 26 0 11 0.00 0.0 0 10.3 22 180 M M 2 34 180
22 75 61 68 18 0 3 0.27 0.0 0 10.6 35 270 M M 6 51 270
23 76 59 68 18 0 3 0.00 0.0 0 9.2 17 310 M M 9 18 22 40
24 59 46 53 3 12 0 0.13 0.0 0 10.9 20 60 M M 10 18 28 30
25 52 45 49 -2 16 0 0.01 0.0 0 3.2 9 320 M M 10 18 11 20
26 72 50 61 10 4 0 0.01 0.0 0 6.6 23 170 M M 8 128 36 180
27 80 55 68 17 0 3 0.05 0.0 0 10.8 26 280 M M 3 8 41 290
28 88 48 68 17 0 3 0.00 0.0 0 8.2 23 230 M M 0 31 230
================================================================================
SM 1858 1283 276 34 4.54 0.0 236.8 M 127
================================================================================
AV 66.4 45.8 8.5 FASTST M M 5 MAX(MPH)
MISC ----> 35 270 51 270
================================================================================
NOTES:
# LAST OF SEVERAL OCCURRENCES
COLUMN 17 PEAK WIND IN M.P.H.
PRELIMINARY LOCAL CLIMATOLOGICAL DATA (WS FORM: F-6) , PAGE 2
STATION: TEXARKANA
MONTH: FEBRUARY
YEAR: 2023
LATITUDE: 33 27 N
LONGITUDE: 94 0 W
[TEMPERATURE DATA] [PRECIPITATION DATA] SYMBOLS USED IN COLUMN 16
AVERAGE MONTHLY: 56.1 TOTAL FOR MONTH: 4.54 1 = FOG OR MIST
DPTR FM NORMAL: 7.8 DPTR FM NORMAL: 0.26 2 = FOG REDUCING VISIBILITY
HIGHEST: 88 ON 28,21 GRTST 24HR 1.54 ON 7- 8 TO 1/4 MILE OR LESS
LOWEST: 31 ON 18 3 = THUNDER
SNOW, ICE PELLETS, HAIL 4 = ICE PELLETS
TOTAL MONTH: 0.0 INCH 5 = HAIL
GRTST 24HR 0.0 6 = FREEZING RAIN OR DRIZZLE
GRTST DEPTH: 0 7 = DUSTSTORM OR SANDSTORM:
VSBY 1/2 MILE OR LESS
8 = SMOKE OR HAZE
[NO. OF DAYS WITH] [WEATHER - DAYS WITH] 9 = BLOWING SNOW
X = TORNADO
MAX 32 OR BELOW: 0 0.01 INCH OR MORE: 13
MAX 90 OR ABOVE: 0 0.10 INCH OR MORE: 9
MIN 32 OR BELOW: 1 0.50 INCH OR MORE: 3
MIN 0 OR BELOW: 0 1.00 INCH OR MORE: 1
[HDD (BASE 65) ]
TOTAL THIS MO. 276 CLEAR (SCALE 0-3) 12
DPTR FM NORMAL -196 PTCLDY (SCALE 4-7) 10
TOTAL FM JUL 1 1429 CLOUDY (SCALE 8-10) 6
DPTR FM NORMAL -717
[CDD (BASE 65) ]
TOTAL THIS MO. 34
DPTR FM NORMAL 30 [PRESSURE DATA]
TOTAL FM JAN 1 60 HIGHEST SLP 30.60 ON 3
DPTR FM NORMAL 58 LOWEST SLP 29.56 ON 27
[REMARKS]
#FINAL-02-23#