000
CXUS54 KSHV 011400
CF6TXK
PRELIMINARY LOCAL CLIMATOLOGICAL DATA (WS FORM: F-6)
STATION: TEXARKANA
MONTH: FEBRUARY
YEAR: 2022
LATITUDE: 33 27 N
LONGITUDE: 94 0 W
TEMPERATURE IN F: :PCPN: SNOW: WIND :SUNSHINE: SKY :PK WND
================================================================================
1 2 3 4 5 6A 6B 7 8 9 10 11 12 13 14 15 16 17 18
12Z AVG MX 2MIN
DY MAX MIN AVG DEP HDD CDD WTR SNW DPTH SPD SPD DIR MIN PSBL S-S WX SPD DR
================================================================================
1 70 49 60 14 5 0 0.05 0.0 0 7.2 16 170 M M 8 18 22 170
2 65 39 52 6 13 0 0.29 0.0 0 9.2 22 60 M M 10 18 33 60
3 38 31 35 -11 30 0 1.61 T 0 9.6 23 40 M M 10 14 34 40
4 40 29 35 -11 30 0 T 0.0 0 7.3 13 20 M M 7 8 20 360
5 51 24 38 -8 27 0 0.00 0.0 0 4.0 9 250 M M 0 12 250
6 55 28 42 -4 23 0 0.00 0.0 0 3.5 12 230 M M 0 16 180
7 59 29 44 -3 21 0 0.00 0.0 0 3.3 14 360 M M 0 18 360
8 65 32 49 2 16 0 0.00 0.0 0 8.3 20 210 M M 0 25 230
9 70 35 53 6 12 0 0.00 0.0 0 5.1 12 330 M M 0 16 300
10 73 37 55 8 10 0 0.00 0.0 0 4.4 15 230 M M 0 8 18 230
11 76 46 61 14 4 0 0.00 0.0 0 11.5 25 230 M M 0 32 230
12 61 30 46 -2 19 0 0.17 0.0 0 9.0 22 350 M M 6 1 40 350
13 61 26 44 -4 21 0 0.00 0.0 0 5.4 18 250 M M 0 23 260
14 73 32 53 5 12 0 0.00 0.0 0 6.8 18 260 M M 0 23 220
15 70 42 56 8 9 0 0.00 0.0 0 11.3 21 200 M M 1 28 200
16 74 59 67 19 0 2 T 0.0 0 14.1 24 180 M M 9 40 160
17 69 33 51 2 14 0 1.43 0.0 0 15.2 29 300 M M 9 13 39 280
18 52 30 41 -8 24 0 0.00 0.0 0 4.2 10 10 M M 1 15 340
19 63 33 48 -1 17 0 0.00 0.0 0 4.3 12 150 M M 0 15 130
20 68 44 56 7 9 0 0.00 0.0 0 10.3 20 200 M M 1 25 190
21 79 54 67 17 0 2 T 0.0 0 9.0 21 190 M M 8 1 28 190
22 78 44 61 11 4 0 0.01 0.0 0 11.5 22 290 M M 8 8 27 290
23 44 32 38 -12 27 0 0.24 T 0 9.8 18 60 M M 10 136 24 50
24 39 34 37 -13 28 0 0.23 0.0 0 7.0 15 310 M M 10 136 20 320
25 42 30 36 -15 29 0 0.00 0.0 0 9.0 18 50 M M 10 24 50
26 39 32 36 -15 29 0 0.46 0.0 0 7.2 14 60 M M 10 16 18 60
27 57 35 46 -5 19 0 0.00 0.0 0 5.0 14 350 M M 4 1 20 320
28 65 31 48 -3 17 0 0.00 0.0 0 2.1 9 240 M M 0 8 11 340
================================================================================
SM 1696 1000 469 4 4.49 T 214.6 M 122
================================================================================
AV 60.6 35.7 7.7 FASTST M M 4 MAX(MPH)
MISC ----> 29 300 # 40 350
================================================================================
NOTES:
# LAST OF SEVERAL OCCURRENCES
COLUMN 17 PEAK WIND IN M.P.H.
PRELIMINARY LOCAL CLIMATOLOGICAL DATA (WS FORM: F-6) , PAGE 2
STATION: TEXARKANA
MONTH: FEBRUARY
YEAR: 2022
LATITUDE: 33 27 N
LONGITUDE: 94 0 W
[TEMPERATURE DATA] [PRECIPITATION DATA] SYMBOLS USED IN COLUMN 16
AVERAGE MONTHLY: 48.1 TOTAL FOR MONTH: 4.49 1 = FOG OR MIST
DPTR FM NORMAL: -0.2 DPTR FM NORMAL: 0.21 2 = FOG REDUCING VISIBILITY
HIGHEST: 79 ON 21 GRTST 24HR 1.90 ON 2- 3 TO 1/4 MILE OR LESS
LOWEST: 24 ON 5 3 = THUNDER
SNOW, ICE PELLETS, HAIL 4 = ICE PELLETS
TOTAL MONTH: T 5 = HAIL
GRTST 24HR T ON 3- 3 6 = FREEZING RAIN OR DRIZZLE
GRTST DEPTH: 0 7 = DUSTSTORM OR SANDSTORM:
VSBY 1/2 MILE OR LESS
8 = SMOKE OR HAZE
[NO. OF DAYS WITH] [WEATHER - DAYS WITH] 9 = BLOWING SNOW
X = TORNADO
MAX 32 OR BELOW: 0 0.01 INCH OR MORE: 9
MAX 90 OR ABOVE: 0 0.10 INCH OR MORE: 7
MIN 32 OR BELOW: 14 0.50 INCH OR MORE: 2
MIN 0 OR BELOW: 0 1.00 INCH OR MORE: 2
[HDD (BASE 65) ]
TOTAL THIS MO. 469 CLEAR (SCALE 0-3) 14
DPTR FM NORMAL -3 PTCLDY (SCALE 4-7) 5
TOTAL FM JUL 1 1587 CLOUDY (SCALE 8-10) 9
DPTR FM NORMAL -559
[CDD (BASE 65) ]
TOTAL THIS MO. 4
DPTR FM NORMAL 0 [PRESSURE DATA]
TOTAL FM JAN 1 4 HIGHEST SLP 30.62 ON 4
DPTR FM NORMAL 2 LOWEST SLP 29.67 ON 17
[REMARKS]
#FINAL-02-22#