000
CXUS54 KMRX 012027
CLMTYS
CLIMATE REPORT
NATIONAL WEATHER SERVICE MORRISTOWN, TN
327 PM EST FRI DEC 01 2023
...................................
...THE KNOXVILLE MCGHEE TYSON AIRPORT CLIMATE SUMMARY FOR THE MONTH OF NOVEMBER 2023...
CLIMATE NORMAL PERIOD: 1991 TO 2020
CLIMATE RECORD PERIOD: 1871 TO 2023
WEATHER OBSERVED NORMAL DEPART
VALUE DATE(S) VALUE FROM
NORMAL
................................................
TEMPERATURE (F)
HIGHEST 81 11/08
LOWEST 21 11/29
AVG. MAXIMUM 64.0 60.0 4.0
AVG. MINIMUM 40.4 38.1 2.3
MEAN 52.2 49.0 3.2
DAYS MAX >= 90 0
DAYS MAX <= 32 0
DAYS MIN <= 32 8
DAYS MIN <= 0 0
PRECIPITATION (INCHES)
RECORD
MAXIMUM 10.36 1948
MINIMUM 0.17 1890
TOTALS 1.85 4.21 -2.36
DAYS >= .01 6
DAYS >= .10 2
DAYS >= .50 1
DAYS >= 1.00 1
GREATEST
24 HR. TOTAL 1.48 11/21 TO 11/21
SNOWFALL (INCHES)
TOTALS 0.0 0.1 -0.1
SINCE 7/1 0.0
SNOWDEPTH AVG. 0
DAYS >= TRACE 0
GREATEST
SNOW DEPTH 0
DEGREE DAYS
HEATING TOTAL 383 482 -99
SINCE 7/1 529 687 -158
COOLING TOTAL 7 3 4
SINCE 1/1 1557 1572 -15
................................................
WEATHER CONDITIONS. NUMBER OF DAYS WITH
THUNDERSTORM 0 RAIN 3
SNOW 0 FOG 5
FOG W/VIS <= 1/4 MILE 0
- INDICATES NEGATIVE NUMBERS.
R INDICATES RECORD WAS SET OR TIED.
MM INDICATES DATA IS MISSING.
T INDICATES TRACE AMOUNT.
$$