000
CXUS56 KPQR 291201
CF6UAO
PRELIMINARY LOCAL CLIMATOLOGICAL DATA (WS FORM: F-6)
STATION: AURORA STATE OR
MONTH: MARCH
YEAR: 2024
LATITUDE: 45 15 N
LONGITUDE: 122 46 W
TEMPERATURE IN F: :PCPN: SNOW: WIND :SUNSHINE: SKY :PK WND
================================================================================
1 2 3 4 5 6A 6B 7 8 9 10 11 12 13 14 15 16 17 18
12Z AVG MX 2MIN
DY MAX MIN AVG DEP HDD CDD WTR SNW DPTH SPD SPD DIR MIN PSBL S-S WX SPD DR
================================================================================
1 44 34 39 -7 26 0 0.35 M M 9.9 23 190 M M 9 1 38 190
2 43 33 38 -9 27 0 0.29 M M 9.1 22 180 M M 9 1 31 180
3 41 34 38 -9 27 0 0.12 M M 10.0 23 180 M M 9 1 34 190
4 40 33 37 -10 28 0 0.13 M M 4.9 16 180 M M 9 1 22 190
5 46 32 39 -8 26 0 T M M 3.8 12 350 M M 7 1 16 30
6 49 26 38 -9 27 0 0.00 M M 2.4 13 30 M M 5 12 16 30
7 51 30 41 -6 24 0 0.00 M M 0.5 6 230 M M 2 9 260
8 61 31 46 -1 19 0 0.00 M M 0.8 8 250 M M 0 11 250
9 53 38 46 -2 19 0 0.04 M M 9.9 30 180 M M 7 50 200
10 53 42 48 0 17 0 0.38 M M 13.5 29 180 M M 10 1 43 190
11 50 44 47 -1 18 0 0.24 M M 10.4 26 190 M M 10 18 40 190
12 52 41 47 -1 18 0 0.11 M M 7.7 17 250 M M 8 1 30 260
13 54 38 46 -2 19 0 T M M 1.0 6 220 M M 6 9 220
14 64 36 50 2 15 0 0.00 M M 9.3 18 10 M M 0 26 360
15 72 44 58 10 7 0 0.00 M M 11.4 21 10 M M 0 32 10
16 75 47 61 13 4 0 0.00 M M 3.6 13 40 M M 0 18 30
17 75 39 57 9 8 0 0.00 M M 1.4 9 360 M M 0 10 20
18 75 42 59 11 6 0 0.00 M M 1.2 9 360 M M 0 1 14 360
19 65 43 54 5 11 0 0.00 M M 3.8 12 190 M M 1 1 17 190
20 57 46 52 3 13 0 0.00 M M 5.1 12 220 M M 10 1 20 240
21 62 49 56 7 9 0 T M M 5.8 15 180 M M 8 18 21 180
22 59 46 53 4 12 0 0.05 M M 4.1 12 170 M M 7 12 15 180
23 54 39 47 -2 18 0 0.18 M M 4.8 22 190 M M 9 12 30 200
24 54 40 47 -2 18 0 0.05 M M 5.2 14 180 M M 8 1 18 180
25 54 44 49 0 16 0 0.08 M M 6.9 16 180 M M 9 1 23 190
26 56 44 50 1 15 0 0.10 M M 5.2 17 190 M M 8 18 23 190
27 56 45 51 2 14 0 0.40 M M 10.4 26 200 M M 8 138 42 220
28 51 45 48 -2 17 0 0.08 M M 14.1 29 170 M M 9 44 180
================================================================================
SM 1566 1105 478 0 2.60 M 176.2 M 168
================================================================================
AV 55.9 39.5 6.3 FASTST M M 6 MAX(MPH)
MISC ----> 30 180 50 200
================================================================================
NOTES:
# LAST OF SEVERAL OCCURRENCES
COLUMN 17 PEAK WIND IN M.P.H.
PRELIMINARY LOCAL CLIMATOLOGICAL DATA (WS FORM: F-6) , PAGE 2
STATION: AURORA STATE OR
MONTH: MARCH
YEAR: 2024
LATITUDE: 45 15 N
LONGITUDE: 122 46 W
[TEMPERATURE DATA] [PRECIPITATION DATA] SYMBOLS USED IN COLUMN 16
AVERAGE MONTHLY: 47.7 TOTAL FOR MONTH: 2.60 1 = FOG OR MIST
DPTR FM NORMAL: -0.4 DPTR FM NORMAL: -1.39 2 = FOG REDUCING VISIBILITY
HIGHEST: 75 ON 18,17 GRTST 24HR 0.67 ON 29- 1 TO 1/4 MILE OR LESS
LOWEST: 26 ON 6 3 = THUNDER
SNOW, ICE PELLETS, HAIL 4 = ICE PELLETS
TOTAL MONTH: M 5 = HAIL
GRTST 24HR M ON M 6 = FREEZING RAIN OR DRIZZLE
GRTST DEPTH: M ON M 7 = DUSTSTORM OR SANDSTORM:
VSBY 1/2 MILE OR LESS
8 = SMOKE OR HAZE
[NO. OF DAYS WITH] [WEATHER - DAYS WITH] 9 = BLOWING SNOW
X = TORNADO
MAX 32 OR BELOW: 0 0.01 INCH OR MORE: 15
MAX 90 OR ABOVE: 0 0.10 INCH OR MORE: 10
MIN 32 OR BELOW: 4 0.50 INCH OR MORE: 0
MIN 0 OR BELOW: 0 1.00 INCH OR MORE: 0
[HDD (BASE 65) ]
TOTAL THIS MO. 478 CLEAR (SCALE 0-3) 8
DPTR FM NORMAL 4 PTCLDY (SCALE 4-7) 9
TOTAL FM JUL 1 3303 CLOUDY (SCALE 8-10) 11
DPTR FM NORMAL -122
[CDD (BASE 65) ]
TOTAL THIS MO. 0
DPTR FM NORMAL 0 [PRESSURE DATA]
TOTAL FM JAN 1 0 HIGHEST SLP M ON M
DPTR FM NORMAL 0 LOWEST SLP 29.31 ON 1
[REMARKS]