000
CXUS53 KLSX 011647 CCA
CLSUIN
CLIMATE REPORT
NATIONAL WEATHER SERVICE ST LOUIS MO
1120 AM CDT THU SEP 01 2022
...................................
...THE QUINCY IL CLIMATE SUMMARY FOR THE SEASON, FROM
6/1/2022 TO 8/31/2022...
CLIMATE NORMAL PERIOD 1991 TO 2020
CLIMATE RECORD PERIOD 1901 TO 2022
WEATHER OBSERVED NORMAL DEPART LAST YEAR`S
VALUE DATE(S) VALUE FROM VALUE
NORMAL
..............................................................
TEMPERATURE (F)
RECORD
HIGH 114 07/15/1936
LOW 39 06/12/1903
HIGHEST 99 07/05
LOWEST 54 06/27
06/03
AVG. MAXIMUM 85.5 84.3 1.2
AVG. MINIMUM 66.0 64.7 1.3
MEAN 75.8 74.5 1.3
DAYS MAX >= 90 20
DAYS MAX <= 32 0
DAYS MAX >= 100 0
DAYS MIN <= 32 0
DAYS MIN <= 0 0
PRECIPITATION (INCHES)
RECORD
MAXIMUM 21.85 1915
MINIMUM 2.68 1936
TOTALS 10.66 11.92 -1.26
DAYS >= .01 24
DAYS >= .10 13
DAYS >= .50 7
DAYS >= 1.00 3
GREATEST
24 HR. TOTAL 3.42 07/07 TO 07/08
DEGREE DAYS
HEATING TOTAL 0 18 -18
SINCE 7/1 0 5 -5
COOLING TOTAL 1014 893 121
SINCE 1/1 1183 996 187
..............................................................
WIND (MPH)
HIGHEST WIND SPEED/DIRECTION 36/300 DATE 07/08
HIGHEST GUST SPEED/DIRECTION 56/320 DATE 07/08
WEATHER CONDITIONS. NUMBER OF DAYS WITH
THUNDERSTORM 15 HAIL 0
FOG W/VIS <= 1/4 MILE 8
- INDICATES NEGATIVE NUMBERS.
R INDICATES RECORD WAS SET OR TIED.
MM INDICATES DATA IS MISSING.
T INDICATES TRACE AMOUNT.
$$
...SEASONAL...
NO RECORDS OF NOTE.
...MONTHLY...
9TH DRIEST AUGUST ON RECORD (0.72 INCHES).
...DAILY...
3 RECORD HIGH MINIMUM TEMPERATURES SET OR TIED (06/15, 06/14, AND
06/13).
GOSSELIN