000
CXUS56 KEKA 011230
CF6UKI
PRELIMINARY LOCAL CLIMATOLOGICAL DATA (WS FORM: F-6)
STATION: UKIAH CA
MONTH: OCTOBER
YEAR: 2022
LATITUDE: 39 7 N
LONGITUDE: 123 12 W
TEMPERATURE IN F: :PCPN: SNOW: WIND :SUNSHINE: SKY :PK WND
================================================================================
1 2 3 4 5 6A 6B 7 8 9 10 11 12 13 14 15 16 17 18
12Z AVG MX 2MIN
DY MAX MIN AVG DEP HDD CDD WTR SNW DPTH SPD SPD DIR MIN PSBL S-S WX SPD DR
================================================================================
1 83 51 67 1 0 2 0.00 M M 4.3 15 160 M M 0 22 170
2 77 54 66 0 0 1 T M M 3.6 10 130 M M 5 18 14 140
3 86 48 67 1 0 2 0.00 M M 1.5 10 20 M M 2 12 14 20
4 89 50 70 4 0 5 0.00 M M 1.4 9 130 M M 0 14 130
5 92 50 71 6 0 6 0.00 M M 1.3 10 270 M M 0 15 290
6 92 53 73 8 0 8 0.00 M M 1.6 8 20 M M 0 13 140
7 95 52 74 9 0 9 0.00 M M 0.3 8 300 M M 0 11 320
8 97 51 74 10 0 9 0.00 M M 0.8 10 310 M M 0 13 290
9 96 49 73 9 0 8 0.00 M M 1.2 10 320 M M 0 16 290
10 93 48 71 7 0 6 0.00 M M 0.9 13 330 M M 0 16 330
11 90 48 69 5 0 4 0.00 M M 2.0 12 140 M M 0 17 170
12 92 49 71 8 0 6 0.00 M M 0.8 13 340 M M 0 17 330
13 91 49 70 7 0 5 0.00 M M 0.6 7 130 M M 2 12 9 120
14 92 47 70 7 0 5 0.00 M M 1.1 7 180 M M 0 11 160
15 75 51 63 1 2 0 0.00 M M 5.8 14 160 M M 4 1 22 170
16 70 55 63 1 2 0 0.00 M M 3.4 9 150 M M 7 14 130
17 80 56 68 6 0 3 0.00 M M 1.4 9 320 M M 4 12 310
18 87 51 69 7 0 4 0.00 M M 0.8 7 270 M M 0 9 270
19 94 47 71 10 0 6 0.00 M M 0.7 7 290 M M 0 8 11 320
20 94 45 70 9 0 5 0.00 M M 0.7 8 260 M M 0 11 240
21 85 45 65 4 0 0 0.00 M M 4.0 17 340 M M 0 29 320
22 70 52 61 1 4 0 0.00 M M 11.5 24 290 M M 1 35 310
23 68 40 54 -6 11 0 0.00 M M 3.9 13 350 M M 0 19 340
24 76 38 57 -3 8 0 0.00 M M 3.0 16 310 M M 0 24 330
25 73 44 59 0 6 0 0.00 M M 2.4 13 330 M M 0 17 340
26 68 43 56 -3 9 0 0.00 M M 3.6 15 300 M M 0 8 21 350
27 74 37 56 -3 9 0 0.00 M M 0.6 6 220 M M 0 11 240
28 73 38 56 -2 9 0 0.00 M M 1.0 14 320 M M 0 19 320
29 74 37 56 -2 9 0 0.00 M M 2.0 14 340 M M 0 8 19 330
30 79 39 59 1 6 0 0.00 M M 0.7 8 340 M M 0 1 12 360
31 75 43 59 2 6 0 0.00 M M 1.6 13 140 M M 0 18 17 130
================================================================================
SM 2580 1460 81 94 T M 68.5 M 25
================================================================================
AV 83.2 47.1 2.2 FASTST M M 1 MAX(MPH)
MISC ----> 24 290 35 310
================================================================================
NOTES:
# LAST OF SEVERAL OCCURRENCES
COLUMN 17 PEAK WIND IN M.P.H.
PRELIMINARY LOCAL CLIMATOLOGICAL DATA (WS FORM: F-6) , PAGE 2
STATION: UKIAH CA
MONTH: OCTOBER
YEAR: 2022
LATITUDE: 39 7 N
LONGITUDE: 123 12 W
[TEMPERATURE DATA] [PRECIPITATION DATA] SYMBOLS USED IN COLUMN 16
AVERAGE MONTHLY: 65.2 TOTAL FOR MONTH: T 1 = FOG OR MIST
DPTR FM NORMAL: 3.2 DPTR FM NORMAL: -1.78 2 = FOG REDUCING VISIBILITY
HIGHEST: 97 ON 8 GRTST 24HR T ON 2- 2 TO 1/4 MILE OR LESS
LOWEST: 37 ON 29,27 3 = THUNDER
SNOW, ICE PELLETS, HAIL 4 = ICE PELLETS
TOTAL MONTH: M 5 = HAIL
GRTST 24HR M ON M 6 = FREEZING RAIN OR DRIZZLE
GRTST DEPTH: M ON M 7 = DUSTSTORM OR SANDSTORM:
VSBY 1/2 MILE OR LESS
8 = SMOKE OR HAZE
[NO. OF DAYS WITH] [WEATHER - DAYS WITH] 9 = BLOWING SNOW
X = TORNADO
MAX 32 OR BELOW: 0 0.01 INCH OR MORE: 0
MAX 90 OR ABOVE: 12 0.10 INCH OR MORE: 0
MIN 32 OR BELOW: 0 0.50 INCH OR MORE: 0
MIN 0 OR BELOW: 0 1.00 INCH OR MORE: 0
[HDD (BASE 65) ]
TOTAL THIS MO. 81 CLEAR (SCALE 0-3) 27
DPTR FM NORMAL -49 PTCLDY (SCALE 4-7) 4
TOTAL FM JUL 1 91 CLOUDY (SCALE 8-10) 0
DPTR FM NORMAL -61
[CDD (BASE 65) ]
TOTAL THIS MO. 94
DPTR FM NORMAL 55 [PRESSURE DATA]
TOTAL FM JAN 1 1282 HIGHEST SLP 30.29 ON 29
DPTR FM NORMAL 277 LOWEST SLP 29.69 ON 14
[REMARKS]
#FINAL-10-22#