000
CXUS53 KSGF 010710
CF6UNO
PRELIMINARY LOCAL CLIMATOLOGICAL DATA (WS FORM: F-6)
STATION: WEST PLAINS MO
MONTH: SEPTEMBER
YEAR: 2021
LATITUDE: 36 52 N
LONGITUDE: 91 55 W
TEMPERATURE IN F: :PCPN: SNOW: WIND :SUNSHINE: SKY :PK WND
================================================================================
1 2 3 4 5 6A 6B 7 8 9 10 11 12 13 14 15 16 17 18
12Z AVG MX 2MIN
DY MAX MIN AVG DEP HDD CDD WTR SNW DPTH SPD SPD DIR MIN PSBL S-S WX SPD DR
================================================================================
1 88 68 78 4 0 13 0.00 M M 6.3 14 40 M M 4 8 22 50
2 87 61 74 0 0 9 0.00 M M 5.5 12 130 M M 0 18 180
3 87 60 74 1 0 9 0.00 M M 5.5 12 190 M M 1 16 190
4 93 73 83 10 0 18 0.97 M M 6.4 15 310 M M 7 13 25 300
5 86 61 74 1 0 9 0.00 M M 6.3 14 10 M M 4 20 10
6 87 57 72 0 0 7 0.00 M M 2.3 9 190 M M 0 14 250
7 89 61 75 3 0 10 0.00 M M 5.1 12 190 M M 0 18 220
8 85 59 72 0 0 7 0.00 M M 7.2 17 340 M M 2 29 300
9 85 53 69 -3 0 4 0.00 M M 3.5 13 20 M M 1 19 30
10 87 58 73 2 0 8 0.00 M M 5.1 12 200 M M 1 17 190
11 87 66 77 6 0 12 0.00 M M 7.4 14 200 M M 0 21 210
12 86 66 76 6 0 11 0.00 M M 6.2 13 140 M M 0 18 170
13 90 65 78 8 0 13 0.00 M M 6.8 15 160 M M 2 1 24 150
14 91 70 81 11 0 16 0.00 M M 5.7 13 220 M M 2 20 220
15 89 64 77 8 0 12 0.00 M M 6.5 16 60 M M 3 21 10
16 88 61 75 6 0 10 0.00 M M 5.2 12 130 M M 2 19 90
17 91 64 78 9 0 13 0.00 M M 4.4 15 120 M M 4 1 21 30
18 85 65 75 7 0 10 0.00 M M 4.7 13 40 M M 5 12 17 60
19 83 66 75 7 0 10 0.00 M M 5.1 13 120 M M 6 12 18 150
20 89 71 80 12 0 15 0.00 M M 8.8 16 180 M M 4 23 180
21 75 57 66 -1 0 1 0.56 M M 8.1 17 340 M M 7 13 25 350
22 75 50 63 -4 2 0 0.00 M M 6.9 18 320 M M 0 29 330
23 77 46 62 -4 3 0 0.00 M M 2.0 13 310 M M 0 17 270
24 81 46 64 -2 1 0 0.00 M M 4.4 13 210 M M 0 18 210
25 79 52 66 0 0 1 T M M 4.3 12 330 M M 1 17 350
26 87 49 68 3 0 3 0.00 M M 5.9 14 180 M M 0 21 180
27 89 63 76 11 0 11 0.00 M M 6.8 14 220 M M 0 22 230
28 87 60 74 9 0 9 0.00 M M 4.4 14 180 M M 0 8 21 170
29 84 62 73 9 0 8 0.20 M M 4.5 15 160 M M 3 12 21 160
30 75 67 71 7 0 6 0.17 M M 5.8 15 130 M M 7 18 23 120
================================================================================
SM 2562 1821 6 255 1.90 M 167.1 M 66
================================================================================
AV 85.4 60.7 5.6 FASTST M M 2 MAX(MPH)
MISC ----> 18 320 # 29 300
================================================================================
NOTES:
# LAST OF SEVERAL OCCURRENCES
COLUMN 17 PEAK WIND IN M.P.H.
PRELIMINARY LOCAL CLIMATOLOGICAL DATA (WS FORM: F-6) , PAGE 2
STATION: WEST PLAINS MO
MONTH: SEPTEMBER
YEAR: 2021
LATITUDE: 36 52 N
LONGITUDE: 91 55 W
[TEMPERATURE DATA] [PRECIPITATION DATA] SYMBOLS USED IN COLUMN 16
AVERAGE MONTHLY: 73.1 TOTAL FOR MONTH: 1.90 1 = FOG OR MIST
DPTR FM NORMAL: 4.0 DPTR FM NORMAL: -1.19 2 = FOG REDUCING VISIBILITY
HIGHEST: 93 ON 4 GRTST 24HR 0.97 ON 4- 4 TO 1/4 MILE OR LESS
LOWEST: 46 ON 24,23 3 = THUNDER
SNOW, ICE PELLETS, HAIL 4 = ICE PELLETS
TOTAL MONTH: M 5 = HAIL
GRTST 24HR M ON M 6 = FREEZING RAIN OR DRIZZLE
GRTST DEPTH: M ON M 7 = DUSTSTORM OR SANDSTORM:
VSBY 1/2 MILE OR LESS
8 = SMOKE OR HAZE
[NO. OF DAYS WITH] [WEATHER - DAYS WITH] 9 = BLOWING SNOW
X = TORNADO
MAX 32 OR BELOW: 0 0.01 INCH OR MORE: 4
MAX 90 OR ABOVE: 4 0.10 INCH OR MORE: 4
MIN 32 OR BELOW: 0 0.50 INCH OR MORE: 2
MIN 0 OR BELOW: 0 1.00 INCH OR MORE: 0
[HDD (BASE 65) ]
TOTAL THIS MO. 6 CLEAR (SCALE 0-3) 19
DPTR FM NORMAL -34 PTCLDY (SCALE 4-7) 11
TOTAL FM JUL 1 6 CLOUDY (SCALE 8-10) 0
DPTR FM NORMAL -34
[CDD (BASE 65) ]
TOTAL THIS MO. 255
DPTR FM NORMAL 92 [PRESSURE DATA]
TOTAL FM JAN 1 1521 HIGHEST SLP M ON M
DPTR FM NORMAL 186 LOWEST SLP 29.76 ON 1
[REMARKS]
#FINAL-09-21#