000
CDUS43 KUNR 280832
CLIUNR


CLIMATE REPORT
NATIONAL WEATHER SERVICE RAPID CITY SD
232 AM MDT SAT MAY 28 2016


...................................

...THE EAST RAPID CITY SD CLIMATE SUMMARY FOR MAY 27 2016...

CLIMATE NORMAL PERIOD 1981 TO 2010
CLIMATE RECORD PERIOD 1888 TO 2016


WEATHER ITEM   OBSERVED RECORD YEAR NORMAL DEPARTURE LAST
                VALUE   VALUE       VALUE  FROM      YEAR
                                           NORMAL
...........................................................
TEMPERATURE (F)
 YESTERDAY
  MAXIMUM         64     99    1969  70     -6       71
  MINIMUM         52     33    2008  48      4       48
                               1918
  AVERAGE         58                 59     -1       60

PRECIPITATION (IN)
  YESTERDAY        0.00   5.57 1926   0.14  -0.14     0.03
  MONTH TO DATE    1.11               3.57  -2.46     7.02
  SINCE MAR 1      3.34               6.66  -3.32     8.07
  SINCE JAN 1      4.15               7.43  -3.28     8.62

SNOWFALL (IN)
  YESTERDAY        0.0    T    2008   0.0    0.0      0.0
  MONTH TO DATE    T                  2.0   -2.0     13.6
  SINCE MAR 1     11.7               22.6  -10.9     15.0
  SINCE JUL 1     41.6               49.3   -7.7     50.7
  SNOW DEPTH       0

DEGREE DAYS
 HEATING
  YESTERDAY        7                  7      0        5
  MONTH TO DATE  251                282    -31      370
  SINCE MAR 1   1448               1794   -346     1509
  SINCE JUL 1   5697               6748  -1051     6205

 COOLING
  YESTERDAY        0                  1     -1        0
  MONTH TO DATE    4                 11     -7        2
  SINCE MAR 1      6                 12     -6        8
  SINCE JAN 1      6                 12     -6        8
...........................................................


WIND (MPH)
  HIGHEST GUST SPEED    25   HIGHEST GUST DIRECTION     N (20)



WEATHER CONDITIONS
 THE FOLLOWING WEATHER WAS RECORDED YESTERDAY.
  NO SIGNIFICANT WEATHER WAS OBSERVED.


..........................................................


THE EAST RAPID CITY SD CLIMATE NORMALS FOR TODAY
                         NORMAL    RECORD    YEAR
 MAXIMUM TEMPERATURE (F)   70        96      1934
 MINIMUM TEMPERATURE (F)   49        30      1947


SUNRISE AND SUNSET
MAY 28 2016...........SUNRISE   515 AM MDT   SUNSET   826 PM MDT
MAY 29 2016...........SUNRISE   514 AM MDT   SUNSET   827 PM MDT


-  INDICATES NEGATIVE NUMBERS.
R  INDICATES RECORD WAS SET OR TIED.
MM INDICATES DATA IS MISSING.
T  INDICATES TRACE AMOUNT.




$$
