000
CDUS43 KUNR 050832
CLIUNR


CLIMATE REPORT
NATIONAL WEATHER SERVICE RAPID CITY SD
131 AM MST MON DEC 5 2016


...................................

...THE EAST RAPID CITY SD CLIMATE SUMMARY FOR DECEMBER 4 2016...

CLIMATE NORMAL PERIOD 1981 TO 2010
CLIMATE RECORD PERIOD 1888 TO 2016


WEATHER ITEM   OBSERVED RECORD YEAR NORMAL DEPARTURE LAST
                VALUE   VALUE       VALUE  FROM      YEAR
                                           NORMAL
...........................................................
TEMPERATURE (F)
 YESTERDAY
  MAXIMUM         48     73    1965  38     10       55
  MINIMUM         31     -5    1909  21     10       28
  AVERAGE         40                 29     11       42

PRECIPITATION (IN)
  YESTERDAY        0.00   0.60 1960   0.01  -0.01     0.00
  MONTH TO DATE    0.00               0.04  -0.04     0.24
  SINCE DEC 1      0.00               0.04  -0.04     0.24
  SINCE JAN 1     12.95              19.51  -6.56    24.00

SNOWFALL (IN)
  YESTERDAY        0.0    4.0  1960   0.2   -0.2      0.0
  MONTH TO DATE    0.0                0.7   -0.7      4.3
  SINCE DEC 1      0.0                0.7   -0.7      4.3
  SINCE JUL 1      3.7                9.3   -5.6     10.3
  SNOW DEPTH       0

DEGREE DAYS
 HEATING
  YESTERDAY       25                 36    -11       23
  MONTH TO DATE  132                142    -10      112
  SINCE DEC 1    132                142    -10      112
  SINCE JUL 1   1163               1722   -559     1370

 COOLING
  YESTERDAY        0                  0      0        0
  MONTH TO DATE    0                  0      0        0
  SINCE DEC 1      0                  0      0        0
  SINCE JAN 1    813                665    148      716
...........................................................


WIND (MPH)
  HIGHEST GUST SPEED    21   HIGHEST GUST DIRECTION     W (280)



WEATHER CONDITIONS
 THE FOLLOWING WEATHER WAS RECORDED YESTERDAY.
  NO SIGNIFICANT WEATHER WAS OBSERVED.


..........................................................


THE EAST RAPID CITY SD CLIMATE NORMALS FOR TODAY
                         NORMAL    RECORD    YEAR
 MAXIMUM TEMPERATURE (F)   37        79      1939
 MINIMUM TEMPERATURE (F)   20        -9      1950


SUNRISE AND SUNSET
DECEMBER  5 2016......SUNRISE   713 AM MST   SUNSET   415 PM MST
DECEMBER  6 2016......SUNRISE   714 AM MST   SUNSET   415 PM MST


-  INDICATES NEGATIVE NUMBERS.
R  INDICATES RECORD WAS SET OR TIED.
MM INDICATES DATA IS MISSING.
T  INDICATES TRACE AMOUNT.




$$
