000
CDUS43 KUNR 050832
CLIUNR


CLIMATE REPORT
NATIONAL WEATHER SERVICE RAPID CITY SD
231 AM MDT WED AUG 5 2015


...................................

...THE EAST RAPID CITY SD CLIMATE SUMMARY FOR AUGUST 4 2015...

CLIMATE NORMAL PERIOD 1981 TO 2010
CLIMATE RECORD PERIOD 1888 TO 2015


WEATHER ITEM   OBSERVED RECORD YEAR NORMAL DEPARTURE LAST
                VALUE   VALUE       VALUE  FROM      YEAR
                                           NORMAL
...........................................................
TEMPERATURE (F)
 YESTERDAY
  MAXIMUM         83    103    1941  85     -2       84
  MINIMUM         64     48    1948  62      2       61
  AVERAGE         74                 74      0       73

PRECIPITATION (IN)
  YESTERDAY        0.00   1.17 1945   0.07  -0.07     0.00
  MONTH TO DATE    0.03               0.32  -0.29     0.08
  SINCE JUN 1     10.52               5.98   4.54     7.55
  SINCE JAN 1     19.88              14.03   5.85    12.73

SNOWFALL (IN)
  YESTERDAY        0.0    0.0  2002   0.0    0.0      0.0
                               2001
                               2000
  MONTH TO DATE    0.0                0.0    0.0      0.0
  SINCE JUN 1      0.0                0.0    0.0      0.0
  SINCE JUL 1      0.0                0.0    0.0      0.0
  SNOW DEPTH       0

DEGREE DAYS
 HEATING
  YESTERDAY        0                  0      0        0
  MONTH TO DATE    0                  0      0        0
  SINCE JUN 1     34                100    -66      119
  SINCE JUL 1      1                 12    -11       11

 COOLING
  YESTERDAY        9                  9      0        8
  MONTH TO DATE   40                 36      4       41
  SINCE JUN 1    370                387    -17      278
  SINCE JAN 1    378                405    -27      306
...........................................................


WIND (MPH)
  HIGHEST GUST SPEED    28   HIGHEST GUST DIRECTION    SE (150)



WEATHER CONDITIONS
 THE FOLLOWING WEATHER WAS RECORDED YESTERDAY.
  NO SIGNIFICANT WEATHER WAS OBSERVED.


..........................................................


THE EAST RAPID CITY SD CLIMATE NORMALS FOR TODAY
                         NORMAL    RECORD    YEAR
 MAXIMUM TEMPERATURE (F)   85        98      1964
 MINIMUM TEMPERATURE (F)   62        51      1948


SUNRISE AND SUNSET
AUGUST  5 2015........SUNRISE   545 AM MDT   SUNSET   812 PM MDT
AUGUST  6 2015........SUNRISE   546 AM MDT   SUNSET   811 PM MDT


-  INDICATES NEGATIVE NUMBERS.
R  INDICATES RECORD WAS SET OR TIED.
MM INDICATES DATA IS MISSING.
T  INDICATES TRACE AMOUNT.




$$
