000
CDUS43 KUNR 030835
CLIUNR


CLIMATE REPORT
NATIONAL WEATHER SERVICE RAPID CITY SD
235 AM MDT TUE MAY 3 2016


...................................

...THE EAST RAPID CITY SD CLIMATE SUMMARY FOR MAY 2 2016...

CLIMATE NORMAL PERIOD 1981 TO 2010
CLIMATE RECORD PERIOD 1888 TO 2016


WEATHER ITEM   OBSERVED RECORD YEAR NORMAL DEPARTURE LAST
                VALUE   VALUE       VALUE  FROM      YEAR
                                           NORMAL
...........................................................
TEMPERATURE (F)
 YESTERDAY
  MAXIMUM         64     84    1949  62      2       83
  MINIMUM         42     24    1954  40      2       50
  AVERAGE         53                 51      2       67

PRECIPITATION (IN)
  YESTERDAY        0.01   1.63 2008   0.11  -0.10     0.00
  MONTH TO DATE    0.01               0.23  -0.22     0.00
  SINCE MAR 1      2.24               3.32  -1.08     1.05
  SINCE JAN 1      3.05               4.09  -1.04     1.60

SNOWFALL (IN)
  YESTERDAY        0.0   12.9  2008   0.2   -0.2      0.0
  MONTH TO DATE    0.0                0.4   -0.4      0.0
  SINCE MAR 1     11.7               21.0   -9.3      1.4
  SINCE JUL 1     41.6               47.7   -6.1     37.1
  SNOW DEPTH       0

DEGREE DAYS
 HEATING
  YESTERDAY       12                 14     -2        0
  MONTH TO DATE   29                 28      1        7
  SINCE MAR 1   1226               1540   -314     1146
  SINCE JUL 1   5475               6494  -1019     5842

 COOLING
  YESTERDAY        0                  0      0        2
  MONTH TO DATE    0                  0      0        2
  SINCE MAR 1      2                  1      1        8
  SINCE JAN 1      2                  1      1        8
...........................................................


WIND (MPH)
  HIGHEST GUST SPEED    43   HIGHEST GUST DIRECTION    NW (330)



WEATHER CONDITIONS
 THE FOLLOWING WEATHER WAS RECORDED YESTERDAY.
  LIGHT RAIN


..........................................................


THE EAST RAPID CITY SD CLIMATE NORMALS FOR TODAY
                         NORMAL    RECORD    YEAR
 MAXIMUM TEMPERATURE (F)   62        88      1952
 MINIMUM TEMPERATURE (F)   41        19      1954


SUNRISE AND SUNSET
MAY  3 2016...........SUNRISE   541 AM MDT   SUNSET   759 PM MDT
MAY  4 2016...........SUNRISE   539 AM MDT   SUNSET   800 PM MDT


-  INDICATES NEGATIVE NUMBERS.
R  INDICATES RECORD WAS SET OR TIED.
MM INDICATES DATA IS MISSING.
T  INDICATES TRACE AMOUNT.




$$
