338
CDUS43 KUNR 240035
CLIUNR


CLIMATE REPORT
NATIONAL WEATHER SERVICE RAPID CITY SD
635 PM MDT TUE MAY 23 2017


...................................

...THE EAST RAPID CITY SD CLIMATE SUMMARY FOR MAY 23 2017...
VALID TODAY AS OF 0500 PM LOCAL TIME.

CLIMATE NORMAL PERIOD 1981 TO 2010
CLIMATE RECORD PERIOD 1888 TO 2017


WEATHER ITEM   OBSERVED RECORD YEAR NORMAL DEPARTURE LAST
                VALUE   VALUE       VALUE  FROM      YEAR
                                           NORMAL
...........................................................
TEMPERATURE (F)
 TODAY
  MAXIMUM         61     88    1931  69     -8       76
  MINIMUM         48     31    2002  47      1       53
  AVERAGE         55                 58     -3       65

PRECIPITATION (IN)
  TODAY            0.00   1.84 1909   0.15  -0.15     0.00
  MONTH TO DATE    1.28               2.99  -1.71     0.62
  SINCE MAR 1      3.71               6.08  -2.37     2.85
  SINCE JAN 1      4.50               6.85  -2.35     3.66

SNOWFALL (IN)
  TODAY            0.0    0.0  2002   0.0    0.0      0.0
                               2001
                               1950
  MONTH TO DATE    0.0                1.9   -1.9       T
  SINCE MAR 1      6.0               22.5  -16.5     11.7
  SINCE JUL 1     39.2               49.2  -10.0     41.6
  SNOW DEPTH       0

DEGREE DAYS
 HEATING
  TODAY           10                  8      2        0
  MONTH TO DATE  223                253    -30      225
  SINCE MAR 1   1536               1765   -229     1422
  SINCE JUL 1   6132               6719   -587     5671

 COOLING
  TODAY            0                  1     -1        0
  MONTH TO DATE   13                  7      6        4
  SINCE MAR 1     13                  8      5        6
  SINCE JAN 1     13                  8      5        6
...........................................................





WEATHER CONDITIONS
 THE FOLLOWING WEATHER WAS RECORDED TODAY.
  NO SIGNIFICANT WEATHER WAS OBSERVED.


..........................................................


THE EAST RAPID CITY SD CLIMATE NORMALS FOR TOMORROW
                         NORMAL    RECORD    YEAR
 MAXIMUM TEMPERATURE (F)   69        90      1926
 MINIMUM TEMPERATURE (F)   48        28      1924


SUNRISE AND SUNSET
MAY 23 2017...........SUNRISE   519 AM MDT   SUNSET   821 PM MDT
MAY 24 2017...........SUNRISE   518 AM MDT   SUNSET   822 PM MDT


-  INDICATES NEGATIVE NUMBERS.
R  INDICATES RECORD WAS SET OR TIED.
MM INDICATES DATA IS MISSING.
T  INDICATES TRACE AMOUNT.




$$
