000
CDUS43 KUNR 100850
CLIUNR


CLIMATE REPORT
NATIONAL WEATHER SERVICE RAPID CITY SD
150 AM MST WED FEB 10 2016


...................................

...THE EAST RAPID CITY SD CLIMATE SUMMARY FOR FEBRUARY 9 2016...

CLIMATE NORMAL PERIOD 1981 TO 2010
CLIMATE RECORD PERIOD 1888 TO 2016


WEATHER ITEM   OBSERVED RECORD YEAR NORMAL DEPARTURE LAST
                VALUE   VALUE       VALUE  FROM      YEAR
                                           NORMAL
...........................................................
TEMPERATURE (F)
 YESTERDAY
  MAXIMUM         52     70    1996  37     15       56
  MINIMUM         26    -24    1933  17      9       30
  AVERAGE         39                 27     12       43

PRECIPITATION (IN)
  YESTERDAY        0.00   0.71 1953   0.01  -0.01      T
  MONTH TO DATE    0.24               0.15   0.09     0.01
  SINCE DEC 1      1.14               0.76   0.38     0.54
  SINCE JAN 1      0.41               0.44  -0.03     0.16

SNOWFALL (IN)
  YESTERDAY        0.0    7.1  1953   0.2   -0.2      0.0
  MONTH TO DATE    3.8                2.3    1.5      0.4
  SINCE DEC 1     21.8               13.0    8.8     12.2
  SINCE JUL 1     27.8               21.6    6.2     27.5
  SNOW DEPTH       0

DEGREE DAYS
 HEATING
  YESTERDAY       26                 38    -12       22
  MONTH TO DATE  289                342    -53      263
  SINCE DEC 1   2515               2690   -175     2353
  SINCE JUL 1   3773               4270   -497     3967

 COOLING
  YESTERDAY        0                  0      0        0
  MONTH TO DATE    0                  0      0        0
  SINCE DEC 1      0                  0      0        0
  SINCE JAN 1      0                  0      0        0
...........................................................


WIND (MPH)
  HIGHEST GUST SPEED    49   HIGHEST GUST DIRECTION    NW (330)



WEATHER CONDITIONS
 THE FOLLOWING WEATHER WAS RECORDED YESTERDAY.
  NO SIGNIFICANT WEATHER WAS OBSERVED.


..........................................................


THE EAST RAPID CITY SD CLIMATE NORMALS FOR TODAY
                         NORMAL    RECORD    YEAR
 MAXIMUM TEMPERATURE (F)   38        74      1951
 MINIMUM TEMPERATURE (F)   17       -26      1939


SUNRISE AND SUNSET
FEBRUARY 10 2016......SUNRISE   700 AM MST   SUNSET   515 PM MST
FEBRUARY 11 2016......SUNRISE   658 AM MST   SUNSET   516 PM MST


-  INDICATES NEGATIVE NUMBERS.
R  INDICATES RECORD WAS SET OR TIED.
MM INDICATES DATA IS MISSING.
T  INDICATES TRACE AMOUNT.




$$
