000
CDUS43 KUNR 180833
CLIUNR


CLIMATE REPORT
NATIONAL WEATHER SERVICE RAPID CITY SD
133 AM MST WED JAN 18 2017


...................................

...THE EAST RAPID CITY SD CLIMATE SUMMARY FOR JANUARY 17 2017...

CLIMATE NORMAL PERIOD 1981 TO 2010
CLIMATE RECORD PERIOD 1888 TO 2017


WEATHER ITEM   OBSERVED RECORD YEAR NORMAL DEPARTURE LAST
                VALUE   VALUE       VALUE  FROM      YEAR
                                           NORMAL
...........................................................
TEMPERATURE (F)
 YESTERDAY
  MAXIMUM         46     64    1946  38      8       10
  MINIMUM         20    -33    1930  16      4       -2
  AVERAGE         33                 27      6        4

PRECIPITATION (IN)
  YESTERDAY        0.00   0.25 1898   0.00   0.00      T
  MONTH TO DATE    0.12               0.14  -0.02     0.07
  SINCE DEC 1      0.94               0.46   0.48     0.80
  SINCE JAN 1      0.12               0.14  -0.02     0.07

SNOWFALL (IN)
  YESTERDAY        0.0    2.6  1898   0.2   -0.2       T
  MONTH TO DATE    3.6                2.7    0.9      1.3
  SINCE DEC 1     15.7                7.9    7.8     16.8
  SINCE JUL 1     19.4               16.5    2.9     22.8
  SNOW DEPTH       2

DEGREE DAYS
 HEATING
  YESTERDAY       32                 38     -6       61
  MONTH TO DATE  859                646    213      699
  SINCE DEC 1   2252               1813    439     1801
  SINCE JUL 1   3283               3393   -110     3059

 COOLING
  YESTERDAY        0                  0      0        0
  MONTH TO DATE    0                  0      0        0
  SINCE DEC 1      0                  0      0        0
  SINCE JAN 1      0                  0      0        0
...........................................................


WIND (MPH)
  HIGHEST GUST SPEED    16   HIGHEST GUST DIRECTION    SW (240)



WEATHER CONDITIONS
 THE FOLLOWING WEATHER WAS RECORDED YESTERDAY.
  NO SIGNIFICANT WEATHER WAS OBSERVED.


..........................................................


THE EAST RAPID CITY SD CLIMATE NORMALS FOR TODAY
                         NORMAL    RECORD    YEAR
 MAXIMUM TEMPERATURE (F)   38        63      1914
 MINIMUM TEMPERATURE (F)   16       -25      1892


SUNRISE AND SUNSET
JANUARY 18 2017.......SUNRISE   723 AM MST   SUNSET   445 PM MST
JANUARY 19 2017.......SUNRISE   722 AM MST   SUNSET   446 PM MST


-  INDICATES NEGATIVE NUMBERS.
R  INDICATES RECORD WAS SET OR TIED.
MM INDICATES DATA IS MISSING.
T  INDICATES TRACE AMOUNT.




$$
