000
CDUS43 KUNR 171834
CLIUNR


CLIMATE REPORT
NATIONAL WEATHER SERVICE RAPID CITY SD
1234 PM MDT MON JUL 17 2017


...................................

...THE EAST RAPID CITY SD CLIMATE SUMMARY FOR JULY 17 2017...
VALID AS OF 1100 AM LOCAL TIME.

CLIMATE NORMAL PERIOD 1981 TO 2010
CLIMATE RECORD PERIOD 1888 TO 2017


WEATHER ITEM   OBSERVED RECORD YEAR NORMAL DEPARTURE LAST
                VALUE   VALUE       VALUE  FROM      YEAR
                                           NORMAL
...........................................................
TEMPERATURE (F)
 TODAY
  MAXIMUM         92    101    1966  85      7       82
  MINIMUM         72     48    1906  62     10       60
  AVERAGE         82                 74      8       71

PRECIPITATION (IN)
  TODAY            0.00   2.25 1901   0.08  -0.08      T
  MONTH TO DATE    0.76               1.25  -0.49     1.75
  SINCE JUN 1      2.29               4.41  -2.12     2.33
  SINCE JAN 1      6.92              12.46  -5.54     6.87

SNOWFALL (IN)
  TODAY            0.0    0.0  2002   0.0    0.0      0.0
                               2001
                               1954
  MONTH TO DATE    0.0                0.0    0.0      0.0
  SINCE JUN 1      0.0                0.0    0.0      0.0
  SINCE JUL 1      0.0                0.0    0.0      0.0
  SNOW DEPTH       0

DEGREE DAYS
 HEATING
  TODAY            0                  0      0        0
  MONTH TO DATE    0                  6     -6        1
  SINCE JUN 1     12                 94    -82        6
  SINCE JUL 1      0                  6     -6        1

 COOLING
  TODAY           17                  9      8        6
  MONTH TO DATE  239                131    108      118
  SINCE JUN 1    381                222    159      363
  SINCE JAN 1    394                240    154      369
...........................................................





WEATHER CONDITIONS
 THE FOLLOWING WEATHER WAS RECORDED TODAY.
  NO SIGNIFICANT WEATHER WAS OBSERVED.


..........................................................


THE EAST RAPID CITY SD CLIMATE NORMALS FOR TOMORROW
                         NORMAL    RECORD    YEAR
 MAXIMUM TEMPERATURE (F)   85       104      1934
 MINIMUM TEMPERATURE (F)   62        48      1950


SUNRISE AND SUNSET
JULY 17 2017..........SUNRISE   526 AM MDT   SUNSET   832 PM MDT
JULY 18 2017..........SUNRISE   527 AM MDT   SUNSET   831 PM MDT


-  INDICATES NEGATIVE NUMBERS.
R  INDICATES RECORD WAS SET OR TIED.
MM INDICATES DATA IS MISSING.
T  INDICATES TRACE AMOUNT.




$$
