000
CDUS43 KUNR 250832
CLIUNR


CLIMATE REPORT
NATIONAL WEATHER SERVICE RAPID CITY SD
131 AM MST SAT FEB 25 2017


...................................

...THE EAST RAPID CITY SD CLIMATE SUMMARY FOR FEBRUARY 24 2017...

CLIMATE NORMAL PERIOD 1981 TO 2010
CLIMATE RECORD PERIOD 1888 TO 2017


WEATHER ITEM   OBSERVED RECORD YEAR NORMAL DEPARTURE LAST
                VALUE   VALUE       VALUE  FROM      YEAR
                                           NORMAL
...........................................................
TEMPERATURE (F)
 YESTERDAY
  MAXIMUM         22     67    1932  41    -19       38
  MINIMUM         15    -12    1922  20     -5       25
  AVERAGE         19                 30    -11       32

PRECIPITATION (IN)
  YESTERDAY        0.02   0.23 2011   0.02   0.00      T
  MONTH TO DATE    0.44               0.40   0.04     0.43
  SINCE DEC 1      1.61               1.01   0.60     1.33
  SINCE JAN 1      0.79               0.69   0.10     0.60

SNOWFALL (IN)
  YESTERDAY        0.3    3.9  2011   0.2    0.1       T
  MONTH TO DATE    9.2                6.2    3.0      3.8
  SINCE DEC 1     29.4               16.9   12.5     21.8
  SINCE JUL 1     33.1               25.5    7.6     27.8
  SNOW DEPTH       3

DEGREE DAYS
 HEATING
  YESTERDAY       46                 35     11       33
  MONTH TO DATE  718                889   -171      658
  SINCE DEC 1   3412               3237    175     2884
  SINCE JUL 1   4443               4817   -374     4142

 COOLING
  YESTERDAY        0                  0      0        0
  MONTH TO DATE    0                  0      0        0
  SINCE DEC 1      0                  0      0        0
  SINCE JAN 1      0                  0      0        0
...........................................................


WIND (MPH)
  HIGHEST GUST SPEED    22   HIGHEST GUST DIRECTION     N (10)



WEATHER CONDITIONS
 THE FOLLOWING WEATHER WAS RECORDED YESTERDAY.
  LIGHT SNOW


..........................................................


THE EAST RAPID CITY SD CLIMATE NORMALS FOR TODAY
                         NORMAL    RECORD    YEAR
 MAXIMUM TEMPERATURE (F)   41        70      1999
 MINIMUM TEMPERATURE (F)   20       -18      1934


SUNRISE AND SUNSET
FEBRUARY 25 2017......SUNRISE   636 AM MST   SUNSET   536 PM MST
FEBRUARY 26 2017......SUNRISE   634 AM MST   SUNSET   538 PM MST


-  INDICATES NEGATIVE NUMBERS.
R  INDICATES RECORD WAS SET OR TIED.
MM INDICATES DATA IS MISSING.
T  INDICATES TRACE AMOUNT.




$$
