000
CDUS43 KUNR 291838
CLIUNR


CLIMATE REPORT
NATIONAL WEATHER SERVICE RAPID CITY SD
1138 AM MST THU JAN 29 2015


...................................

...THE EAST RAPID CITY SD CLIMATE SUMMARY FOR JANUARY 29 2015...
VALID AS OF 1100 AM LOCAL TIME.

CLIMATE NORMAL PERIOD 1981 TO 2010
CLIMATE RECORD PERIOD 1888 TO 2015


WEATHER ITEM   OBSERVED RECORD YEAR NORMAL DEPARTURE LAST
                VALUE   VALUE       VALUE  FROM      YEAR
                                           NORMAL
...........................................................
TEMPERATURE (F)
 TODAY
  MAXIMUM         41     70    1931  37      4       50
  MINIMUM         24    -27    1916  16      8       13
  AVERAGE         33                 27      6       32

PRECIPITATION (IN)
  TODAY            0.00   0.23 2001   0.02  -0.02     0.03
  MONTH TO DATE    0.11               0.27  -0.16     0.25
  SINCE DEC 1      0.49               0.59  -0.10     0.79
  SINCE JAN 1      0.11               0.27  -0.16     0.25

SNOWFALL (IN)
  TODAY            0.0    1.6  2000   0.2   -0.2       T
  MONTH TO DATE    2.1                5.0   -2.9      3.8
  SINCE DEC 1      9.6               10.2   -0.6     13.0
  SINCE JUL 1     24.9               18.8    6.1     42.8
  SNOW DEPTH       0

DEGREE DAYS
 HEATING
  TODAY           32                 38     -6       33
  MONTH TO DATE  957               1102   -145     1059
  SINCE DEC 1   2021               2269   -248     2406
  SINCE JUL 1   3635               3849   -214     3995

 COOLING
  TODAY            0                  0      0        0
  MONTH TO DATE    0                  0      0        0
  SINCE DEC 1      0                  0      0        0
  SINCE JAN 1      0                  0      0        0
...........................................................





WEATHER CONDITIONS
 THE FOLLOWING WEATHER WAS RECORDED TODAY.
  NO SIGNIFICANT WEATHER WAS OBSERVED.


..........................................................


THE EAST RAPID CITY SD CLIMATE NORMALS FOR TOMORROW
                         NORMAL    RECORD    YEAR
 MAXIMUM TEMPERATURE (F)   37        69      1892
 MINIMUM TEMPERATURE (F)   16       -28      1918


SUNRISE AND SUNSET
JANUARY 29 2015.......SUNRISE   714 AM MST   SUNSET   459 PM MST
JANUARY 30 2015.......SUNRISE   713 AM MST   SUNSET   500 PM MST


-  INDICATES NEGATIVE NUMBERS.
R  INDICATES RECORD WAS SET OR TIED.
MM INDICATES DATA IS MISSING.
T  INDICATES TRACE AMOUNT.




$$
