000
CDUS43 KUNR 121850
CLIUNR


CLIMATE REPORT
NATIONAL WEATHER SERVICE RAPID CITY SD
1150 AM MST FRI FEB 12 2016


...................................

...THE EAST RAPID CITY SD CLIMATE SUMMARY FOR FEBRUARY 12 2016...
VALID AS OF 1100 AM LOCAL TIME.

CLIMATE NORMAL PERIOD 1981 TO 2010
CLIMATE RECORD PERIOD 1888 TO 2016


WEATHER ITEM   OBSERVED RECORD YEAR NORMAL DEPARTURE LAST
                VALUE   VALUE       VALUE  FROM      YEAR
                                           NORMAL
...........................................................
TEMPERATURE (F)
 TODAY
  MAXIMUM         31     66    1890  38     -7       55
  MINIMUM         27    -29    1905  17     10       15
  AVERAGE         29                 28      1       35

PRECIPITATION (IN)
  TODAY            0.00   0.85 1915   0.02  -0.02      T
  MONTH TO DATE    0.24               0.20   0.04     0.02
  SINCE DEC 1      1.14               0.81   0.33     0.55
  SINCE JAN 1      0.41               0.49  -0.08     0.17

SNOWFALL (IN)
  TODAY            0.0    5.4  1915   0.3   -0.3       T
  MONTH TO DATE    3.8                3.1    0.7      0.4
  SINCE DEC 1     21.8               13.8    8.0     12.2
  SINCE JUL 1     27.8               22.4    5.4     27.5
  SNOW DEPTH       0

DEGREE DAYS
 HEATING
  TODAY           36                 37     -1       30
  MONTH TO DATE  370                455    -85      358
  SINCE DEC 1   2596               2803   -207     2448
  SINCE JUL 1   3854               4383   -529     4062

 COOLING
  TODAY            0                  0      0        0
  MONTH TO DATE    0                  0      0        0
  SINCE DEC 1      0                  0      0        0
  SINCE JAN 1      0                  0      0        0
...........................................................





WEATHER CONDITIONS
 THE FOLLOWING WEATHER WAS RECORDED TODAY.
  NO SIGNIFICANT WEATHER WAS OBSERVED.


..........................................................


THE EAST RAPID CITY SD CLIMATE NORMALS FOR TOMORROW
                         NORMAL    RECORD    YEAR
 MAXIMUM TEMPERATURE (F)   38        69      1934
 MINIMUM TEMPERATURE (F)   18       -29      1936


SUNRISE AND SUNSET
FEBRUARY 12 2016......SUNRISE   657 AM MST   SUNSET   518 PM MST
FEBRUARY 13 2016......SUNRISE   656 AM MST   SUNSET   519 PM MST


-  INDICATES NEGATIVE NUMBERS.
R  INDICATES RECORD WAS SET OR TIED.
MM INDICATES DATA IS MISSING.
T  INDICATES TRACE AMOUNT.




$$
