000
CDUS43 KUNR 200831
CLIUNR


CLIMATE REPORT
NATIONAL WEATHER SERVICE RAPID CITY SD
131 AM MST SAT DEC 20 2014


...................................

...THE EAST RAPID CITY SD CLIMATE SUMMARY FOR DECEMBER 19 2014...

CLIMATE NORMAL PERIOD 1981 TO 2010
CLIMATE RECORD PERIOD 1888 TO 2014


WEATHER ITEM   OBSERVED RECORD YEAR NORMAL DEPARTURE LAST
                VALUE   VALUE       VALUE  FROM      YEAR
                                           NORMAL
...........................................................
TEMPERATURE (F)
 YESTERDAY
  MAXIMUM         51     64    1917  36     15       27
  MINIMUM         32    -27    1916  17     15       -2
  AVERAGE         42                 27     15       13

PRECIPITATION (IN)
  YESTERDAY        T      0.33 2013   0.01  -0.01     0.33
  MONTH TO DATE    0.01               0.18  -0.17     0.49
  SINCE DEC 1      0.01               0.18  -0.17     0.49
  SINCE JAN 1     23.36              19.65   3.71    22.95

SNOWFALL (IN)
  YESTERDAY        0.0    5.2  2013   0.2   -0.2      5.2
  MONTH TO DATE    0.3                3.2   -2.9      7.9
  SINCE DEC 1      0.3                3.2   -2.9      7.9
  SINCE JUL 1     15.6               11.8    3.8     37.7
  SNOW DEPTH       0

DEGREE DAYS
 HEATING
  YESTERDAY       23                 38    -15       52
  MONTH TO DATE  551                705   -154      841
  SINCE DEC 1    551                705   -154      841
  SINCE JUL 1   2165               2285   -120     2430

 COOLING
  YESTERDAY        0                  0      0        0
  MONTH TO DATE    0                  0      0        0
  SINCE DEC 1      0                  0      0        0
  SINCE JAN 1    514                665   -151      830
...........................................................


WIND (MPH)
  HIGHEST GUST SPEED    17   HIGHEST GUST DIRECTION     W (250)



WEATHER CONDITIONS
 THE FOLLOWING WEATHER WAS RECORDED YESTERDAY.
  LIGHT RAIN


..........................................................


THE EAST RAPID CITY SD CLIMATE NORMALS FOR TODAY
                         NORMAL    RECORD    YEAR
 MAXIMUM TEMPERATURE (F)   36        72      1894
 MINIMUM TEMPERATURE (F)   17       -28      1916


SUNRISE AND SUNSET
DECEMBER 20 2014......SUNRISE   724 AM MST   SUNSET   417 PM MST
DECEMBER 21 2014......SUNRISE   725 AM MST   SUNSET   417 PM MST


-  INDICATES NEGATIVE NUMBERS.
R  INDICATES RECORD WAS SET OR TIED.
MM INDICATES DATA IS MISSING.
T  INDICATES TRACE AMOUNT.




$$
