000
CDUS43 KUNR 230835
CLIUNR


CLIMATE REPORT
NATIONAL WEATHER SERVICE RAPID CITY SD
133 AM MST FRI FEB 23 2018


...................................

...THE EAST RAPID CITY SD CLIMATE SUMMARY FOR FEBRUARY 22 2018...

CLIMATE NORMAL PERIOD 1981 TO 2010
CLIMATE RECORD PERIOD 1888 TO 2018


WEATHER ITEM   OBSERVED RECORD YEAR NORMAL DEPARTURE LAST
                VALUE   VALUE       VALUE  FROM      YEAR
                                           NORMAL
...........................................................
TEMPERATURE (F)
 YESTERDAY
  MAXIMUM         22     70    1958  40    -18       53
  MINIMUM          1    -17    1910  19    -18       28
  AVERAGE         12                 30    -18       41

PRECIPITATION (IN)
  YESTERDAY        0.00   0.53 1914   0.02  -0.02      T
  MONTH TO DATE    0.92               0.36   0.56     0.20
  SINCE DEC 1      1.48               0.97   0.51     1.37
  SINCE JAN 1      1.18               0.65   0.53     0.55

SNOWFALL (IN)
  YESTERDAY        0.0    5.6  1914   0.3   -0.3      0.0
  MONTH TO DATE   19.9                5.7   14.2      4.8
  SINCE DEC 1     31.0               16.4   14.6     25.0
  SINCE JUL 1     32.1               25.0    7.1     28.7
  SNOW DEPTH       7

DEGREE DAYS
 HEATING
  YESTERDAY       53                 35     18       24
  MONTH TO DATE 1121                819    302      632
  SINCE DEC 1   3485               3167    318     3326
  SINCE JUL 1   4865               4747    118     4357

 COOLING
  YESTERDAY        0                  0      0        0
  MONTH TO DATE    0                  0      0        0
  SINCE DEC 1      0                  0      0        0
  SINCE JAN 1      0                  0      0        0
...........................................................


WIND (MPH)
  HIGHEST GUST SPEED    17   HIGHEST GUST DIRECTION    NW (330)



WEATHER CONDITIONS
 THE FOLLOWING WEATHER WAS RECORDED YESTERDAY.
  NO SIGNIFICANT WEATHER WAS OBSERVED.


..........................................................


THE EAST RAPID CITY SD CLIMATE NORMALS FOR TODAY
                         NORMAL    RECORD    YEAR
 MAXIMUM TEMPERATURE (F)   40        67      1958
 MINIMUM TEMPERATURE (F)   20       -14      1965


SUNRISE AND SUNSET
FEBRUARY 23 2018......SUNRISE   640 AM MST   SUNSET   533 PM MST
FEBRUARY 24 2018......SUNRISE   638 AM MST   SUNSET   535 PM MST


-  INDICATES NEGATIVE NUMBERS.
R  INDICATES RECORD WAS SET OR TIED.
MM INDICATES DATA IS MISSING.
T  INDICATES TRACE AMOUNT.




$$
