000
CDUS43 KUNR 080831
CLIUNR


CLIMATE REPORT
NATIONAL WEATHER SERVICE RAPID CITY SD
231 AM MDT TUE JUL 8 2014


...................................

...THE EAST RAPID CITY SD CLIMATE SUMMARY FOR JULY 7 2014...

CLIMATE NORMAL PERIOD 1981 TO 2010
CLIMATE RECORD PERIOD 1888 TO 2014


WEATHER ITEM   OBSERVED RECORD YEAR NORMAL DEPARTURE LAST
                VALUE   VALUE       VALUE  FROM      YEAR
                                           NORMAL
...........................................................
TEMPERATURE (F)
 YESTERDAY
  MAXIMUM         78    105    2007  83     -5       87
  MINIMUM         63     46    1931  61      2       64
  AVERAGE         71                 72     -1       76

PRECIPITATION (IN)
  YESTERDAY        0.14   0.92 1914   0.08   0.06     0.14
  MONTH TO DATE    0.14               0.50  -0.36     0.45
  SINCE JUN 1      6.19               3.66   2.53     2.12
  SINCE JAN 1     11.37              11.71  -0.34    10.84

SNOWFALL (IN)
  YESTERDAY        0.0                0.0    0.0      0.0
  MONTH TO DATE    0.0                0.0    0.0      0.0
  SINCE JUN 1      0.0                0.0    0.0      0.0
  SINCE JUL 1      0.0                0.0    0.0      0.0
  SNOW DEPTH       0

DEGREE DAYS
 HEATING
  YESTERDAY        0                  0      0        0
  MONTH TO DATE    4                  6     -2        0
  SINCE JUN 1    112                 94     18       58
  SINCE JUL 1      4                  6     -2        0

 COOLING
  YESTERDAY        6                  7     -1       11
  MONTH TO DATE   48                 47      1       63
  SINCE JUN 1     76                138    -62      158
  SINCE JAN 1    104                156    -52      182
...........................................................


WIND (MPH)
  HIGHEST GUST SPEED    41   HIGHEST GUST DIRECTION     N (10)



WEATHER CONDITIONS
 THE FOLLOWING WEATHER WAS RECORDED YESTERDAY.
  THUNDERSTORM
  HEAVY RAIN
  RAIN
  LIGHT RAIN


..........................................................


THE EAST RAPID CITY SD CLIMATE NORMALS FOR TODAY
                         NORMAL    RECORD    YEAR
 MAXIMUM TEMPERATURE (F)   83       100      1954
 MINIMUM TEMPERATURE (F)   61        45      1904


SUNRISE AND SUNSET
JULY  8 2014..........SUNRISE   518 AM MDT   SUNSET   837 PM MDT
JULY  9 2014..........SUNRISE   519 AM MDT   SUNSET   837 PM MDT


-  INDICATES NEGATIVE NUMBERS.
R  INDICATES RECORD WAS SET OR TIED.
MM INDICATES DATA IS MISSING.
T  INDICATES TRACE AMOUNT.




$$
