000
CDUS43 KUNR 210832
CLIUNR


CLIMATE REPORT
NATIONAL WEATHER SERVICE RAPID CITY SD
132 AM MST TUE FEB 21 2017


...................................

...THE EAST RAPID CITY SD CLIMATE SUMMARY FOR FEBRUARY 20 2017...

CLIMATE NORMAL PERIOD 1981 TO 2010
CLIMATE RECORD PERIOD 1888 TO 2017


WEATHER ITEM   OBSERVED RECORD YEAR NORMAL DEPARTURE LAST
                VALUE   VALUE       VALUE  FROM      YEAR
                                           NORMAL
...........................................................
TEMPERATURE (F)
 YESTERDAY
  MAXIMUM         62     72    1930  39     23       51
  MINIMUM         44    -19    1918  19     25       33
  AVERAGE         53                 29     24       42

PRECIPITATION (IN)
  YESTERDAY        T      0.57 2011   0.02  -0.02     0.00
  MONTH TO DATE    0.18               0.33  -0.15     0.43
  SINCE DEC 1      1.35               0.94   0.41     1.33
  SINCE JAN 1      0.53               0.62  -0.09     0.60

SNOWFALL (IN)
  YESTERDAY        0.0    9.3  2011   0.3   -0.3      0.0
  MONTH TO DATE    4.8                5.1   -0.3      3.8
  SINCE DEC 1     25.0               15.8    9.2     21.8
  SINCE JUL 1     28.7               24.4    4.3     27.8
  SNOW DEPTH       0

DEGREE DAYS
 HEATING
  YESTERDAY       12                 36    -24       23
  MONTH TO DATE  600                748   -148      536
  SINCE DEC 1   3294               3096    198     2762
  SINCE JUL 1   4325               4676   -351     4020

 COOLING
  YESTERDAY        0                  0      0        0
  MONTH TO DATE    0                  0      0        0
  SINCE DEC 1      0                  0      0        0
  SINCE JAN 1      0                  0      0        0
...........................................................


WIND (MPH)
  HIGHEST GUST SPEED    38   HIGHEST GUST DIRECTION    NW (320)



WEATHER CONDITIONS
 THE FOLLOWING WEATHER WAS RECORDED YESTERDAY.
  LIGHT RAIN


..........................................................


THE EAST RAPID CITY SD CLIMATE NORMALS FOR TODAY
                         NORMAL    RECORD    YEAR
 MAXIMUM TEMPERATURE (F)   40        68      1961
 MINIMUM TEMPERATURE (F)   19       -14      1894


SUNRISE AND SUNSET
FEBRUARY 21 2017......SUNRISE   642 AM MST   SUNSET   531 PM MST
FEBRUARY 22 2017......SUNRISE   641 AM MST   SUNSET   532 PM MST


-  INDICATES NEGATIVE NUMBERS.
R  INDICATES RECORD WAS SET OR TIED.
MM INDICATES DATA IS MISSING.
T  INDICATES TRACE AMOUNT.




$$
