000
CDUS43 KUNR 190831
CLIUNR


CLIMATE REPORT
NATIONAL WEATHER SERVICE RAPID CITY SD
130 AM MST SUN NOV 19 2017


...................................

...THE EAST RAPID CITY SD CLIMATE SUMMARY FOR NOVEMBER 18 2017...

CLIMATE NORMAL PERIOD 1981 TO 2010
CLIMATE RECORD PERIOD 1888 TO 2017


WEATHER ITEM   OBSERVED RECORD YEAR NORMAL DEPARTURE LAST
                VALUE   VALUE       VALUE  FROM      YEAR
                                           NORMAL
...........................................................
TEMPERATURE (F)
 YESTERDAY
  MAXIMUM         44     78    2008  44      0       33
  MINIMUM         32     -2    1903  27      5       24
  AVERAGE         38                 36      2       29

PRECIPITATION (IN)
  YESTERDAY        0.00   0.60 1930   0.02  -0.02     0.00
  MONTH TO DATE    0.22               0.48  -0.26     0.17
  SINCE SEP 1      2.59               3.67  -1.08     1.60
  SINCE JAN 1     12.56              19.35  -6.79    12.90

SNOWFALL (IN)
  YESTERDAY        0.0    4.8  2011   0.2   -0.2      0.0
  MONTH TO DATE    0.9                4.0   -3.1      3.0
  SINCE SEP 1      0.9                6.4   -5.5      3.0
  SINCE JUL 1      0.9                6.4   -5.5      3.0
  SNOW DEPTH       0

DEGREE DAYS
 HEATING
  YESTERDAY       27                 29     -2       36
  MONTH TO DATE  521                463     58      221
  SINCE SEP 1   1148               1162    -14      662
  SINCE JUL 1   1153               1192    -39      687

 COOLING
  YESTERDAY        0                  0      0        0
  MONTH TO DATE    0                  0      0        0
  SINCE SEP 1    117                 70     47       53
  SINCE JAN 1    854                665    189      813
...........................................................


WIND (MPH)
  HIGHEST GUST SPEED    38   HIGHEST GUST DIRECTION    NW (330)



WEATHER CONDITIONS
 THE FOLLOWING WEATHER WAS RECORDED YESTERDAY.
  NO SIGNIFICANT WEATHER WAS OBSERVED.


..........................................................


THE EAST RAPID CITY SD CLIMATE NORMALS FOR TODAY
                         NORMAL    RECORD    YEAR
 MAXIMUM TEMPERATURE (F)   44        76      1897
 MINIMUM TEMPERATURE (F)   26        -3      1921


SUNRISE AND SUNSET
NOVEMBER 19 2017......SUNRISE   654 AM MST   SUNSET   423 PM MST
NOVEMBER 20 2017......SUNRISE   655 AM MST   SUNSET   422 PM MST


-  INDICATES NEGATIVE NUMBERS.
R  INDICATES RECORD WAS SET OR TIED.
MM INDICATES DATA IS MISSING.
T  INDICATES TRACE AMOUNT.




$$
