000
CDUS43 KUNR 271904
CLIUNR


CLIMATE REPORT
NATIONAL WEATHER SERVICE RAPID CITY SD
103 PM MDT MON OCT 27 2014


...................................

...THE EAST RAPID CITY SD CLIMATE SUMMARY FOR OCTOBER 27 2014...
VALID AS OF 1100 AM LOCAL TIME.

CLIMATE NORMAL PERIOD 1981 TO 2010
CLIMATE RECORD PERIOD 1888 TO 2014


WEATHER ITEM   OBSERVED RECORD YEAR NORMAL DEPARTURE LAST
                VALUE   VALUE       VALUE  FROM      YEAR
                                           NORMAL
...........................................................
TEMPERATURE (F)
 TODAY
  MAXIMUM         55     82    1938  55      0       62
  MINIMUM         45    -10    1925  34     11       33
  AVERAGE         50                 45      5       48

PRECIPITATION (IN)
  TODAY            T      0.29 1946   0.05  -0.05     0.00
  MONTH TO DATE    0.47               1.46  -0.99     5.30
  SINCE SEP 1      5.29               3.00   2.29     6.25
  SINCE JAN 1     22.69              18.68   4.01    22.00

SNOWFALL (IN)
  TODAY            0.0                0.2   -0.2      0.0
  MONTH TO DATE    0.0                1.7   -1.7     24.2
  SINCE SEP 1      1.6                1.8   -0.2     24.2
  SINCE JUL 1      1.6                1.8   -0.2     24.2
  SNOW DEPTH       0

DEGREE DAYS
 HEATING
  TODAY           15                 20     -5       17
  MONTH TO DATE  276                435   -159      510
  SINCE SEP 1    461                614   -153      599
  SINCE JUL 1    485                644   -159      605

 COOLING
  TODAY            0                  0      0        0
  MONTH TO DATE    0                  0      0        0
  SINCE SEP 1     78                 66     12      145
  SINCE JAN 1    514                661   -147      830
...........................................................





WEATHER CONDITIONS
 THE FOLLOWING WEATHER WAS RECORDED TODAY.
  LIGHT RAIN


..........................................................


THE EAST RAPID CITY SD CLIMATE NORMALS FOR TOMORROW
                         NORMAL    RECORD    YEAR
 MAXIMUM TEMPERATURE (F)   55        84      1937
 MINIMUM TEMPERATURE (F)   34       -13      1925


SUNRISE AND SUNSET
OCTOBER 27 2014.......SUNRISE   723 AM MDT   SUNSET   550 PM MDT
OCTOBER 28 2014.......SUNRISE   724 AM MDT   SUNSET   548 PM MDT


-  INDICATES NEGATIVE NUMBERS.
R  INDICATES RECORD WAS SET OR TIED.
MM INDICATES DATA IS MISSING.
T  INDICATES TRACE AMOUNT.




$$
