000
CDUS43 KUNR 300838
CLIUNR


CLIMATE REPORT
NATIONAL WEATHER SERVICE RAPID CITY SD
136 AM MST WED NOV 30 2016


...................................

...THE EAST RAPID CITY SD CLIMATE SUMMARY FOR NOVEMBER 29 2016...

CLIMATE NORMAL PERIOD 1981 TO 2010
CLIMATE RECORD PERIOD 1888 TO 2016


WEATHER ITEM   OBSERVED RECORD YEAR NORMAL DEPARTURE LAST
                VALUE   VALUE       VALUE  FROM      YEAR
                                           NORMAL
...........................................................
TEMPERATURE (F)
 YESTERDAY
  MAXIMUM         29     75    1932  39    -10       26
  MINIMUM         25     -8    1896  22      3       12
  AVERAGE         27                 31     -4       19

PRECIPITATION (IN)
  YESTERDAY        0.05   0.12 1940   0.01   0.04     0.06
  MONTH TO DATE    0.22               0.59  -0.37     0.29
  SINCE SEP 1      1.65               3.78  -2.13     1.65
  SINCE JAN 1     12.95              19.46  -6.51    23.75

SNOWFALL (IN)
  YESTERDAY        0.7    1.0  1910   0.2    0.5      0.7
  MONTH TO DATE    3.7                6.0   -2.3      5.8
  SINCE SEP 1      3.7                8.4   -4.7      5.8
  SINCE JUL 1      3.7                8.4   -4.7      5.8
  SNOW DEPTH       1

DEGREE DAYS
 HEATING
  YESTERDAY       38                 34      4       46
  MONTH TO DATE  528                816   -288      754
  SINCE SEP 1    969               1515   -546     1181
  SINCE JUL 1    994               1545   -551     1211

 COOLING
  YESTERDAY        0                  0      0        0
  MONTH TO DATE    0                  0      0        0
  SINCE SEP 1     53                 70    -17      139
  SINCE JAN 1    813                665    148      716
...........................................................


WIND (MPH)
  HIGHEST GUST SPEED    58   HIGHEST GUST DIRECTION    NW (310)



WEATHER CONDITIONS
 THE FOLLOWING WEATHER WAS RECORDED YESTERDAY.
  LIGHT SNOW


..........................................................


THE EAST RAPID CITY SD CLIMATE NORMALS FOR TODAY
                         NORMAL    RECORD    YEAR
 MAXIMUM TEMPERATURE (F)   39        72      1889
 MINIMUM TEMPERATURE (F)   22        -9      1896


SUNRISE AND SUNSET
NOVEMBER 30 2016......SUNRISE   707 AM MST   SUNSET   416 PM MST
DECEMBER  1 2016......SUNRISE   708 AM MST   SUNSET   416 PM MST


-  INDICATES NEGATIVE NUMBERS.
R  INDICATES RECORD WAS SET OR TIED.
MM INDICATES DATA IS MISSING.
T  INDICATES TRACE AMOUNT.




$$
