000
CDUS43 KUNR 240036
CLIUNR


CLIMATE REPORT
NATIONAL WEATHER SERVICE RAPID CITY SD
635 PM MDT SAT MAY 23 2015


...................................

...THE EAST RAPID CITY SD CLIMATE SUMMARY FOR MAY 23 2015...
VALID TODAY AS OF 0500 PM LOCAL TIME.

CLIMATE NORMAL PERIOD 1981 TO 2010
CLIMATE RECORD PERIOD 1888 TO 2015


WEATHER ITEM   OBSERVED RECORD YEAR NORMAL DEPARTURE LAST
                VALUE   VALUE       VALUE  FROM      YEAR
                                           NORMAL
...........................................................
TEMPERATURE (F)
 TODAY
  MAXIMUM         57     88    1931  69    -12       78
  MINIMUM         46     31    2002  47     -1       56
  AVERAGE         52                 58     -6       67

PRECIPITATION (IN)
  TODAY            T      1.84 1909   0.15  -0.15     0.00
  MONTH TO DATE    4.37               2.99   1.38     1.12
  SINCE MAR 1      5.42               6.08  -0.66     3.93
  SINCE JAN 1      5.97               6.85  -0.88     4.44

SNOWFALL (IN)
  TODAY            0.0    0.0  2002   0.0    0.0      0.0
                               2001
                               1950
  MONTH TO DATE   13.6                1.9   11.7      0.6
  SINCE MAR 1     15.0               22.5   -7.5     23.4
  SINCE JUL 1     50.7               49.2    1.5     73.5
  SNOW DEPTH      MM

DEGREE DAYS
 HEATING
  TODAY           13                  8      5        0
  MONTH TO DATE  336                253     83      318
  SINCE MAR 1   1475               1765   -290     1943
  SINCE JUL 1   6171               6719   -548     7291

 COOLING
  TODAY            0                  1     -1        2
  MONTH TO DATE    2                  7     -5        2
  SINCE MAR 1      8                  8      0        2
  SINCE JAN 1      8                  8      0        2
...........................................................





WEATHER CONDITIONS
 THE FOLLOWING WEATHER WAS RECORDED TODAY.
  LIGHT RAIN


..........................................................


THE EAST RAPID CITY SD CLIMATE NORMALS FOR TOMORROW
                         NORMAL    RECORD    YEAR
 MAXIMUM TEMPERATURE (F)   69        90      1926
 MINIMUM TEMPERATURE (F)   48        28      1924


SUNRISE AND SUNSET
MAY 23 2015...........SUNRISE   519 AM MDT   SUNSET   821 PM MDT
MAY 24 2015...........SUNRISE   518 AM MDT   SUNSET   822 PM MDT


-  INDICATES NEGATIVE NUMBERS.
R  INDICATES RECORD WAS SET OR TIED.
MM INDICATES DATA IS MISSING.
T  INDICATES TRACE AMOUNT.




$$
