000
CDUS43 KUNR 200835
CLIUNR


CLIMATE REPORT
NATIONAL WEATHER SERVICE RAPID CITY SD
234 AM MDT MON MAR 20 2017


...................................

...THE EAST RAPID CITY SD CLIMATE SUMMARY FOR MARCH 19 2017...

CLIMATE NORMAL PERIOD 1981 TO 2010
CLIMATE RECORD PERIOD 1888 TO 2017


WEATHER ITEM   OBSERVED RECORD YEAR NORMAL DEPARTURE LAST
                VALUE   VALUE       VALUE  FROM      YEAR
                                           NORMAL
...........................................................
TEMPERATURE (F)
 YESTERDAY
  MAXIMUM         73     74    2004  48     25       31
  MINIMUM         41     -1    1965  26     15       19
  AVERAGE         57                 37     20       25

PRECIPITATION (IN)
  YESTERDAY        0.00   0.44 2006   0.03  -0.03     0.01
  MONTH TO DATE    0.02               0.49  -0.47     0.05
  SINCE MAR 1      0.02               0.49  -0.47     0.05
  SINCE JAN 1      0.81               1.26  -0.45     0.86

SNOWFALL (IN)
  YESTERDAY        0.0    6.8  2006   0.5   -0.5      0.3
  MONTH TO DATE    1.1                7.0   -5.9      0.3
  SINCE MAR 1      1.1                7.0   -5.9      0.3
  SINCE JUL 1     34.3               33.7    0.6     30.2
  SNOW DEPTH       0

DEGREE DAYS
 HEATING
  YESTERDAY        8                 28    -20       40
  MONTH TO DATE  515                588    -73      388
  SINCE MAR 1    515                588    -73      388
  SINCE JUL 1   5111               5542   -431     4637

 COOLING
  YESTERDAY        0                  0      0        0
  MONTH TO DATE    0                  0      0        0
  SINCE MAR 1      0                  0      0        0
  SINCE JAN 1      0                  0      0        0
...........................................................


WIND (MPH)
  HIGHEST GUST SPEED    26   HIGHEST GUST DIRECTION    NE (30)



WEATHER CONDITIONS
 THE FOLLOWING WEATHER WAS RECORDED YESTERDAY.
  NO SIGNIFICANT WEATHER WAS OBSERVED.


..........................................................


THE EAST RAPID CITY SD CLIMATE NORMALS FOR TODAY
                         NORMAL    RECORD    YEAR
 MAXIMUM TEMPERATURE (F)   48        79      2007
 MINIMUM TEMPERATURE (F)   26       -12      1913


SUNRISE AND SUNSET
MARCH 20 2017.........SUNRISE   655 AM MDT   SUNSET   706 PM MDT
MARCH 21 2017.........SUNRISE   654 AM MDT   SUNSET   707 PM MDT


-  INDICATES NEGATIVE NUMBERS.
R  INDICATES RECORD WAS SET OR TIED.
MM INDICATES DATA IS MISSING.
T  INDICATES TRACE AMOUNT.




$$
