000
CDUS43 KUNR 190831
CLIUNR


CLIMATE REPORT
NATIONAL WEATHER SERVICE RAPID CITY SD
230 AM MDT WED APR 19 2017


...................................

...THE EAST RAPID CITY SD CLIMATE SUMMARY FOR APRIL 18 2017...

CLIMATE NORMAL PERIOD 1981 TO 2010
CLIMATE RECORD PERIOD 1888 TO 2017


WEATHER ITEM   OBSERVED RECORD YEAR NORMAL DEPARTURE LAST
                VALUE   VALUE       VALUE  FROM      YEAR
                                           NORMAL
...........................................................
TEMPERATURE (F)
 YESTERDAY
  MAXIMUM         63     84    1923  57      6       36
  MINIMUM         44     16    1953  35      9       32
  AVERAGE         54                 46      8       34

PRECIPITATION (IN)
  YESTERDAY        0.01   1.90 1903   0.08  -0.07     0.09
  MONTH TO DATE    0.96               1.07  -0.11     0.42
  SINCE MAR 1      1.76               2.06  -0.30     1.47
  SINCE JAN 1      2.55               2.83  -0.28     2.28

SNOWFALL (IN)
  YESTERDAY        0.0   20.0  1970   0.3   -0.3       T
  MONTH TO DATE    1.4                6.2   -4.8      1.2
  SINCE MAR 1      2.7               18.0  -15.3      9.1
  SINCE JUL 1     35.9               44.7   -8.8     39.0
  SNOW DEPTH       0

DEGREE DAYS
 HEATING
  YESTERDAY       11                 19     -8       31
  MONTH TO DATE  292                401   -109      290
  SINCE MAR 1   1061               1309   -248      975
  SINCE JUL 1   5657               6263   -606     5224

 COOLING
  YESTERDAY        0                  0      0        0
  MONTH TO DATE    0                  0      0        0
  SINCE MAR 1      0                  0      0        0
  SINCE JAN 1      0                  0      0        0
...........................................................


WIND (MPH)
  HIGHEST GUST SPEED    21   HIGHEST GUST DIRECTION    SE (150)



WEATHER CONDITIONS
 THE FOLLOWING WEATHER WAS RECORDED YESTERDAY.
  LIGHT RAIN


..........................................................


THE EAST RAPID CITY SD CLIMATE NORMALS FOR TODAY
                         NORMAL    RECORD    YEAR
 MAXIMUM TEMPERATURE (F)   57        85      1936
 MINIMUM TEMPERATURE (F)   35        18      1966


SUNRISE AND SUNSET
APRIL 19 2017.........SUNRISE   602 AM MDT   SUNSET   742 PM MDT
APRIL 20 2017.........SUNRISE   601 AM MDT   SUNSET   743 PM MDT


-  INDICATES NEGATIVE NUMBERS.
R  INDICATES RECORD WAS SET OR TIED.
MM INDICATES DATA IS MISSING.
T  INDICATES TRACE AMOUNT.




$$
