000
CDUS43 KUNR 220845
CLIUNR


CLIMATE REPORT
NATIONAL WEATHER SERVICE RAPID CITY SD
243 AM MDT TUE JUL 22 2014


...................................

...THE EAST RAPID CITY SD CLIMATE SUMMARY FOR JULY 21 2014...

CLIMATE NORMAL PERIOD 1981 TO 2010
CLIMATE RECORD PERIOD 1888 TO 2014


WEATHER ITEM   OBSERVED RECORD YEAR NORMAL DEPARTURE LAST
                VALUE   VALUE       VALUE  FROM      YEAR
                                           NORMAL
...........................................................
TEMPERATURE (F)
 YESTERDAY
  MAXIMUM         98    104    1934  85     13       90
  MINIMUM         69     49    1947  63      6       62
  AVERAGE         84                 74     10       76

PRECIPITATION (IN)
  YESTERDAY        0.02   0.50 1997   0.08  -0.06     0.09
  MONTH TO DATE    0.60               1.57  -0.97     2.16
  SINCE JUN 1      6.65               4.73   1.92     3.83
  SINCE JAN 1     11.83              12.78  -0.95    12.55

SNOWFALL (IN)
  YESTERDAY        0.0                0.0    0.0      0.0
  MONTH TO DATE    0.0                0.0    0.0      0.0
  SINCE JUN 1      0.0                0.0    0.0      0.0
  SINCE JUL 1      0.0                0.0    0.0      0.0
  SNOW DEPTH       0

DEGREE DAYS
 HEATING
  YESTERDAY        0                  0      0        0
  MONTH TO DATE   11                  6      5        0
  SINCE JUN 1    119                 94     25       58
  SINCE JUL 1     11                  6      5        0

 COOLING
  YESTERDAY       19                  9     10       11
  MONTH TO DATE  136                167    -31      225
  SINCE JUN 1    164                258    -94      320
  SINCE JAN 1    192                276    -84      344
...........................................................


WIND (MPH)
  HIGHEST GUST SPEED    33   HIGHEST GUST DIRECTION    NW (330)



WEATHER CONDITIONS
 THE FOLLOWING WEATHER WAS RECORDED YESTERDAY.
  THUNDERSTORM
  RAIN
  LIGHT RAIN


..........................................................


THE EAST RAPID CITY SD CLIMATE NORMALS FOR TODAY
                         NORMAL    RECORD    YEAR
 MAXIMUM TEMPERATURE (F)   85       104      1940
 MINIMUM TEMPERATURE (F)   63        50      1949


SUNRISE AND SUNSET
JULY 22 2014..........SUNRISE   530 AM MDT   SUNSET   828 PM MDT
JULY 23 2014..........SUNRISE   531 AM MDT   SUNSET   827 PM MDT


-  INDICATES NEGATIVE NUMBERS.
R  INDICATES RECORD WAS SET OR TIED.
MM INDICATES DATA IS MISSING.
T  INDICATES TRACE AMOUNT.




$$
