000
CDUS43 KUNR 270836
CLIUNR


CLIMATE REPORT
NATIONAL WEATHER SERVICE RAPID CITY SD
135 AM MST THU NOV 27 2014


...................................

...THE EAST RAPID CITY SD CLIMATE SUMMARY FOR NOVEMBER 26 2014...

CLIMATE NORMAL PERIOD 1981 TO 2010
CLIMATE RECORD PERIOD 1888 TO 2014


WEATHER ITEM   OBSERVED RECORD YEAR NORMAL DEPARTURE LAST
                VALUE   VALUE       VALUE  FROM      YEAR
                                           NORMAL
...........................................................
TEMPERATURE (F)
 YESTERDAY
  MAXIMUM         31     70    1998  40     -9       32
  MINIMUM         22     -2    1919  23     -1       18
  AVERAGE         27                 32     -5       25

PRECIPITATION (IN)
  YESTERDAY        0.01   0.19 1966   0.01   0.00     0.00
  MONTH TO DATE    0.63               0.56   0.07     0.32
  SINCE SEP 1      5.92               3.75   2.17     6.71
  SINCE JAN 1     23.32              19.43   3.89    22.46

SNOWFALL (IN)
  YESTERDAY        0.2    4.7  2001   0.2    0.0      0.0
  MONTH TO DATE   12.9                5.5    7.4      4.3
  SINCE SEP 1     14.5                7.9    6.6     29.8
  SINCE JUL 1     14.5                7.9    6.6     29.8
  SNOW DEPTH       1

DEGREE DAYS
 HEATING
  YESTERDAY       38                 33      5       40
  MONTH TO DATE  904                715    189      741
  SINCE SEP 1   1458               1414     44     1466
  SINCE JUL 1   1482               1444     38     1472

 COOLING
  YESTERDAY        0                  0      0        0
  MONTH TO DATE    0                  0      0        0
  SINCE SEP 1     78                 70      8      145
  SINCE JAN 1    514                665   -151      830
...........................................................


WIND (MPH)
  HIGHEST GUST SPEED    36   HIGHEST GUST DIRECTION     N (350)



WEATHER CONDITIONS
 THE FOLLOWING WEATHER WAS RECORDED YESTERDAY.
  LIGHT SNOW


..........................................................


THE EAST RAPID CITY SD CLIMATE NORMALS FOR TODAY
                         NORMAL    RECORD    YEAR
 MAXIMUM TEMPERATURE (F)   40        72      1949
 MINIMUM TEMPERATURE (F)   23        -5      1955


SUNRISE AND SUNSET
NOVEMBER 27 2014......SUNRISE   703 AM MST   SUNSET   418 PM MST
NOVEMBER 28 2014......SUNRISE   704 AM MST   SUNSET   417 PM MST


-  INDICATES NEGATIVE NUMBERS.
R  INDICATES RECORD WAS SET OR TIED.
MM INDICATES DATA IS MISSING.
T  INDICATES TRACE AMOUNT.




$$
