000
CDUS43 KUNR 040850
CLIUNR


CLIMATE REPORT
NATIONAL WEATHER SERVICE RAPID CITY SD
250 AM MDT SAT JUL 4 2015


...................................

...THE EAST RAPID CITY SD CLIMATE SUMMARY FOR JULY 3 2015...

CLIMATE NORMAL PERIOD 1981 TO 2010
CLIMATE RECORD PERIOD 1888 TO 2015


WEATHER ITEM   OBSERVED RECORD YEAR NORMAL DEPARTURE LAST
                VALUE   VALUE       VALUE  FROM      YEAR
                                           NORMAL
...........................................................
TEMPERATURE (F)
 YESTERDAY
  MAXIMUM         80    104    1936  82     -2       82
  MINIMUM         61     43    1915  60      1       54
  AVERAGE         71                 71      0       68

PRECIPITATION (IN)
  YESTERDAY        0.00   1.45 2004   0.07  -0.07     0.00
  MONTH TO DATE    0.37               0.21   0.16      T
  SINCE JUN 1      7.24               3.37   3.87     6.05
  SINCE JAN 1     16.60              11.42   5.18    11.23

SNOWFALL (IN)
  YESTERDAY        0.0    0.0  2002   0.0    0.0      0.0
                               2001
                               2000
  MONTH TO DATE    0.0                0.0    0.0      0.0
  SINCE JUN 1      0.0                0.0    0.0      0.0
  SINCE JUL 1      0.0                0.0    0.0      0.0
  SNOW DEPTH       0

DEGREE DAYS
 HEATING
  YESTERDAY        0                  1     -1        0
  MONTH TO DATE    0                  3     -3        4
  SINCE JUN 1     33                 91    -58      112
  SINCE JUL 1      0                  3     -3        4

 COOLING
  YESTERDAY        6                  7     -1        3
  MONTH TO DATE   19                 19      0        3
  SINCE JUN 1    126                110     16       31
  SINCE JAN 1    134                128      6       59
...........................................................


WIND (MPH)
  HIGHEST GUST SPEED    21   HIGHEST GUST DIRECTION    SE (130)



WEATHER CONDITIONS
 THE FOLLOWING WEATHER WAS RECORDED YESTERDAY.
  NO SIGNIFICANT WEATHER WAS OBSERVED.


..........................................................


THE EAST RAPID CITY SD CLIMATE NORMALS FOR TODAY
                         NORMAL    RECORD    YEAR
 MAXIMUM TEMPERATURE (F)   82       101      1936
 MINIMUM TEMPERATURE (F)   60        42      1915


SUNRISE AND SUNSET
JULY  4 2015..........SUNRISE   515 AM MDT   SUNSET   839 PM MDT
JULY  5 2015..........SUNRISE   516 AM MDT   SUNSET   839 PM MDT


-  INDICATES NEGATIVE NUMBERS.
R  INDICATES RECORD WAS SET OR TIED.
MM INDICATES DATA IS MISSING.
T  INDICATES TRACE AMOUNT.




$$
