000
CDUS43 KUNR 290836
CLIUNR


CLIMATE REPORT
NATIONAL WEATHER SERVICE RAPID CITY SD
133 AM MST TUE NOV 29 2016


...................................

...THE EAST RAPID CITY SD CLIMATE SUMMARY FOR NOVEMBER 28 2016...

CLIMATE NORMAL PERIOD 1981 TO 2010
CLIMATE RECORD PERIOD 1888 TO 2016


WEATHER ITEM   OBSERVED RECORD YEAR NORMAL DEPARTURE LAST
                VALUE   VALUE       VALUE  FROM      YEAR
                                           NORMAL
...........................................................
TEMPERATURE (F)
 YESTERDAY
  MAXIMUM         44     68    1932  40      4       26
  MINIMUM         27     -9    1896  23      4       14
  AVERAGE         36                 31      5       20

PRECIPITATION (IN)
  YESTERDAY        T      0.31 1929   0.01  -0.01     0.09
  MONTH TO DATE    0.17               0.58  -0.41     0.23
  SINCE SEP 1      1.60               3.77  -2.17     1.59
  SINCE JAN 1     12.90              19.45  -6.55    23.69

SNOWFALL (IN)
  YESTERDAY        T      6.9  1929   0.2   -0.2      1.4
  MONTH TO DATE    3.0                5.8   -2.8      5.1
  SINCE SEP 1      3.0                8.2   -5.2      5.1
  SINCE JUL 1      3.0                8.2   -5.2      5.1
  SNOW DEPTH       0

DEGREE DAYS
 HEATING
  YESTERDAY       29                 34     -5       45
  MONTH TO DATE  490                782   -292      708
  SINCE SEP 1    931               1481   -550     1135
  SINCE JUL 1    956               1511   -555     1165

 COOLING
  YESTERDAY        0                  0      0        0
  MONTH TO DATE    0                  0      0        0
  SINCE SEP 1     53                 70    -17      139
  SINCE JAN 1    813                665    148      716
...........................................................


WIND (MPH)
  HIGHEST GUST SPEED    61   HIGHEST GUST DIRECTION    NW (310)



WEATHER CONDITIONS
 THE FOLLOWING WEATHER WAS RECORDED YESTERDAY.
  LIGHT SNOW


..........................................................


THE EAST RAPID CITY SD CLIMATE NORMALS FOR TODAY
                         NORMAL    RECORD    YEAR
 MAXIMUM TEMPERATURE (F)   39        75      1932
 MINIMUM TEMPERATURE (F)   22        -8      1896


SUNRISE AND SUNSET
NOVEMBER 29 2016......SUNRISE   706 AM MST   SUNSET   416 PM MST
NOVEMBER 30 2016......SUNRISE   707 AM MST   SUNSET   416 PM MST


-  INDICATES NEGATIVE NUMBERS.
R  INDICATES RECORD WAS SET OR TIED.
MM INDICATES DATA IS MISSING.
T  INDICATES TRACE AMOUNT.




$$
