180
CDUS43 KUNR 260833
CLIUNR


CLIMATE REPORT
NATIONAL WEATHER SERVICE RAPID CITY SD
132 AM MST SUN FEB 26 2017


...................................

...THE EAST RAPID CITY SD CLIMATE SUMMARY FOR FEBRUARY 25 2017...

CLIMATE NORMAL PERIOD 1981 TO 2010
CLIMATE RECORD PERIOD 1888 TO 2017


WEATHER ITEM   OBSERVED RECORD YEAR NORMAL DEPARTURE LAST
                VALUE   VALUE       VALUE  FROM      YEAR
                                           NORMAL
...........................................................
TEMPERATURE (F)
 YESTERDAY
  MAXIMUM         33     70    1999  41     -8       43
  MINIMUM         20    -18    1934  20      0       21
  AVERAGE         27                 30     -3       32

PRECIPITATION (IN)
  YESTERDAY        T      0.37 1963   0.02  -0.02     0.00
  MONTH TO DATE    0.44               0.42   0.02     0.43
  SINCE DEC 1      1.61               1.03   0.58     1.33
  SINCE JAN 1      0.79               0.71   0.08     0.60

SNOWFALL (IN)
  YESTERDAY        T      5.0  1963   0.3   -0.3      0.0
  MONTH TO DATE    9.2                6.5    2.7      3.8
  SINCE DEC 1     29.4               17.2   12.2     21.8
  SINCE JUL 1     33.1               25.8    7.3     27.8
  SNOW DEPTH       3

DEGREE DAYS
 HEATING
  YESTERDAY       38                 35      3       33
  MONTH TO DATE  756                924   -168      691
  SINCE DEC 1   3450               3272    178     2917
  SINCE JUL 1   4481               4852   -371     4175

 COOLING
  YESTERDAY        0                  0      0        0
  MONTH TO DATE    0                  0      0        0
  SINCE DEC 1      0                  0      0        0
  SINCE JAN 1      0                  0      0        0
...........................................................


WIND (MPH)
  HIGHEST GUST SPEED    20   HIGHEST GUST DIRECTION     S (180)



WEATHER CONDITIONS
 THE FOLLOWING WEATHER WAS RECORDED YESTERDAY.
  LIGHT SNOW


..........................................................


THE EAST RAPID CITY SD CLIMATE NORMALS FOR TODAY
                         NORMAL    RECORD    YEAR
 MAXIMUM TEMPERATURE (F)   41        68      1932
 MINIMUM TEMPERATURE (F)   20       -19      1934


SUNRISE AND SUNSET
FEBRUARY 26 2017......SUNRISE   634 AM MST   SUNSET   538 PM MST
FEBRUARY 27 2017......SUNRISE   633 AM MST   SUNSET   539 PM MST


-  INDICATES NEGATIVE NUMBERS.
R  INDICATES RECORD WAS SET OR TIED.
MM INDICATES DATA IS MISSING.
T  INDICATES TRACE AMOUNT.




$$
