516
CDUS43 KUNR 040832
CLIUNR


CLIMATE REPORT
NATIONAL WEATHER SERVICE RAPID CITY SD
132 AM MST SUN DEC 4 2016


...................................

...THE EAST RAPID CITY SD CLIMATE SUMMARY FOR DECEMBER 3 2016...

CLIMATE NORMAL PERIOD 1981 TO 2010
CLIMATE RECORD PERIOD 1888 TO 2016


WEATHER ITEM   OBSERVED RECORD YEAR NORMAL DEPARTURE LAST
                VALUE   VALUE       VALUE  FROM      YEAR
                                           NORMAL
...........................................................
TEMPERATURE (F)
 YESTERDAY
  MAXIMUM         41     74    1941  38      3       45
  MINIMUM         18    -13    1897  21     -3       30
  AVERAGE         30                 29      1       38

PRECIPITATION (IN)
  YESTERDAY        0.00   0.31 1955   0.01  -0.01     0.00
  MONTH TO DATE    0.00               0.03  -0.03     0.24
  SINCE DEC 1      0.00               0.03  -0.03     0.24
  SINCE JAN 1     12.95              19.50  -6.55    24.00

SNOWFALL (IN)
  YESTERDAY        0.0    3.7  1955   0.1   -0.1      0.0
  MONTH TO DATE    0.0                0.5   -0.5      4.3
  SINCE DEC 1      0.0                0.5   -0.5      4.3
  SINCE JUL 1      3.7                9.1   -5.4     10.3
  SNOW DEPTH       0

DEGREE DAYS
 HEATING
  YESTERDAY       35                 36     -1       27
  MONTH TO DATE  107                106      1       89
  SINCE DEC 1    107                106      1       89
  SINCE JUL 1   1138               1686   -548     1347

 COOLING
  YESTERDAY        0                  0      0        0
  MONTH TO DATE    0                  0      0        0
  SINCE DEC 1      0                  0      0        0
  SINCE JAN 1    813                665    148      716
...........................................................


WIND (MPH)
  HIGHEST GUST SPEED    32   HIGHEST GUST DIRECTION    NW (300)



WEATHER CONDITIONS
 THE FOLLOWING WEATHER WAS RECORDED YESTERDAY.
  NO SIGNIFICANT WEATHER WAS OBSERVED.


..........................................................


THE EAST RAPID CITY SD CLIMATE NORMALS FOR TODAY
                         NORMAL    RECORD    YEAR
 MAXIMUM TEMPERATURE (F)   38        73      1965
 MINIMUM TEMPERATURE (F)   21        -5      1909


SUNRISE AND SUNSET
DECEMBER  4 2016......SUNRISE   712 AM MST   SUNSET   415 PM MST
DECEMBER  5 2016......SUNRISE   713 AM MST   SUNSET   415 PM MST


-  INDICATES NEGATIVE NUMBERS.
R  INDICATES RECORD WAS SET OR TIED.
MM INDICATES DATA IS MISSING.
T  INDICATES TRACE AMOUNT.




$$
