000
CDUS43 KUNR 270836
CLIUNR


CLIMATE REPORT
NATIONAL WEATHER SERVICE RAPID CITY SD
233 AM MDT SUN JUL 27 2014


...................................

...THE EAST RAPID CITY SD CLIMATE SUMMARY FOR JULY 26 2014...

CLIMATE NORMAL PERIOD 1981 TO 2010
CLIMATE RECORD PERIOD 1888 TO 2014


WEATHER ITEM   OBSERVED RECORD YEAR NORMAL DEPARTURE LAST
                VALUE   VALUE       VALUE  FROM      YEAR
                                           NORMAL
...........................................................
TEMPERATURE (F)
 YESTERDAY
  MAXIMUM         81    104    1935  86     -5       73
  MINIMUM         64     49    1971  63      1       53
  AVERAGE         73                 74     -1       63

PRECIPITATION (IN)
  YESTERDAY        0.00   1.89 1905   0.09  -0.09     0.04
  MONTH TO DATE    1.42               2.01  -0.59     2.32
  SINCE JUN 1      7.47               5.17   2.30     3.99
  SINCE JAN 1     12.65              13.22  -0.57    12.71

SNOWFALL (IN)
  YESTERDAY        0.0                0.0    0.0      0.0
  MONTH TO DATE    0.0                0.0    0.0      0.0
  SINCE JUN 1      0.0                0.0    0.0      0.0
  SINCE JUL 1      0.0                0.0    0.0      0.0
  SNOW DEPTH       0

DEGREE DAYS
 HEATING
  YESTERDAY        0                  0      0        2
  MONTH TO DATE   11                  6      5        2
  SINCE JUN 1    119                 94     25       60
  SINCE JUL 1     11                  6      5        2

 COOLING
  YESTERDAY        8                  9     -1        0
  MONTH TO DATE  183                212    -29      256
  SINCE JUN 1    211                303    -92      351
  SINCE JAN 1    239                321    -82      375
...........................................................


WIND (MPH)
  HIGHEST GUST SPEED    36   HIGHEST GUST DIRECTION    NW (330)



WEATHER CONDITIONS
 THE FOLLOWING WEATHER WAS RECORDED YESTERDAY.
  NO SIGNIFICANT WEATHER WAS OBSERVED.


..........................................................


THE EAST RAPID CITY SD CLIMATE NORMALS FOR TODAY
                         NORMAL    RECORD    YEAR
 MAXIMUM TEMPERATURE (F)   86       101      1931
 MINIMUM TEMPERATURE (F)   63        50      1971


SUNRISE AND SUNSET
JULY 27 2014..........SUNRISE   535 AM MDT   SUNSET   823 PM MDT
JULY 28 2014..........SUNRISE   537 AM MDT   SUNSET   821 PM MDT


-  INDICATES NEGATIVE NUMBERS.
R  INDICATES RECORD WAS SET OR TIED.
MM INDICATES DATA IS MISSING.
T  INDICATES TRACE AMOUNT.




$$
