000
CDUS43 KUNR 021837
CLIUNR


CLIMATE REPORT
NATIONAL WEATHER SERVICE RAPID CITY SD
1237 PM MDT SUN AUG 2 2015


...................................

...THE EAST RAPID CITY SD CLIMATE SUMMARY FOR AUGUST 2 2015...
VALID AS OF 1100 AM LOCAL TIME.

CLIMATE NORMAL PERIOD 1981 TO 2010
CLIMATE RECORD PERIOD 1888 TO 2015


WEATHER ITEM   OBSERVED RECORD YEAR NORMAL DEPARTURE LAST
                VALUE   VALUE       VALUE  FROM      YEAR
                                           NORMAL
...........................................................
TEMPERATURE (F)
 TODAY
  MAXIMUM         77    102    1938  86     -9       86
  MINIMUM         69     47    1931  62      7       62
  AVERAGE         73                 74     -1       74

PRECIPITATION (IN)
  TODAY            0.00   1.28 1945   0.08  -0.08     0.00
  MONTH TO DATE    0.03               0.16  -0.13     0.08
  SINCE JUN 1     10.52               5.82   4.70     7.55
  SINCE JAN 1     19.88              13.87   6.01    12.73

SNOWFALL (IN)
  TODAY            0.0    0.0  2002   0.0    0.0      0.0
                               2001
                               2000
  MONTH TO DATE    0.0                0.0    0.0      0.0
  SINCE JUN 1      0.0                0.0    0.0      0.0
  SINCE JUL 1      0.0                0.0    0.0      0.0
  SNOW DEPTH      MM

DEGREE DAYS
 HEATING
  TODAY            0                  0      0        0
  MONTH TO DATE    0                  0      0        0
  SINCE JUN 1     34                100    -66      119
  SINCE JUL 1      1                 12    -11       11

 COOLING
  TODAY            8                  9     -1        9
  MONTH TO DATE   21                 18      3       22
  SINCE JUN 1    351                369    -18      259
  SINCE JAN 1    359                387    -28      287
...........................................................





WEATHER CONDITIONS
 THE FOLLOWING WEATHER WAS RECORDED TODAY.
  NO SIGNIFICANT WEATHER WAS OBSERVED.


..........................................................


THE EAST RAPID CITY SD CLIMATE NORMALS FOR TOMORROW
                         NORMAL    RECORD    YEAR
 MAXIMUM TEMPERATURE (F)   86       102      1947
 MINIMUM TEMPERATURE (F)   62        47      1894


SUNRISE AND SUNSET
AUGUST  2 2015........SUNRISE   542 AM MDT   SUNSET   816 PM MDT
AUGUST  3 2015........SUNRISE   543 AM MDT   SUNSET   815 PM MDT


-  INDICATES NEGATIVE NUMBERS.
R  INDICATES RECORD WAS SET OR TIED.
MM INDICATES DATA IS MISSING.
T  INDICATES TRACE AMOUNT.




$$
