000
CDUS43 KUNR 160850
CLIUNR


CLIMATE REPORT
NATIONAL WEATHER SERVICE RAPID CITY SD
150 AM MST SAT DEC 16 2017


...................................

...THE EAST RAPID CITY SD CLIMATE SUMMARY FOR DECEMBER 15 2017...

CLIMATE NORMAL PERIOD 1981 TO 2010
CLIMATE RECORD PERIOD 1888 TO 2017


WEATHER ITEM   OBSERVED RECORD YEAR NORMAL DEPARTURE LAST
                VALUE   VALUE       VALUE  FROM      YEAR
                                           NORMAL
...........................................................
TEMPERATURE (F)
 YESTERDAY
  MAXIMUM         58     66    1939  36     22       19
  MINIMUM         26    -19    2008  18      8        8
  AVERAGE         42                 27     15       14

PRECIPITATION (IN)
  YESTERDAY        0.00   0.27 2015   0.01  -0.01     0.05
  MONTH TO DATE    0.08               0.14  -0.06     0.06
  SINCE DEC 1      0.08               0.14  -0.06     0.06
  SINCE JAN 1     12.65              19.61  -6.96    13.01

SNOWFALL (IN)
  YESTERDAY        0.0    5.5  2015   0.1   -0.1      0.9
  MONTH TO DATE    1.9                2.5   -0.6      1.3
  SINCE DEC 1      1.9                2.5   -0.6      1.3
  SINCE JUL 1      3.0               11.1   -8.1      5.0
  SNOW DEPTH       0

DEGREE DAYS
 HEATING
  YESTERDAY       23                 38    -15       51
  MONTH TO DATE  383                553   -170      722
  SINCE DEC 1    383                553   -170      722
  SINCE JUL 1   1763               2133   -370     1753

 COOLING
  YESTERDAY        0                  0      0        0
  MONTH TO DATE    0                  0      0        0
  SINCE DEC 1      0                  0      0        0
  SINCE JAN 1    854                665    189      813
...........................................................


WIND (MPH)
  HIGHEST GUST SPEED    20   HIGHEST GUST DIRECTION    NW (330)



WEATHER CONDITIONS
 THE FOLLOWING WEATHER WAS RECORDED YESTERDAY.
  NO SIGNIFICANT WEATHER WAS OBSERVED.


..........................................................


THE EAST RAPID CITY SD CLIMATE NORMALS FOR TODAY
                         NORMAL    RECORD    YEAR
 MAXIMUM TEMPERATURE (F)   36        65      1962
 MINIMUM TEMPERATURE (F)   18       -17      1964


SUNRISE AND SUNSET
DECEMBER 16 2017......SUNRISE   722 AM MST   SUNSET   416 PM MST
DECEMBER 17 2017......SUNRISE   722 AM MST   SUNSET   416 PM MST


-  INDICATES NEGATIVE NUMBERS.
R  INDICATES RECORD WAS SET OR TIED.
MM INDICATES DATA IS MISSING.
T  INDICATES TRACE AMOUNT.




$$
