000
CDUS43 KUNR 271831
CLIUNR


CLIMATE REPORT
NATIONAL WEATHER SERVICE RAPID CITY SD
1231 PM MDT WED MAY 27 2015


...................................

...THE EAST RAPID CITY SD CLIMATE SUMMARY FOR MAY 27 2015...
VALID AS OF 1100 AM LOCAL TIME.

CLIMATE NORMAL PERIOD 1981 TO 2010
CLIMATE RECORD PERIOD 1888 TO 2015


WEATHER ITEM   OBSERVED RECORD YEAR NORMAL DEPARTURE LAST
                VALUE   VALUE       VALUE  FROM      YEAR
                                           NORMAL
...........................................................
TEMPERATURE (F)
 TODAY
  MAXIMUM         71     99    1969  70      1       78
  MINIMUM         48     33    2008  48      0       57
                               1918
  AVERAGE         60                 59      1       68

PRECIPITATION (IN)
  TODAY            0.00   5.57 1926   0.14  -0.14     0.03
  MONTH TO DATE    6.99               3.57   3.42     1.15
  SINCE MAR 1      8.04               6.66   1.38     3.96
  SINCE JAN 1      8.59               7.43   1.16     4.47

SNOWFALL (IN)
  TODAY            0.0    T    2008   0.0    0.0      0.0
  MONTH TO DATE   13.6                2.0   11.6      0.6
  SINCE MAR 1     15.0               22.6   -7.6     23.4
  SINCE JUL 1     50.7               49.3    1.4     73.5
  SNOW DEPTH       0

DEGREE DAYS
 HEATING
  TODAY            5                  7     -2        0
  MONTH TO DATE  370                282     88      318
  SINCE MAR 1   1509               1794   -285     1943
  SINCE JUL 1   6205               6748   -543     7291

 COOLING
  TODAY            0                  1     -1        3
  MONTH TO DATE    2                 11     -9       10
  SINCE MAR 1      8                 12     -4       10
  SINCE JAN 1      8                 12     -4       10
...........................................................





WEATHER CONDITIONS
 THE FOLLOWING WEATHER WAS RECORDED TODAY.
  NO SIGNIFICANT WEATHER WAS OBSERVED.


..........................................................


THE EAST RAPID CITY SD CLIMATE NORMALS FOR TOMORROW
                         NORMAL    RECORD    YEAR
 MAXIMUM TEMPERATURE (F)   70        96      1934
 MINIMUM TEMPERATURE (F)   49        30      1947


SUNRISE AND SUNSET
MAY 27 2015...........SUNRISE   516 AM MDT   SUNSET   825 PM MDT
MAY 28 2015...........SUNRISE   515 AM MDT   SUNSET   825 PM MDT


-  INDICATES NEGATIVE NUMBERS.
R  INDICATES RECORD WAS SET OR TIED.
MM INDICATES DATA IS MISSING.
T  INDICATES TRACE AMOUNT.




$$
