045
CDUS43 KUNR 220835
CLIUNR


CLIMATE REPORT
NATIONAL WEATHER SERVICE RAPID CITY SD
235 AM MDT SAT JUL 22 2017


...................................

...THE EAST RAPID CITY SD CLIMATE SUMMARY FOR JULY 21 2017...

CLIMATE NORMAL PERIOD 1981 TO 2010
CLIMATE RECORD PERIOD 1888 TO 2017


WEATHER ITEM   OBSERVED RECORD YEAR NORMAL DEPARTURE LAST
                VALUE   VALUE       VALUE  FROM      YEAR
                                           NORMAL
...........................................................
TEMPERATURE (F)
 YESTERDAY
  MAXIMUM         93    104    1934  85      8       95
  MINIMUM         64     49    1947  63      1       75
  AVERAGE         79                 74      5       85

PRECIPITATION (IN)
  YESTERDAY        0.00   0.50 1997   0.08  -0.08     0.00
  MONTH TO DATE    1.07               1.57  -0.50     2.28
  SINCE JUN 1      2.60               4.73  -2.13     2.86
  SINCE JAN 1      7.23              12.78  -5.55     7.40

SNOWFALL (IN)
  YESTERDAY        0.0    0.0  2002   0.0    0.0      0.0
                               2001
                               2000
  MONTH TO DATE    0.0                0.0    0.0      0.0
  SINCE JUN 1      0.0                0.0    0.0      0.0
  SINCE JUL 1      0.0                0.0    0.0      0.0
  SNOW DEPTH       0

DEGREE DAYS
 HEATING
  YESTERDAY        0                  0      0        0
  MONTH TO DATE    0                  6     -6        1
  SINCE JUN 1     12                 94    -82        6
  SINCE JUL 1      0                  6     -6        1

 COOLING
  YESTERDAY       14                  9      5       20
  MONTH TO DATE  299                167    132      188
  SINCE JUN 1    441                258    183      433
  SINCE JAN 1    454                276    178      439
...........................................................


WIND (MPH)
  HIGHEST GUST SPEED    38   HIGHEST GUST DIRECTION     N (340)



WEATHER CONDITIONS
 THE FOLLOWING WEATHER WAS RECORDED YESTERDAY.
  NO SIGNIFICANT WEATHER WAS OBSERVED.


..........................................................


THE EAST RAPID CITY SD CLIMATE NORMALS FOR TODAY
                         NORMAL    RECORD    YEAR
 MAXIMUM TEMPERATURE (F)   85       104      1940
 MINIMUM TEMPERATURE (F)   63        50      1949


SUNRISE AND SUNSET
JULY 22 2017..........SUNRISE   531 AM MDT   SUNSET   827 PM MDT
JULY 23 2017..........SUNRISE   532 AM MDT   SUNSET   826 PM MDT


-  INDICATES NEGATIVE NUMBERS.
R  INDICATES RECORD WAS SET OR TIED.
MM INDICATES DATA IS MISSING.
T  INDICATES TRACE AMOUNT.




$$
