306
CDUS43 KUNR 240036
CLIUNR


CLIMATE REPORT
NATIONAL WEATHER SERVICE RAPID CITY SD
636 PM MDT FRI SEP 23 2016


...................................

...THE EAST RAPID CITY SD CLIMATE SUMMARY FOR SEPTEMBER 23 2016...
VALID TODAY AS OF 0500 PM LOCAL TIME.

CLIMATE NORMAL PERIOD 1981 TO 2010
CLIMATE RECORD PERIOD 1888 TO 2016


WEATHER ITEM   OBSERVED RECORD YEAR NORMAL DEPARTURE LAST
                VALUE   VALUE       VALUE  FROM      YEAR
                                           NORMAL
...........................................................
TEMPERATURE (F)
 TODAY
  MAXIMUM         73     92    1958  69      4       77
  MINIMUM         52     28    1965  47      5       55
  AVERAGE         63                 58      5       66

PRECIPITATION (IN)
  TODAY            0.00   0.67 1948   0.05  -0.05     0.00
  MONTH TO DATE    0.50               1.20  -0.70      T
  SINCE SEP 1      0.50               1.20  -0.70      T
  SINCE JAN 1     11.80              16.88  -5.08    22.10

SNOWFALL (IN)
  TODAY            0.0    0.2  2000   0.0    0.0      0.0
  MONTH TO DATE    0.0                0.0    0.0      0.0
  SINCE SEP 1      0.0                0.0    0.0      0.0
  SINCE JUL 1      0.0                0.0    0.0      0.0
  SNOW DEPTH       0

DEGREE DAYS
 HEATING
  TODAY            2                  8     -6        0
  MONTH TO DATE   70                108    -38       38
  SINCE SEP 1     70                108    -38       38
  SINCE JUL 1     95                138    -43       68

 COOLING
  TODAY            0                  1     -1        1
  MONTH TO DATE   47                 62    -15      114
  SINCE SEP 1     47                 62    -15      114
  SINCE JAN 1    807                657    150      691
...........................................................





WEATHER CONDITIONS
 THE FOLLOWING WEATHER WAS RECORDED TODAY.
  NO SIGNIFICANT WEATHER WAS OBSERVED.


..........................................................


THE EAST RAPID CITY SD CLIMATE NORMALS FOR TOMORROW
                         NORMAL    RECORD    YEAR
 MAXIMUM TEMPERATURE (F)   68        88      1938
 MINIMUM TEMPERATURE (F)   46        16      1926


SUNRISE AND SUNSET
SEPTEMBER 23 2016.....SUNRISE   642 AM MDT   SUNSET   647 PM MDT
SEPTEMBER 24 2016.....SUNRISE   643 AM MDT   SUNSET   646 PM MDT


-  INDICATES NEGATIVE NUMBERS.
R  INDICATES RECORD WAS SET OR TIED.
MM INDICATES DATA IS MISSING.
T  INDICATES TRACE AMOUNT.




$$
