279
CDUS43 KUNR 210837
CLIUNR


CLIMATE REPORT
NATIONAL WEATHER SERVICE RAPID CITY SD
135 AM MST SUN JAN 21 2018


...................................

...THE EAST RAPID CITY SD CLIMATE SUMMARY FOR JANUARY 20 2018...

CLIMATE NORMAL PERIOD 1981 TO 2010
CLIMATE RECORD PERIOD 1888 TO 2018


WEATHER ITEM   OBSERVED RECORD YEAR NORMAL DEPARTURE LAST
                VALUE   VALUE       VALUE  FROM      YEAR
                                           NORMAL
...........................................................
TEMPERATURE (F)
 YESTERDAY
  MAXIMUM         38     66    2009  38      0       44
  MINIMUM         28    -22    1943  16     12       33
  AVERAGE         33                 27      6       39

PRECIPITATION (IN)
  YESTERDAY        0.02   0.47 1917   0.01   0.01     0.01
  MONTH TO DATE    0.23               0.17   0.06     0.13
  SINCE DEC 1      0.53               0.49   0.04     0.95
  SINCE JAN 1      0.23               0.17   0.06     0.13

SNOWFALL (IN)
  YESTERDAY        0.5    3.4  2008   0.2    0.3      0.0
                               1917
  MONTH TO DATE    3.4                3.2    0.2      3.6
  SINCE DEC 1     10.7                8.4    2.3     15.7
  SINCE JUL 1     11.8               17.0   -5.2     19.4
  SNOW DEPTH       0

DEGREE DAYS
 HEATING
  YESTERDAY       32                 38     -6       26
  MONTH TO DATE  810                760     50      931
  SINCE DEC 1   2001               1927     74     2324
  SINCE JUL 1   3381               3507   -126     3355

 COOLING
  YESTERDAY        0                  0      0        0
  MONTH TO DATE    0                  0      0        0
  SINCE DEC 1      0                  0      0        0
  SINCE JAN 1      0                  0      0        0
...........................................................


WIND (MPH)
  HIGHEST GUST SPEED    22   HIGHEST GUST DIRECTION    NW (320)



WEATHER CONDITIONS
 THE FOLLOWING WEATHER WAS RECORDED YESTERDAY.
  LIGHT RAIN
  LIGHT SNOW


..........................................................


THE EAST RAPID CITY SD CLIMATE NORMALS FOR TODAY
                         NORMAL    RECORD    YEAR
 MAXIMUM TEMPERATURE (F)   37        62      1968
 MINIMUM TEMPERATURE (F)   16       -23      1890


SUNRISE AND SUNSET
JANUARY 21 2018.......SUNRISE   721 AM MST   SUNSET   448 PM MST
JANUARY 22 2018.......SUNRISE   720 AM MST   SUNSET   450 PM MST


-  INDICATES NEGATIVE NUMBERS.
R  INDICATES RECORD WAS SET OR TIED.
MM INDICATES DATA IS MISSING.
T  INDICATES TRACE AMOUNT.




$$
