000
CDUS43 KUNR 290850
CLIUNR


CLIMATE REPORT
NATIONAL WEATHER SERVICE RAPID CITY SD
250 AM MDT MON SEP 29 2014


...................................

...THE EAST RAPID CITY SD CLIMATE SUMMARY FOR SEPTEMBER 28 2014...

CLIMATE NORMAL PERIOD 1981 TO 2010
CLIMATE RECORD PERIOD 1888 TO 2014


WEATHER ITEM   OBSERVED RECORD YEAR NORMAL DEPARTURE LAST
                VALUE   VALUE       VALUE  FROM      YEAR
                                           NORMAL
...........................................................
TEMPERATURE (F)
 YESTERDAY
  MAXIMUM         61     91    1957  66     -5       68
  MINIMUM         49     27    1941  44      5       39
  AVERAGE         55                 55      0       54

PRECIPITATION (IN)
  YESTERDAY        0.01   1.72 1923   0.04  -0.03     0.00
  MONTH TO DATE    1.02               1.45  -0.43     0.95
  SINCE SEP 1      1.02               1.45  -0.43     0.95
  SINCE JAN 1     18.42              17.13   1.29    16.70

SNOWFALL (IN)
  YESTERDAY        0.0                0.0    0.0      0.0
  MONTH TO DATE    1.6                0.1    1.5      0.0
  SINCE SEP 1      1.6                0.1    1.5      0.0
  SINCE JUL 1      1.6                0.1    1.5      0.0
  SNOW DEPTH       0

DEGREE DAYS
 HEATING
  YESTERDAY       10                 10      0       11
  MONTH TO DATE  163                156      7       85
  SINCE SEP 1    163                156      7       85
  SINCE JUL 1    187                186      1       91

 COOLING
  YESTERDAY        0                  1     -1        0
  MONTH TO DATE   78                 67     11      141
  SINCE SEP 1     78                 67     11      141
  SINCE JAN 1    514                662   -148      826
...........................................................


WIND (MPH)
  HIGHEST GUST SPEED    37   HIGHEST GUST DIRECTION    NW (330)



WEATHER CONDITIONS
 THE FOLLOWING WEATHER WAS RECORDED YESTERDAY.
  NO SIGNIFICANT WEATHER WAS OBSERVED.


..........................................................


THE EAST RAPID CITY SD CLIMATE NORMALS FOR TODAY
                         NORMAL    RECORD    YEAR
 MAXIMUM TEMPERATURE (F)   66        96      1892
 MINIMUM TEMPERATURE (F)   44        27      1945


SUNRISE AND SUNSET
SEPTEMBER 29 2014.....SUNRISE   648 AM MDT   SUNSET   637 PM MDT
SEPTEMBER 30 2014.....SUNRISE   649 AM MDT   SUNSET   635 PM MDT


-  INDICATES NEGATIVE NUMBERS.
R  INDICATES RECORD WAS SET OR TIED.
MM INDICATES DATA IS MISSING.
T  INDICATES TRACE AMOUNT.




$$
