000
CDUS43 KUNR 200037
CLIUNR


CLIMATE REPORT
NATIONAL WEATHER SERVICE RAPID CITY SD
636 PM MDT SUN OCT 19 2014


...................................

...THE EAST RAPID CITY SD CLIMATE SUMMARY FOR OCTOBER 19 2014...
VALID TODAY AS OF 0500 PM LOCAL TIME.

CLIMATE NORMAL PERIOD 1981 TO 2010
CLIMATE RECORD PERIOD 1888 TO 2014


WEATHER ITEM   OBSERVED RECORD YEAR NORMAL DEPARTURE LAST
                VALUE   VALUE       VALUE  FROM      YEAR
                                           NORMAL
...........................................................
TEMPERATURE (F)
 TODAY
  MAXIMUM         71     86    1947  58     13       61
  MINIMUM         52     15    1925  36     16       44
  AVERAGE         62                 47     15       53

PRECIPITATION (IN)
  TODAY            0.00   1.18 1919   0.05  -0.05     0.00
  MONTH TO DATE    0.47               1.05  -0.58     5.28
  SINCE SEP 1      5.29               2.59   2.70     6.23
  SINCE JAN 1     22.69              18.27   4.42    21.98

SNOWFALL (IN)
  TODAY            0.0                0.1   -0.1      0.0
  MONTH TO DATE    0.0                0.8   -0.8     24.2
  SINCE SEP 1      1.6                0.9    0.7     24.2
  SINCE JUL 1      1.6                0.9    0.7     24.2
  SNOW DEPTH       0

DEGREE DAYS
 HEATING
  TODAY            3                 18    -15       12
  MONTH TO DATE  222                282    -60      354
  SINCE SEP 1    407                461    -54      443
  SINCE JUL 1    431                491    -60      449

 COOLING
  TODAY            0                  0      0        0
  MONTH TO DATE    0                  0      0        0
  SINCE SEP 1     78                 66     12      145
  SINCE JAN 1    514                661   -147      830
...........................................................





WEATHER CONDITIONS
 THE FOLLOWING WEATHER WAS RECORDED TODAY.
  NO SIGNIFICANT WEATHER WAS OBSERVED.


..........................................................


THE EAST RAPID CITY SD CLIMATE NORMALS FOR TOMORROW
                         NORMAL    RECORD    YEAR
 MAXIMUM TEMPERATURE (F)   58        86      1947
 MINIMUM TEMPERATURE (F)   36        14      1905


SUNRISE AND SUNSET
OCTOBER 19 2014.......SUNRISE   713 AM MDT   SUNSET   602 PM MDT
OCTOBER 20 2014.......SUNRISE   714 AM MDT   SUNSET   601 PM MDT


-  INDICATES NEGATIVE NUMBERS.
R  INDICATES RECORD WAS SET OR TIED.
MM INDICATES DATA IS MISSING.
T  INDICATES TRACE AMOUNT.




$$
