000
CDUS43 KUNR 081832
CLIUNR


CLIMATE REPORT
NATIONAL WEATHER SERVICE RAPID CITY SD
1131 AM MST FRI DEC 8 2017


...................................

...THE EAST RAPID CITY SD CLIMATE SUMMARY FOR DECEMBER 8 2017...
VALID AS OF 1100 AM LOCAL TIME.

CLIMATE NORMAL PERIOD 1981 TO 2010
CLIMATE RECORD PERIOD 1888 TO 2017


WEATHER ITEM   OBSERVED RECORD YEAR NORMAL DEPARTURE LAST
                VALUE   VALUE       VALUE  FROM      YEAR
                                           NORMAL
...........................................................
TEMPERATURE (F)
 TODAY
  MAXIMUM         46     66    1939  37      9       12
  MINIMUM         41    -16    1932  19     22       -3
  AVERAGE         44                 28     16        5

PRECIPITATION (IN)
  TODAY            0.00   0.15 1967   0.01  -0.01     0.00
  MONTH TO DATE    0.08               0.07   0.01      T
  SINCE DEC 1      0.08               0.07   0.01      T
  SINCE JAN 1     12.65              19.54  -6.89    12.95

SNOWFALL (IN)
  TODAY            0.0    3.5  2007   0.2   -0.2      0.0
  MONTH TO DATE    1.9                1.4    0.5       T
  SINCE DEC 1      1.9                1.4    0.5       T
  SINCE JUL 1      3.0               10.0   -7.0      3.7
  SNOW DEPTH       0

DEGREE DAYS
 HEATING
  TODAY           21                 37    -16       60
  MONTH TO DATE  227                289    -62      337
  SINCE DEC 1    227                289    -62      337
  SINCE JUL 1   1607               1869   -262     1368

 COOLING
  TODAY            0                  0      0        0
  MONTH TO DATE    0                  0      0        0
  SINCE DEC 1      0                  0      0        0
  SINCE JAN 1    854                665    189      813
...........................................................





WEATHER CONDITIONS
 THE FOLLOWING WEATHER WAS RECORDED TODAY.
  NO SIGNIFICANT WEATHER WAS OBSERVED.


..........................................................


THE EAST RAPID CITY SD CLIMATE NORMALS FOR TOMORROW
                         NORMAL    RECORD    YEAR
 MAXIMUM TEMPERATURE (F)   37        70      1939
 MINIMUM TEMPERATURE (F)   19       -23      1919


SUNRISE AND SUNSET
DECEMBER  8 2017......SUNRISE   715 AM MST   SUNSET   414 PM MST
DECEMBER  9 2017......SUNRISE   716 AM MST   SUNSET   414 PM MST


-  INDICATES NEGATIVE NUMBERS.
R  INDICATES RECORD WAS SET OR TIED.
MM INDICATES DATA IS MISSING.
T  INDICATES TRACE AMOUNT.




$$
