000
CDUS43 KUNR 190038
CLIUNR


CLIMATE REPORT
NATIONAL WEATHER SERVICE RAPID CITY SD
638 PM MDT THU MAY 18 2017


...................................

...THE EAST RAPID CITY SD CLIMATE SUMMARY FOR MAY 18 2017...
VALID TODAY AS OF 0500 PM LOCAL TIME.

CLIMATE NORMAL PERIOD 1981 TO 2010
CLIMATE RECORD PERIOD 1888 TO 2017


WEATHER ITEM   OBSERVED RECORD YEAR NORMAL DEPARTURE LAST
                VALUE   VALUE       VALUE  FROM      YEAR
                                           NORMAL
...........................................................
TEMPERATURE (F)
 TODAY
  MAXIMUM         48     90    1948  67    -19       69
  MINIMUM         36     22    1888  46    -10       41
  AVERAGE         42                 56    -14       55

PRECIPITATION (IN)
  TODAY            0.00   1.33 1962   0.14  -0.14     0.00
  MONTH TO DATE    1.01               2.22  -1.21     0.27
  SINCE MAR 1      3.44               5.31  -1.87     2.50
  SINCE JAN 1      4.23               6.08  -1.85     3.31

SNOWFALL (IN)
  TODAY            0.0    0.0  2002   0.1   -0.1      0.0
                               2001
                               2000
  MONTH TO DATE    0.0                1.8   -1.8       T
  SINCE MAR 1      6.0               22.4  -16.4     11.7
  SINCE JUL 1     39.2               49.1   -9.9     41.6
  SNOW DEPTH       0

DEGREE DAYS
 HEATING
  TODAY           23                  9     14       10
  MONTH TO DATE  148                211    -63      213
  SINCE MAR 1   1461               1723   -262     1410
  SINCE JUL 1   6057               6677   -620     5659

 COOLING
  TODAY            0                  1     -1        0
  MONTH TO DATE   13                  2     11        2
  SINCE MAR 1     13                  3     10        4
  SINCE JAN 1     13                  3     10        4
...........................................................





WEATHER CONDITIONS
 THE FOLLOWING WEATHER WAS RECORDED TODAY.
  NO SIGNIFICANT WEATHER WAS OBSERVED.


..........................................................


THE EAST RAPID CITY SD CLIMATE NORMALS FOR TOMORROW
                         NORMAL    RECORD    YEAR
 MAXIMUM TEMPERATURE (F)   67        93      2009
 MINIMUM TEMPERATURE (F)   46        28      1895


SUNRISE AND SUNSET
MAY 18 2017...........SUNRISE   523 AM MDT   SUNSET   816 PM MDT
MAY 19 2017...........SUNRISE   522 AM MDT   SUNSET   817 PM MDT


-  INDICATES NEGATIVE NUMBERS.
R  INDICATES RECORD WAS SET OR TIED.
MM INDICATES DATA IS MISSING.
T  INDICATES TRACE AMOUNT.




$$
