000
CDUS43 KUNR 220037
CLIUNR


CLIMATE REPORT
NATIONAL WEATHER SERVICE RAPID CITY SD
636 PM MDT SAT MAY 21 2016


...................................

...THE EAST RAPID CITY SD CLIMATE SUMMARY FOR MAY 21 2016...
VALID TODAY AS OF 0500 PM LOCAL TIME.

CLIMATE NORMAL PERIOD 1981 TO 2010
CLIMATE RECORD PERIOD 1888 TO 2016


WEATHER ITEM   OBSERVED RECORD YEAR NORMAL DEPARTURE LAST
                VALUE   VALUE       VALUE  FROM      YEAR
                                           NORMAL
...........................................................
TEMPERATURE (F)
 TODAY
  MAXIMUM         66     92    1966  68     -2       62
  MINIMUM         53     27    1931  47      6       40
  AVERAGE         60                 57      3       51

PRECIPITATION (IN)
  TODAY            T      1.64 1962   0.15  -0.15     0.00
  MONTH TO DATE    0.61               2.68  -2.07     4.37
  SINCE MAR 1      2.84               5.77  -2.93     5.42
  SINCE JAN 1      3.65               6.54  -2.89     5.97

SNOWFALL (IN)
  TODAY            0.0    0.0  2002   0.1   -0.1      0.0
                               2001
                               2000
  MONTH TO DATE    T                  1.9   -1.9     13.6
  SINCE MAR 1     11.7               22.5  -10.8     15.0
  SINCE JUL 1     41.6               49.2   -7.6     50.7
  SNOW DEPTH       0

DEGREE DAYS
 HEATING
  TODAY            5                  8     -3       14
  MONTH TO DATE  225                237    -12      311
  SINCE MAR 1   1422               1749   -327     1450
  SINCE JUL 1   5671               6703  -1032     6146

 COOLING
  TODAY            0                  1     -1        0
  MONTH TO DATE    2                  5     -3        2
  SINCE MAR 1      4                  6     -2        8
  SINCE JAN 1      4                  6     -2        8
...........................................................





WEATHER CONDITIONS
 THE FOLLOWING WEATHER WAS RECORDED TODAY.
  NO SIGNIFICANT WEATHER WAS OBSERVED.


..........................................................


THE EAST RAPID CITY SD CLIMATE NORMALS FOR TOMORROW
                         NORMAL    RECORD    YEAR
 MAXIMUM TEMPERATURE (F)   68        89      2006
 MINIMUM TEMPERATURE (F)   47        30      1963


SUNRISE AND SUNSET
MAY 21 2016...........SUNRISE   520 AM MDT   SUNSET   819 PM MDT
MAY 22 2016...........SUNRISE   519 AM MDT   SUNSET   820 PM MDT


-  INDICATES NEGATIVE NUMBERS.
R  INDICATES RECORD WAS SET OR TIED.
MM INDICATES DATA IS MISSING.
T  INDICATES TRACE AMOUNT.




$$
