516
CDUS43 KUNR 230037
CLIUNR


CLIMATE REPORT
NATIONAL WEATHER SERVICE RAPID CITY SD
637 PM MDT THU JUN 22 2017


...................................

...THE EAST RAPID CITY SD CLIMATE SUMMARY FOR JUNE 22 2017...
VALID TODAY AS OF 0500 PM LOCAL TIME.

CLIMATE NORMAL PERIOD 1981 TO 2010
CLIMATE RECORD PERIOD 1888 TO 2017


WEATHER ITEM   OBSERVED RECORD YEAR NORMAL DEPARTURE LAST
                VALUE   VALUE       VALUE  FROM      YEAR
                                           NORMAL
...........................................................
TEMPERATURE (F)
 TODAY
  MAXIMUM         75    101    1937  78     -3       82
  MINIMUM         58     45    1947  56      2       62
  AVERAGE         67                 67      0       72

PRECIPITATION (IN)
  TODAY            0.00   1.01 1947   0.09  -0.09     0.00
  MONTH TO DATE    0.93               2.58  -1.65     0.52
  SINCE JUN 1      0.93               2.58  -1.65     0.52
  SINCE JAN 1      5.56              10.63  -5.07     5.06

SNOWFALL (IN)
  TODAY            0.0    0.0  2002   0.0    0.0      0.0
                               2001
                               2000
  MONTH TO DATE    0.0                0.0    0.0      0.0
  SINCE JUN 1      0.0                0.0    0.0      0.0
  SINCE JUL 1     39.2               49.3  -10.1     41.6
  SNOW DEPTH       0

DEGREE DAYS
 HEATING
  TODAY            0                  2     -2        0
  MONTH TO DATE    3                 78    -75        5
  SINCE JUN 1      3                 78    -75        5
  SINCE JUL 1   6179               6850   -671     5719

 COOLING
  TODAY            2                  4     -2        7
  MONTH TO DATE  123                 50     73      176
  SINCE JUN 1    123                 50     73      176
  SINCE JAN 1    136                 68     68      182
...........................................................





WEATHER CONDITIONS
 THE FOLLOWING WEATHER WAS RECORDED TODAY.
  NO SIGNIFICANT WEATHER WAS OBSERVED.


..........................................................


THE EAST RAPID CITY SD CLIMATE NORMALS FOR TOMORROW
                         NORMAL    RECORD    YEAR
 MAXIMUM TEMPERATURE (F)   79       102      1937
 MINIMUM TEMPERATURE (F)   57        42      1967


SUNRISE AND SUNSET
JUNE 22 2017..........SUNRISE   510 AM MDT   SUNSET   840 PM MDT
JUNE 23 2017..........SUNRISE   510 AM MDT   SUNSET   840 PM MDT


-  INDICATES NEGATIVE NUMBERS.
R  INDICATES RECORD WAS SET OR TIED.
MM INDICATES DATA IS MISSING.
T  INDICATES TRACE AMOUNT.




$$
