000
CDUS43 KUNR 030843
CLIUNR


CLIMATE REPORT
NATIONAL WEATHER SERVICE RAPID CITY SD
243 AM MDT FRI JUL 3 2015


...................................

...THE EAST RAPID CITY SD CLIMATE SUMMARY FOR JULY 2 2015...

CLIMATE NORMAL PERIOD 1981 TO 2010
CLIMATE RECORD PERIOD 1888 TO 2015


WEATHER ITEM   OBSERVED RECORD YEAR NORMAL DEPARTURE LAST
                VALUE   VALUE       VALUE  FROM      YEAR
                                           NORMAL
...........................................................
TEMPERATURE (F)
 YESTERDAY
  MAXIMUM         78    102    1949  82     -4       73
  MINIMUM         61     44    1915  60      1       54
  AVERAGE         70                 71     -1       64

PRECIPITATION (IN)
  YESTERDAY        0.00   1.74 1905   0.07  -0.07     0.00
  MONTH TO DATE    0.37               0.14   0.23      T
  SINCE JUN 1      7.24               3.30   3.94     6.05
  SINCE JAN 1     16.60              11.35   5.25    11.23

SNOWFALL (IN)
  YESTERDAY        0.0    0.0  2002   0.0    0.0      0.0
                               2001
                               2000
  MONTH TO DATE    0.0                0.0    0.0      0.0
  SINCE JUN 1      0.0                0.0    0.0      0.0
  SINCE JUL 1      0.0                0.0    0.0      0.0
  SNOW DEPTH       0

DEGREE DAYS
 HEATING
  YESTERDAY        0                  1     -1        1
  MONTH TO DATE    0                  2     -2        4
  SINCE JUN 1     33                 90    -57      112
  SINCE JUL 1      0                  2     -2        4

 COOLING
  YESTERDAY        5                  6     -1        0
  MONTH TO DATE   13                 12      1        0
  SINCE JUN 1    120                103     17       28
  SINCE JAN 1    128                121      7       56
...........................................................


WIND (MPH)
  HIGHEST GUST SPEED    33   HIGHEST GUST DIRECTION    NW (330)



WEATHER CONDITIONS
 THE FOLLOWING WEATHER WAS RECORDED YESTERDAY.
  HAZE


..........................................................


THE EAST RAPID CITY SD CLIMATE NORMALS FOR TODAY
                         NORMAL    RECORD    YEAR
 MAXIMUM TEMPERATURE (F)   82       104      1936
 MINIMUM TEMPERATURE (F)   60        43      1915


SUNRISE AND SUNSET
JULY  3 2015..........SUNRISE   515 AM MDT   SUNSET   839 PM MDT
JULY  4 2015..........SUNRISE   515 AM MDT   SUNSET   839 PM MDT


-  INDICATES NEGATIVE NUMBERS.
R  INDICATES RECORD WAS SET OR TIED.
MM INDICATES DATA IS MISSING.
T  INDICATES TRACE AMOUNT.




$$
