000
CDUS43 KUNR 260833
CLIUNR


CLIMATE REPORT
NATIONAL WEATHER SERVICE RAPID CITY SD
233 AM MDT SUN JUL 26 2015


...................................

...THE EAST RAPID CITY SD CLIMATE SUMMARY FOR JULY 25 2015...

CLIMATE NORMAL PERIOD 1981 TO 2010
CLIMATE RECORD PERIOD 1888 TO 2015


WEATHER ITEM   OBSERVED RECORD YEAR NORMAL DEPARTURE LAST
                VALUE   VALUE       VALUE  FROM      YEAR
                                           NORMAL
...........................................................
TEMPERATURE (F)
 YESTERDAY
  MAXIMUM         85    105    1931  86     -1       80
  MINIMUM         63     46    1911  63      0       65
  AVERAGE         74                 74      0       73

PRECIPITATION (IN)
  YESTERDAY        0.11   0.60 1948   0.09   0.02     0.00
  MONTH TO DATE    2.38               1.92   0.46     1.42
  SINCE JUN 1      9.25               5.08   4.17     7.47
  SINCE JAN 1     18.61              13.13   5.48    12.65

SNOWFALL (IN)
  YESTERDAY        0.0    0.0  2002   0.0    0.0      0.0
                               2001
                               1955
  MONTH TO DATE    0.0                0.0    0.0      0.0
  SINCE JUN 1      0.0                0.0    0.0      0.0
  SINCE JUL 1      0.0                0.0    0.0      0.0
  SNOW DEPTH       0

DEGREE DAYS
 HEATING
  YESTERDAY        0                  0      0        0
  MONTH TO DATE    1                  6     -5       11
  SINCE JUN 1     34                 94    -60      119
  SINCE JUL 1      1                  6     -5       11

 COOLING
  YESTERDAY        9                  9      0        8
  MONTH TO DATE  173                203    -30      175
  SINCE JUN 1    280                294    -14      203
  SINCE JAN 1    288                312    -24      231
...........................................................


WIND (MPH)
  HIGHEST GUST SPEED    29   HIGHEST GUST DIRECTION    NW (320)



WEATHER CONDITIONS
 THE FOLLOWING WEATHER WAS RECORDED YESTERDAY.
  THUNDERSTORM
  RAIN
  LIGHT RAIN


..........................................................


THE EAST RAPID CITY SD CLIMATE NORMALS FOR TODAY
                         NORMAL    RECORD    YEAR
 MAXIMUM TEMPERATURE (F)   86       104      1935
 MINIMUM TEMPERATURE (F)   63        49      1971


SUNRISE AND SUNSET
JULY 26 2015..........SUNRISE   534 AM MDT   SUNSET   824 PM MDT
JULY 27 2015..........SUNRISE   535 AM MDT   SUNSET   823 PM MDT


-  INDICATES NEGATIVE NUMBERS.
R  INDICATES RECORD WAS SET OR TIED.
MM INDICATES DATA IS MISSING.
T  INDICATES TRACE AMOUNT.




$$
