000
CDUS43 KUNR 260831
CLIUNR


CLIMATE REPORT
NATIONAL WEATHER SERVICE RAPID CITY SD
230 AM MDT SUN OCT 26 2014


...................................

...THE EAST RAPID CITY SD CLIMATE SUMMARY FOR OCTOBER 25 2014...

CLIMATE NORMAL PERIOD 1981 TO 2010
CLIMATE RECORD PERIOD 1888 TO 2014


WEATHER ITEM   OBSERVED RECORD YEAR NORMAL DEPARTURE LAST
                VALUE   VALUE       VALUE  FROM      YEAR
                                           NORMAL
...........................................................
TEMPERATURE (F)
 YESTERDAY
  MAXIMUM         65     77    2007  56      9       68
                               1955
  MINIMUM         43      2    1919  35      8       35
  AVERAGE         54                 45      9       52

PRECIPITATION (IN)
  YESTERDAY        0.00   0.59 1954   0.05  -0.05     0.00
  MONTH TO DATE    0.47               1.36  -0.89     5.30
  SINCE SEP 1      5.29               2.90   2.39     6.25
  SINCE JAN 1     22.69              18.58   4.11    22.00

SNOWFALL (IN)
  YESTERDAY        0.0                0.1   -0.1      0.0
  MONTH TO DATE    0.0                1.4   -1.4     24.2
  SINCE SEP 1      1.6                1.5    0.1     24.2
  SINCE JUL 1      1.6                1.5    0.1     24.2
  SNOW DEPTH       0

DEGREE DAYS
 HEATING
  YESTERDAY       11                 20     -9       13
  MONTH TO DATE  257                395   -138      475
  SINCE SEP 1    442                574   -132      564
  SINCE JUL 1    466                604   -138      570

 COOLING
  YESTERDAY        0                  0      0        0
  MONTH TO DATE    0                  0      0        0
  SINCE SEP 1     78                 66     12      145
  SINCE JAN 1    514                661   -147      830
...........................................................


WIND (MPH)
  HIGHEST GUST SPEED    29   HIGHEST GUST DIRECTION    SE (150)



WEATHER CONDITIONS
 THE FOLLOWING WEATHER WAS RECORDED YESTERDAY.
  NO SIGNIFICANT WEATHER WAS OBSERVED.


..........................................................


THE EAST RAPID CITY SD CLIMATE NORMALS FOR TODAY
                         NORMAL    RECORD    YEAR
 MAXIMUM TEMPERATURE (F)   56        80      1966
 MINIMUM TEMPERATURE (F)   34         2      1919


SUNRISE AND SUNSET
OCTOBER 26 2014.......SUNRISE   722 AM MDT   SUNSET   551 PM MDT
OCTOBER 27 2014.......SUNRISE   723 AM MDT   SUNSET   550 PM MDT


-  INDICATES NEGATIVE NUMBERS.
R  INDICATES RECORD WAS SET OR TIED.
MM INDICATES DATA IS MISSING.
T  INDICATES TRACE AMOUNT.




$$
