000
CDUS43 KUNR 040845
CLIUNR


CLIMATE REPORT
NATIONAL WEATHER SERVICE RAPID CITY SD
144 AM MST THU FEB 4 2016


...................................

...THE EAST RAPID CITY SD CLIMATE SUMMARY FOR FEBRUARY 3 2016...

CLIMATE NORMAL PERIOD 1981 TO 2010
CLIMATE RECORD PERIOD 1888 TO 2016


WEATHER ITEM   OBSERVED RECORD YEAR NORMAL DEPARTURE LAST
                VALUE   VALUE       VALUE  FROM      YEAR
                                           NORMAL
...........................................................
TEMPERATURE (F)
 YESTERDAY
  MAXIMUM         32     72    1962  37     -5       46
  MINIMUM         19    -23    1899  17      2       14
  AVERAGE         26                 27     -1       30

PRECIPITATION (IN)
  YESTERDAY        0.03   0.71 1997   0.02   0.01     0.01
  MONTH TO DATE    0.24               0.05   0.19     0.01
  SINCE DEC 1      1.14               0.66   0.48     0.54
  SINCE JAN 1      0.41               0.34   0.07     0.16

SNOWFALL (IN)
  YESTERDAY        0.7    8.9  1997   0.3    0.4      0.3
  MONTH TO DATE    3.8                0.8    3.0      0.4
  SINCE DEC 1     21.8               11.5   10.3     12.2
  SINCE JUL 1     27.8               20.1    7.7     27.5
  SNOW DEPTH       3

DEGREE DAYS
 HEATING
  YESTERDAY       39                 38      1       35
  MONTH TO DATE  115                114      1      139
  SINCE DEC 1   2341               2462   -121     2229
  SINCE JUL 1   3599               4042   -443     3843

 COOLING
  YESTERDAY        0                  0      0        0
  MONTH TO DATE    0                  0      0        0
  SINCE DEC 1      0                  0      0        0
  SINCE JAN 1      0                  0      0        0
...........................................................


WIND (MPH)
  HIGHEST GUST SPEED    25   HIGHEST GUST DIRECTION    NW (330)



WEATHER CONDITIONS
 THE FOLLOWING WEATHER WAS RECORDED YESTERDAY.
  LIGHT SNOW


..........................................................


THE EAST RAPID CITY SD CLIMATE NORMALS FOR TODAY
                         NORMAL    RECORD    YEAR
 MAXIMUM TEMPERATURE (F)   37        73      2005
 MINIMUM TEMPERATURE (F)   17       -27      1899


SUNRISE AND SUNSET
FEBRUARY  4 2016......SUNRISE   707 AM MST   SUNSET   507 PM MST
FEBRUARY  5 2016......SUNRISE   706 AM MST   SUNSET   508 PM MST


-  INDICATES NEGATIVE NUMBERS.
R  INDICATES RECORD WAS SET OR TIED.
MM INDICATES DATA IS MISSING.
T  INDICATES TRACE AMOUNT.




$$
