000
CDUS43 KUNR 140036
CLIUNR


CLIMATE REPORT
NATIONAL WEATHER SERVICE RAPID CITY SD
535 PM MST WED DEC 13 2017


...................................

...THE EAST RAPID CITY SD CLIMATE SUMMARY FOR DECEMBER 13 2017...
VALID TODAY AS OF 0500 PM LOCAL TIME.

CLIMATE NORMAL PERIOD 1981 TO 2010
CLIMATE RECORD PERIOD 1888 TO 2017


WEATHER ITEM   OBSERVED RECORD YEAR NORMAL DEPARTURE LAST
                VALUE   VALUE       VALUE  FROM      YEAR
                                           NORMAL
...........................................................
TEMPERATURE (F)
 TODAY
  MAXIMUM         51     63    1921  36     15       22
  MINIMUM         39    -19    1916  18     21        0
  AVERAGE         45                 27     18       11

PRECIPITATION (IN)
  TODAY            0.00   0.20 1922   0.01  -0.01     0.00
  MONTH TO DATE    0.08               0.12  -0.04     0.01
  SINCE DEC 1      0.08               0.12  -0.04     0.01
  SINCE JAN 1     12.65              19.59  -6.94    12.96

SNOWFALL (IN)
  TODAY            0.0    2.8  2009   0.2   -0.2      0.0
  MONTH TO DATE    1.9                2.2   -0.3      0.4
  SINCE DEC 1      1.9                2.2   -0.3      0.4
  SINCE JUL 1      3.0               10.8   -7.8      4.1
  SNOW DEPTH       0

DEGREE DAYS
 HEATING
  TODAY           20                 38    -18       54
  MONTH TO DATE  324                477   -153      620
  SINCE DEC 1    324                477   -153      620
  SINCE JUL 1   1704               2057   -353     1651

 COOLING
  TODAY            0                  0      0        0
  MONTH TO DATE    0                  0      0        0
  SINCE DEC 1      0                  0      0        0
  SINCE JAN 1    854                665    189      813
...........................................................





WEATHER CONDITIONS
 THE FOLLOWING WEATHER WAS RECORDED TODAY.
  NO SIGNIFICANT WEATHER WAS OBSERVED.


..........................................................


THE EAST RAPID CITY SD CLIMATE NORMALS FOR TOMORROW
                         NORMAL    RECORD    YEAR
 MAXIMUM TEMPERATURE (F)   36        69      1998
 MINIMUM TEMPERATURE (F)   18       -24      1901


SUNRISE AND SUNSET
DECEMBER 13 2017......SUNRISE   720 AM MST   SUNSET   415 PM MST
DECEMBER 14 2017......SUNRISE   720 AM MST   SUNSET   415 PM MST


-  INDICATES NEGATIVE NUMBERS.
R  INDICATES RECORD WAS SET OR TIED.
MM INDICATES DATA IS MISSING.
T  INDICATES TRACE AMOUNT.




$$
