000
CDUS43 KUNR 190831
CLIUNR


CLIMATE REPORT
NATIONAL WEATHER SERVICE RAPID CITY SD
230 AM MDT TUE AUG 19 2014


...................................

...THE EAST RAPID CITY SD CLIMATE SUMMARY FOR AUGUST 18 2014...

CLIMATE NORMAL PERIOD 1981 TO 2010
CLIMATE RECORD PERIOD 1888 TO 2014


WEATHER ITEM   OBSERVED RECORD YEAR NORMAL DEPARTURE LAST
                VALUE   VALUE       VALUE  FROM      YEAR
                                           NORMAL
...........................................................
TEMPERATURE (F)
 YESTERDAY
  MAXIMUM         80    101    1959  84     -4       85
  MINIMUM         65     48    1950  60      5       64
  AVERAGE         73                 72      1       75

PRECIPITATION (IN)
  YESTERDAY        T      0.92 1968   0.06  -0.06      T
  MONTH TO DATE    3.12               1.31   1.81     1.88
  SINCE JUN 1     10.59               6.97   3.62     5.87
  SINCE JAN 1     15.77              15.02   0.75    14.59

SNOWFALL (IN)
  YESTERDAY        0.0                0.0    0.0      0.0
  MONTH TO DATE    0.0                0.0    0.0      0.0
  SINCE JUN 1      0.0                0.0    0.0      0.0
  SINCE JUL 1      0.0                0.0    0.0      0.0
  SNOW DEPTH       0

DEGREE DAYS
 HEATING
  YESTERDAY        0                  0      0        0
  MONTH TO DATE    0                  0      0        0
  SINCE JUN 1    119                100     19       64
  SINCE JUL 1     11                 12     -1        6

 COOLING
  YESTERDAY        8                  7      1       10
  MONTH TO DATE  128                149    -21       91
  SINCE JUN 1    365                500   -135      464
  SINCE JAN 1    393                518   -125      488
...........................................................


WIND (MPH)
  HIGHEST GUST SPEED    41   HIGHEST GUST DIRECTION     N (360)



WEATHER CONDITIONS
 THE FOLLOWING WEATHER WAS RECORDED YESTERDAY.
  LIGHT RAIN


..........................................................


THE EAST RAPID CITY SD CLIMATE NORMALS FOR TODAY
                         NORMAL    RECORD    YEAR
 MAXIMUM TEMPERATURE (F)   84       100      1948
 MINIMUM TEMPERATURE (F)   60        46      1908


SUNRISE AND SUNSET
AUGUST 19 2014........SUNRISE   601 AM MDT   SUNSET   751 PM MDT
AUGUST 20 2014........SUNRISE   602 AM MDT   SUNSET   749 PM MDT


-  INDICATES NEGATIVE NUMBERS.
R  INDICATES RECORD WAS SET OR TIED.
MM INDICATES DATA IS MISSING.
T  INDICATES TRACE AMOUNT.




$$
