000
CDUS43 KUNR 240832
CLIUNR


CLIMATE REPORT
NATIONAL WEATHER SERVICE RAPID CITY SD
132 AM MST WED DEC 24 2014


...................................

...THE EAST RAPID CITY SD CLIMATE SUMMARY FOR DECEMBER 23 2014...

CLIMATE NORMAL PERIOD 1981 TO 2010
CLIMATE RECORD PERIOD 1888 TO 2014


WEATHER ITEM   OBSERVED RECORD YEAR NORMAL DEPARTURE LAST
                VALUE   VALUE       VALUE  FROM      YEAR
                                           NORMAL
...........................................................
TEMPERATURE (F)
 YESTERDAY
  MAXIMUM         31     67    1955  36     -5       13
  MINIMUM         22    -14    1996  17      5       -6
  AVERAGE         27                 26      1        4

PRECIPITATION (IN)
  YESTERDAY        0.03   0.19 1939   0.01   0.02      T
  MONTH TO DATE    0.10               0.23  -0.13     0.51
  SINCE DEC 1      0.10               0.23  -0.13     0.51
  SINCE JAN 1     23.45              19.70   3.75    22.97

SNOWFALL (IN)
  YESTERDAY        0.6    1.8  1939   0.2    0.4       T
  MONTH TO DATE    1.8                3.9   -2.1      8.7
  SINCE DEC 1      1.8                3.9   -2.1      8.7
  SINCE JUL 1     17.1               12.5    4.6     38.5
  SNOW DEPTH       1

DEGREE DAYS
 HEATING
  YESTERDAY       38                 38      0       61
  MONTH TO DATE  669                857   -188     1070
  SINCE DEC 1    669                857   -188     1070
  SINCE JUL 1   2283               2437   -154     2659

 COOLING
  YESTERDAY        0                  0      0        0
  MONTH TO DATE    0                  0      0        0
  SINCE DEC 1      0                  0      0        0
  SINCE JAN 1    514                665   -151      830
...........................................................


WIND (MPH)
  HIGHEST GUST SPEED    55   HIGHEST GUST DIRECTION    NW (330)



WEATHER CONDITIONS
 THE FOLLOWING WEATHER WAS RECORDED YESTERDAY.
  LIGHT SNOW


..........................................................


THE EAST RAPID CITY SD CLIMATE NORMALS FOR TODAY
                         NORMAL    RECORD    YEAR
 MAXIMUM TEMPERATURE (F)   36        67      1955
 MINIMUM TEMPERATURE (F)   17       -16      1996


SUNRISE AND SUNSET
DECEMBER 24 2014......SUNRISE   726 AM MST   SUNSET   419 PM MST
DECEMBER 25 2014......SUNRISE   726 AM MST   SUNSET   420 PM MST


-  INDICATES NEGATIVE NUMBERS.
R  INDICATES RECORD WAS SET OR TIED.
MM INDICATES DATA IS MISSING.
T  INDICATES TRACE AMOUNT.




$$
