000
CDUS43 KUNR 130041
CLIUNR


CLIMATE REPORT
NATIONAL WEATHER SERVICE RAPID CITY SD
641 PM MDT SAT AUG 12 2017


...................................

...THE EAST RAPID CITY SD CLIMATE SUMMARY FOR AUGUST 12 2017...
VALID TODAY AS OF 0500 PM LOCAL TIME.

CLIMATE NORMAL PERIOD 1981 TO 2010
CLIMATE RECORD PERIOD 1888 TO 2017


WEATHER ITEM   OBSERVED RECORD YEAR NORMAL DEPARTURE LAST
                VALUE   VALUE       VALUE  FROM      YEAR
                                           NORMAL
...........................................................
TEMPERATURE (F)
 TODAY
  MAXIMUM         79    102    1938  85     -6       81
  MINIMUM         52     43    1964  61     -9       61
  AVERAGE         66                 73     -7       71

PRECIPITATION (IN)
  TODAY            0.18   1.06 1921   0.07   0.11     0.10
  MONTH TO DATE    0.82               0.92  -0.10     1.28
  SINCE JUN 1      3.59               6.58  -2.99     4.72
  SINCE JAN 1      8.22              14.63  -6.41     9.26

SNOWFALL (IN)
  TODAY            0.0    0.0  2002   0.0    0.0      0.0
                               2001
                               2000
  MONTH TO DATE    0.0                0.0    0.0      0.0
  SINCE JUN 1      0.0                0.0    0.0      0.0
  SINCE JUL 1      0.0                0.0    0.0      0.0
  SNOW DEPTH       0

DEGREE DAYS
 HEATING
  TODAY            0                  0      0        0
  MONTH TO DATE    5                  0      5        0
  SINCE JUN 1     17                100    -83        6
  SINCE JUL 1      5                 12     -7        1

 COOLING
  TODAY            1                  8     -7        6
  MONTH TO DATE   33                104    -71      113
  SINCE JUN 1    599                455    144      643
  SINCE JAN 1    612                473    139      649
...........................................................





WEATHER CONDITIONS
 THE FOLLOWING WEATHER WAS RECORDED TODAY.
  THUNDERSTORM
  LIGHT RAIN


..........................................................


THE EAST RAPID CITY SD CLIMATE NORMALS FOR TOMORROW
                         NORMAL    RECORD    YEAR
 MAXIMUM TEMPERATURE (F)   85       101      2007
 MINIMUM TEMPERATURE (F)   61        47      2004
                                             1966


SUNRISE AND SUNSET
AUGUST 12 2017........SUNRISE   553 AM MDT   SUNSET   801 PM MDT
AUGUST 13 2017........SUNRISE   555 AM MDT   SUNSET   800 PM MDT


-  INDICATES NEGATIVE NUMBERS.
R  INDICATES RECORD WAS SET OR TIED.
MM INDICATES DATA IS MISSING.
T  INDICATES TRACE AMOUNT.




$$
