000
CDUS43 KUNR 010845
CLIUNR


CLIMATE REPORT
NATIONAL WEATHER SERVICE RAPID CITY SD
143 AM MST SUN MAR 1 2015


...................................

...THE EAST RAPID CITY SD CLIMATE SUMMARY FOR FEBRUARY 28 2015...

CLIMATE NORMAL PERIOD 1981 TO 2010
CLIMATE RECORD PERIOD 1888 TO 2015


WEATHER ITEM   OBSERVED RECORD YEAR NORMAL DEPARTURE LAST
                VALUE   VALUE       VALUE  FROM      YEAR
                                           NORMAL
...........................................................
TEMPERATURE (F)
 YESTERDAY
  MAXIMUM         21     70    1972  42    -21       29
  MINIMUM          9    -20    1919  21    -12       -2
  AVERAGE         15                 31    -16       14

PRECIPITATION (IN)
  YESTERDAY        0.00   0.82 1904   0.02  -0.02     0.03
  MONTH TO DATE    0.39               0.48  -0.09     0.25
  SINCE DEC 1      0.92               1.09  -0.17     1.05
  SINCE JAN 1      0.54               0.77  -0.23     0.51

SNOWFALL (IN)
  YESTERDAY        0.0    8.2  1904   0.3   -0.3      0.8
  MONTH TO DATE    8.6                7.4    1.2      7.0
  SINCE DEC 1     20.4               18.1    2.3     20.3
  SINCE JUL 1     35.7               26.7    9.0     50.1
  SNOW DEPTH       1

DEGREE DAYS
 HEATING
  YESTERDAY       50                 34     16       51
  MONTH TO DATE  992               1026    -34     1271
  SINCE DEC 1   3082               3374   -292     3759
  SINCE JUL 1   4696               4954   -258     5348

 COOLING
  YESTERDAY        0                  0      0        0
  MONTH TO DATE    0                  0      0        0
  SINCE DEC 1      0                  0      0        0
  SINCE JAN 1      0                  0      0        0
...........................................................


WIND (MPH)
  HIGHEST GUST SPEED    29   HIGHEST GUST DIRECTION     N (360)



WEATHER CONDITIONS
 THE FOLLOWING WEATHER WAS RECORDED YESTERDAY.
  NO SIGNIFICANT WEATHER WAS OBSERVED.


..........................................................


THE EAST RAPID CITY SD CLIMATE NORMALS FOR TODAY
                         NORMAL    RECORD    YEAR
 MAXIMUM TEMPERATURE (F)   42        73      2008
 MINIMUM TEMPERATURE (F)   21       -16      1962


SUNRISE AND SUNSET
MARCH  1 2015.........SUNRISE   630 AM MST   SUNSET   541 PM MST
MARCH  2 2015.........SUNRISE   628 AM MST   SUNSET   542 PM MST


-  INDICATES NEGATIVE NUMBERS.
R  INDICATES RECORD WAS SET OR TIED.
MM INDICATES DATA IS MISSING.
T  INDICATES TRACE AMOUNT.




$$
