000
CDUS43 KUNR 090046
CLIUNR


CLIMATE REPORT
NATIONAL WEATHER SERVICE RAPID CITY SD
646 PM MDT TUE JUL 8 2014


...................................

...THE EAST RAPID CITY SD CLIMATE SUMMARY FOR JULY 8 2014...
VALID TODAY AS OF 0500 PM LOCAL TIME.

CLIMATE NORMAL PERIOD 1981 TO 2010
CLIMATE RECORD PERIOD 1888 TO 2014


WEATHER ITEM   OBSERVED RECORD YEAR NORMAL DEPARTURE LAST
                VALUE   VALUE       VALUE  FROM      YEAR
                                           NORMAL
...........................................................
TEMPERATURE (F)
 TODAY
  MAXIMUM         76    100    1954  83     -7       86
  MINIMUM         58     45    1904  61     -3       63
  AVERAGE         67                 72     -5       75

PRECIPITATION (IN)
  TODAY            0.00   1.32 1926   0.07  -0.07     0.27
  MONTH TO DATE    0.14               0.57  -0.43     0.72
  SINCE JUN 1      6.19               3.73   2.46     2.39
  SINCE JAN 1     11.37              11.78  -0.41    11.11

SNOWFALL (IN)
  TODAY            0.0                0.0    0.0      0.0
  MONTH TO DATE    0.0                0.0    0.0      0.0
  SINCE JUN 1      0.0                0.0    0.0      0.0
  SINCE JUL 1      0.0                0.0    0.0      0.0
  SNOW DEPTH       0

DEGREE DAYS
 HEATING
  TODAY            0                  0      0        0
  MONTH TO DATE    4                  6     -2        0
  SINCE JUN 1    112                 94     18       58
  SINCE JUL 1      4                  6     -2        0

 COOLING
  TODAY            2                  8     -6       10
  MONTH TO DATE   50                 55     -5       73
  SINCE JUN 1     78                146    -68      168
  SINCE JAN 1    106                164    -58      192
...........................................................





WEATHER CONDITIONS
 THE FOLLOWING WEATHER WAS RECORDED TODAY.
  NO SIGNIFICANT WEATHER WAS OBSERVED.


..........................................................


THE EAST RAPID CITY SD CLIMATE NORMALS FOR TOMORROW
                         NORMAL    RECORD    YEAR
 MAXIMUM TEMPERATURE (F)   84       107      1954
 MINIMUM TEMPERATURE (F)   61        45      1929


SUNRISE AND SUNSET
JULY  8 2014..........SUNRISE   518 AM MDT   SUNSET   837 PM MDT
JULY  9 2014..........SUNRISE   519 AM MDT   SUNSET   837 PM MDT


-  INDICATES NEGATIVE NUMBERS.
R  INDICATES RECORD WAS SET OR TIED.
MM INDICATES DATA IS MISSING.
T  INDICATES TRACE AMOUNT.




$$
