000
CDUS43 KUNR 310036
CLIUNR


CLIMATE REPORT
NATIONAL WEATHER SERVICE RAPID CITY SD
636 PM MDT SAT MAY 30 2015


...................................

...THE EAST RAPID CITY SD CLIMATE SUMMARY FOR MAY 30 2015...
VALID TODAY AS OF 0500 PM LOCAL TIME.

CLIMATE NORMAL PERIOD 1981 TO 2010
CLIMATE RECORD PERIOD 1888 TO 2015


WEATHER ITEM   OBSERVED RECORD YEAR NORMAL DEPARTURE LAST
                VALUE   VALUE       VALUE  FROM      YEAR
                                           NORMAL
...........................................................
TEMPERATURE (F)
 TODAY
  MAXIMUM         65     95    1939  71     -6       62
  MINIMUM         39     31    1947  49    -10       57
  AVERAGE         52                 60     -8       60

PRECIPITATION (IN)
  TODAY            0.00   1.63 1943   0.16  -0.16     0.26
  MONTH TO DATE    7.76               4.03   3.73     1.53
  SINCE MAR 1      8.81               7.12   1.69     4.34
  SINCE JAN 1      9.36               7.89   1.47     4.85

SNOWFALL (IN)
  TODAY            0.0    0.0  2002   0.0    0.0      0.0
                               2001
                               1951
  MONTH TO DATE   13.6                2.0   11.6      0.6
  SINCE MAR 1     15.0               22.6   -7.6     23.4
  SINCE JUL 1     50.7               49.3    1.4     73.5
  SNOW DEPTH       0

DEGREE DAYS
 HEATING
  TODAY           13                  6      7        5
  MONTH TO DATE  400                301     99      323
  SINCE MAR 1   1539               1813   -274     1948
  SINCE JUL 1   6235               6767   -532     7296

 COOLING
  TODAY            0                  1     -1        0
  MONTH TO DATE    2                 14    -12       27
  SINCE MAR 1      8                 15     -7       27
  SINCE JAN 1      8                 15     -7       27
...........................................................





WEATHER CONDITIONS
 THE FOLLOWING WEATHER WAS RECORDED TODAY.
  NO SIGNIFICANT WEATHER WAS OBSERVED.


..........................................................


THE EAST RAPID CITY SD CLIMATE NORMALS FOR TOMORROW
                         NORMAL    RECORD    YEAR
 MAXIMUM TEMPERATURE (F)   71        92      1933
 MINIMUM TEMPERATURE (F)   49        34      1951


SUNRISE AND SUNSET
MAY 30 2015...........SUNRISE   514 AM MDT   SUNSET   827 PM MDT
MAY 31 2015...........SUNRISE   513 AM MDT   SUNSET   828 PM MDT


-  INDICATES NEGATIVE NUMBERS.
R  INDICATES RECORD WAS SET OR TIED.
MM INDICATES DATA IS MISSING.
T  INDICATES TRACE AMOUNT.




$$
