000
CDUS43 KUNR 210832
CLIUNR


CLIMATE REPORT
NATIONAL WEATHER SERVICE RAPID CITY SD
232 AM MDT SAT MAY 21 2016


...................................

...THE EAST RAPID CITY SD CLIMATE SUMMARY FOR MAY 20 2016...

CLIMATE NORMAL PERIOD 1981 TO 2010
CLIMATE RECORD PERIOD 1888 TO 2016


WEATHER ITEM   OBSERVED RECORD YEAR NORMAL DEPARTURE LAST
                VALUE   VALUE       VALUE  FROM      YEAR
                                           NORMAL
...........................................................
TEMPERATURE (F)
 YESTERDAY
  MAXIMUM         74     90    1964  68      6       55
  MINIMUM         50     30    1968  46      4       34
  AVERAGE         62                 57      5       45

PRECIPITATION (IN)
  YESTERDAY        0.34   4.24 1899   0.16   0.18     0.04
  MONTH TO DATE    0.61               2.53  -1.92     4.37
  SINCE MAR 1      2.84               5.62  -2.78     5.42
  SINCE JAN 1      3.65               6.39  -2.74     5.97

SNOWFALL (IN)
  YESTERDAY        0.0    1.0  1959   0.0    0.0       T
  MONTH TO DATE    T                  1.8   -1.8     13.6
  SINCE MAR 1     11.7               22.4  -10.7     15.0
  SINCE JUL 1     41.6               49.1   -7.5     50.7
  SNOW DEPTH       0

DEGREE DAYS
 HEATING
  YESTERDAY        3                  9     -6       20
  MONTH TO DATE  220                229     -9      297
  SINCE MAR 1   1417               1741   -324     1436
  SINCE JUL 1   5666               6695  -1029     6132

 COOLING
  YESTERDAY        0                  1     -1        0
  MONTH TO DATE    2                  4     -2        2
  SINCE MAR 1      4                  5     -1        8
  SINCE JAN 1      4                  5     -1        8
...........................................................


WIND (MPH)
  HIGHEST GUST SPEED    29   HIGHEST GUST DIRECTION    SE (150)



WEATHER CONDITIONS
 THE FOLLOWING WEATHER WAS RECORDED YESTERDAY.
  THUNDERSTORM
  HEAVY RAIN
  RAIN
  LIGHT RAIN


..........................................................


THE EAST RAPID CITY SD CLIMATE NORMALS FOR TODAY
                         NORMAL    RECORD    YEAR
 MAXIMUM TEMPERATURE (F)   68        92      1966
 MINIMUM TEMPERATURE (F)   47        27      1931


SUNRISE AND SUNSET
MAY 21 2016...........SUNRISE   520 AM MDT   SUNSET   819 PM MDT
MAY 22 2016...........SUNRISE   519 AM MDT   SUNSET   820 PM MDT


-  INDICATES NEGATIVE NUMBERS.
R  INDICATES RECORD WAS SET OR TIED.
MM INDICATES DATA IS MISSING.
T  INDICATES TRACE AMOUNT.




$$
