000
CDUS43 KUNR 061833
CLIUNR


CLIMATE REPORT
NATIONAL WEATHER SERVICE RAPID CITY SD
1132 AM MST FRI MAR 6 2015


...................................

...THE EAST RAPID CITY SD CLIMATE SUMMARY FOR MARCH 6 2015...
VALID AS OF 1100 AM LOCAL TIME.

CLIMATE NORMAL PERIOD 1981 TO 2010
CLIMATE RECORD PERIOD 1888 TO 2015


WEATHER ITEM   OBSERVED RECORD YEAR NORMAL DEPARTURE LAST
                VALUE   VALUE       VALUE  FROM      YEAR
                                           NORMAL
...........................................................
TEMPERATURE (F)
 TODAY
  MAXIMUM         53     75    1968  44      9       58
  MINIMUM         34    -13    1943  22     12       33
  AVERAGE         44                 33     11       46

PRECIPITATION (IN)
  TODAY            0.00   0.41 1930   0.02  -0.02     0.02
  MONTH TO DATE    0.09               0.12  -0.03     0.15
  SINCE MAR 1      0.09               0.12  -0.03     0.15
  SINCE JAN 1      0.64               0.89  -0.25     0.66

SNOWFALL (IN)
  TODAY            0.0    5.2  1998   0.3   -0.3      0.0
  MONTH TO DATE    1.4                1.9   -0.5      3.0
  SINCE MAR 1      1.4                1.9   -0.5      3.0
  SINCE JUL 1     37.1               28.6    8.5     53.1
  SNOW DEPTH       0

DEGREE DAYS
 HEATING
  TODAY           21                 32    -11       19
  MONTH TO DATE  241                197     44      309
  SINCE MAR 1    241                197     44      309
  SINCE JUL 1   4937               5151   -214     5657

 COOLING
  TODAY            0                  0      0        0
  MONTH TO DATE    0                  0      0        0
  SINCE MAR 1      0                  0      0        0
  SINCE JAN 1      0                  0      0        0
...........................................................





WEATHER CONDITIONS
 THE FOLLOWING WEATHER WAS RECORDED TODAY.
  NO SIGNIFICANT WEATHER WAS OBSERVED.


..........................................................


THE EAST RAPID CITY SD CLIMATE NORMALS FOR TOMORROW
                         NORMAL    RECORD    YEAR
 MAXIMUM TEMPERATURE (F)   44        68      1970
 MINIMUM TEMPERATURE (F)   23       -15      1932


SUNRISE AND SUNSET
MARCH  6 2015.........SUNRISE   622 AM MST   SUNSET   547 PM MST
MARCH  7 2015.........SUNRISE   620 AM MST   SUNSET   549 PM MST


-  INDICATES NEGATIVE NUMBERS.
R  INDICATES RECORD WAS SET OR TIED.
MM INDICATES DATA IS MISSING.
T  INDICATES TRACE AMOUNT.




$$
