000
CDUS43 KUNR 170847
CLIUNR


CLIMATE REPORT
NATIONAL WEATHER SERVICE RAPID CITY SD
244 AM MDT WED SEP 17 2014


...................................

...THE EAST RAPID CITY SD CLIMATE SUMMARY FOR SEPTEMBER 16 2014...

CLIMATE NORMAL PERIOD 1981 TO 2010
CLIMATE RECORD PERIOD 1888 TO 2014


WEATHER ITEM   OBSERVED RECORD YEAR NORMAL DEPARTURE LAST
                VALUE   VALUE       VALUE  FROM      YEAR
                                           NORMAL
...........................................................
TEMPERATURE (F)
 YESTERDAY
  MAXIMUM         79     96    1895  72      7       67
  MINIMUM         49     29    1965  50     -1       50
  AVERAGE         64                 61      3       59

PRECIPITATION (IN)
  YESTERDAY        0.00   2.76 1913   0.06  -0.06     0.00
  MONTH TO DATE    0.99               0.84   0.15     0.58
  SINCE SEP 1      0.99               0.84   0.15     0.58
  SINCE JAN 1     18.39              16.52   1.87    16.33

SNOWFALL (IN)
  YESTERDAY        0.0                0.0    0.0      0.0
  MONTH TO DATE    1.6                0.0    1.6      0.0
  SINCE SEP 1      1.6                0.0    1.6      0.0
  SINCE JUL 1      1.6                0.0    1.6      0.0
  SNOW DEPTH       0

DEGREE DAYS
 HEATING
  YESTERDAY        1                  6     -5        6
  MONTH TO DATE  148                 58     90       13
  SINCE SEP 1    148                 58     90       13
  SINCE JUL 1    172                 88     84       19

 COOLING
  YESTERDAY        0                  2     -2        0
  MONTH TO DATE   26                 53    -27      114
  SINCE SEP 1     26                 53    -27      114
  SINCE JAN 1    462                648   -186      799
...........................................................


WIND (MPH)
  HIGHEST GUST SPEED    17   HIGHEST GUST DIRECTION     W (260)



WEATHER CONDITIONS
 THE FOLLOWING WEATHER WAS RECORDED YESTERDAY.
  NO SIGNIFICANT WEATHER WAS OBSERVED.


..........................................................


THE EAST RAPID CITY SD CLIMATE NORMALS FOR TODAY
                         NORMAL    RECORD    YEAR
 MAXIMUM TEMPERATURE (F)   72        94      2000
 MINIMUM TEMPERATURE (F)   50        30      1901


SUNRISE AND SUNSET
SEPTEMBER 17 2014.....SUNRISE   634 AM MDT   SUNSET   659 PM MDT
SEPTEMBER 18 2014.....SUNRISE   635 AM MDT   SUNSET   658 PM MDT


-  INDICATES NEGATIVE NUMBERS.
R  INDICATES RECORD WAS SET OR TIED.
MM INDICATES DATA IS MISSING.
T  INDICATES TRACE AMOUNT.




$$
