290
CDUS43 KUNR 240833
CLIUNR


CLIMATE REPORT
NATIONAL WEATHER SERVICE RAPID CITY SD
233 AM MDT SUN JUL 24 2016


...................................

...THE EAST RAPID CITY SD CLIMATE SUMMARY FOR JULY 23 2016...

CLIMATE NORMAL PERIOD 1981 TO 2010
CLIMATE RECORD PERIOD 1888 TO 2016


WEATHER ITEM   OBSERVED RECORD YEAR NORMAL DEPARTURE LAST
                VALUE   VALUE       VALUE  FROM      YEAR
                                           NORMAL
...........................................................
TEMPERATURE (F)
 YESTERDAY
  MAXIMUM         87    106    1936  85      2       96
  MINIMUM         68     50    1911  63      5       62
  AVERAGE         78                 74      4       79

PRECIPITATION (IN)
  YESTERDAY        0.00   1.20 1969   0.08  -0.08     0.00
  MONTH TO DATE    2.28               1.74   0.54     2.12
  SINCE JUN 1      2.86               4.90  -2.04     8.99
  SINCE JAN 1      7.40              12.95  -5.55    18.35

SNOWFALL (IN)
  YESTERDAY        0.0    0.0  2002   0.0    0.0      0.0
                               2001
                               2000
  MONTH TO DATE    0.0                0.0    0.0      0.0
  SINCE JUN 1      0.0                0.0    0.0      0.0
  SINCE JUL 1      0.0                0.0    0.0      0.0
  SNOW DEPTH       0

DEGREE DAYS
 HEATING
  YESTERDAY        0                  0      0        0
  MONTH TO DATE    1                  6     -5        1
  SINCE JUN 1      6                 94    -88       34
  SINCE JUL 1      1                  6     -5        1

 COOLING
  YESTERDAY       13                  9      4       14
  MONTH TO DATE  222                185     37      152
  SINCE JUN 1    467                276    191      259
  SINCE JAN 1    473                294    179      267
...........................................................


WIND (MPH)
  HIGHEST GUST SPEED    45   HIGHEST GUST DIRECTION    NW (320)



WEATHER CONDITIONS
 THE FOLLOWING WEATHER WAS RECORDED YESTERDAY.
  NO SIGNIFICANT WEATHER WAS OBSERVED.


..........................................................


THE EAST RAPID CITY SD CLIMATE NORMALS FOR TODAY
                         NORMAL    RECORD    YEAR
 MAXIMUM TEMPERATURE (F)   86       105      1952
 MINIMUM TEMPERATURE (F)   63        46      1911


SUNRISE AND SUNSET
JULY 24 2016..........SUNRISE   533 AM MDT   SUNSET   825 PM MDT
JULY 25 2016..........SUNRISE   534 AM MDT   SUNSET   824 PM MDT


-  INDICATES NEGATIVE NUMBERS.
R  INDICATES RECORD WAS SET OR TIED.
MM INDICATES DATA IS MISSING.
T  INDICATES TRACE AMOUNT.




$$
