000
CDUS43 KUNR 191830
CLIUNR


CLIMATE REPORT
NATIONAL WEATHER SERVICE RAPID CITY SD
1130 AM MST FRI JAN 19 2018


...................................

...THE EAST RAPID CITY SD CLIMATE SUMMARY FOR JANUARY 19 2018...
VALID AS OF 1100 AM LOCAL TIME.

CLIMATE NORMAL PERIOD 1981 TO 2010
CLIMATE RECORD PERIOD 1888 TO 2018


WEATHER ITEM   OBSERVED RECORD YEAR NORMAL DEPARTURE LAST
                VALUE   VALUE       VALUE  FROM      YEAR
                                           NORMAL
...........................................................
TEMPERATURE (F)
 TODAY
  MAXIMUM         59     66    1900  38     21       48
  MINIMUM         38    -24    1943  16     22       35
  AVERAGE         49                 27     22       42

PRECIPITATION (IN)
  TODAY            0.00   0.32 1890   0.01  -0.01     0.00
  MONTH TO DATE    0.21               0.16   0.05     0.12
  SINCE DEC 1      0.51               0.48   0.03     0.94
  SINCE JAN 1      0.21               0.16   0.05     0.12

SNOWFALL (IN)
  TODAY            0.0    3.3  1926   0.2   -0.2      0.0
  MONTH TO DATE    2.9                3.0   -0.1      3.6
  SINCE DEC 1     10.2                8.2    2.0     15.7
  SINCE JUL 1     11.3               16.8   -5.5     19.4
  SNOW DEPTH       0

DEGREE DAYS
 HEATING
  TODAY           16                 38    -22       23
  MONTH TO DATE  775                722     53      905
  SINCE DEC 1   1966               1889     77     2298
  SINCE JUL 1   3346               3469   -123     3329

 COOLING
  TODAY            0                  0      0        0
  MONTH TO DATE    0                  0      0        0
  SINCE DEC 1      0                  0      0        0
  SINCE JAN 1      0                  0      0        0
...........................................................





WEATHER CONDITIONS
 THE FOLLOWING WEATHER WAS RECORDED TODAY.
  NO SIGNIFICANT WEATHER WAS OBSERVED.


..........................................................


THE EAST RAPID CITY SD CLIMATE NORMALS FOR TOMORROW
                         NORMAL    RECORD    YEAR
 MAXIMUM TEMPERATURE (F)   38        66      2009
 MINIMUM TEMPERATURE (F)   16       -22      1943


SUNRISE AND SUNSET
JANUARY 19 2018.......SUNRISE   722 AM MST   SUNSET   446 PM MST
JANUARY 20 2018.......SUNRISE   721 AM MST   SUNSET   447 PM MST


-  INDICATES NEGATIVE NUMBERS.
R  INDICATES RECORD WAS SET OR TIED.
MM INDICATES DATA IS MISSING.
T  INDICATES TRACE AMOUNT.




$$
