000
CDUS43 KUNR 140837
CLIUNR


CLIMATE REPORT
NATIONAL WEATHER SERVICE RAPID CITY SD
235 AM MDT SUN SEP 14 2014


...................................

...THE EAST RAPID CITY SD CLIMATE SUMMARY FOR SEPTEMBER 13 2014...

CLIMATE NORMAL PERIOD 1981 TO 2010
CLIMATE RECORD PERIOD 1888 TO 2014


WEATHER ITEM   OBSERVED RECORD YEAR NORMAL DEPARTURE LAST
                VALUE   VALUE       VALUE  FROM      YEAR
                                           NORMAL
...........................................................
TEMPERATURE (F)
 YESTERDAY
  MAXIMUM         61    100    1895  74    -13       70
  MINIMUM         33     31    1970  51    -18       51
  AVERAGE         47                 63    -16       61

PRECIPITATION (IN)
  YESTERDAY        0.00   1.62 1998   0.06  -0.06      T
  MONTH TO DATE    0.99               0.68   0.31     0.57
  SINCE SEP 1      0.99               0.68   0.31     0.57
  SINCE JAN 1     18.39              16.36   2.03    16.32

SNOWFALL (IN)
  YESTERDAY        0.0                0.0    0.0      0.0
  MONTH TO DATE    1.6                0.0    1.6      0.0
  SINCE SEP 1      1.6                0.0    1.6      0.0
  SINCE JUL 1      1.6                0.0    1.6      0.0
  SNOW DEPTH       0

DEGREE DAYS
 HEATING
  YESTERDAY       18                  5     13        4
  MONTH TO DATE  117                 42     75        4
  SINCE SEP 1    117                 42     75        4
  SINCE JUL 1    141                 72     69       10

 COOLING
  YESTERDAY        0                  2     -2        0
  MONTH TO DATE   26                 47    -21      111
  SINCE SEP 1     26                 47    -21      111
  SINCE JAN 1    462                642   -180      796
...........................................................


WIND (MPH)
  HIGHEST GUST SPEED    35   HIGHEST GUST DIRECTION     N (10)



WEATHER CONDITIONS
 THE FOLLOWING WEATHER WAS RECORDED YESTERDAY.
  NO SIGNIFICANT WEATHER WAS OBSERVED.


..........................................................


THE EAST RAPID CITY SD CLIMATE NORMALS FOR TODAY
                         NORMAL    RECORD    YEAR
 MAXIMUM TEMPERATURE (F)   73        99      1948
 MINIMUM TEMPERATURE (F)   51        23      1904


SUNRISE AND SUNSET
SEPTEMBER 14 2014.....SUNRISE   631 AM MDT   SUNSET   705 PM MDT
SEPTEMBER 15 2014.....SUNRISE   632 AM MDT   SUNSET   703 PM MDT


-  INDICATES NEGATIVE NUMBERS.
R  INDICATES RECORD WAS SET OR TIED.
MM INDICATES DATA IS MISSING.
T  INDICATES TRACE AMOUNT.




$$
