204
CDUS43 KUNR 120837
CLIUNR


CLIMATE REPORT
NATIONAL WEATHER SERVICE RAPID CITY SD
137 AM MST FRI FEB 12 2016


...................................

...THE EAST RAPID CITY SD CLIMATE SUMMARY FOR FEBRUARY 11 2016...

CLIMATE NORMAL PERIOD 1981 TO 2010
CLIMATE RECORD PERIOD 1888 TO 2016


WEATHER ITEM   OBSERVED RECORD YEAR NORMAL DEPARTURE LAST
                VALUE   VALUE       VALUE  FROM      YEAR
                                           NORMAL
...........................................................
TEMPERATURE (F)
 YESTERDAY
  MAXIMUM         55     65    1952  38     17       34
  MINIMUM         23    -34    1899  17      6       16
  AVERAGE         39                 28     11       25

PRECIPITATION (IN)
  YESTERDAY        0.00   0.20 1948   0.01  -0.01     0.00
  MONTH TO DATE    0.24               0.18   0.06     0.02
  SINCE DEC 1      1.14               0.79   0.35     0.55
  SINCE JAN 1      0.41               0.47  -0.06     0.17

SNOWFALL (IN)
  YESTERDAY        0.0    2.0  1948   0.2   -0.2      0.0
  MONTH TO DATE    3.8                2.8    1.0      0.4
  SINCE DEC 1     21.8               13.5    8.3     12.2
  SINCE JUL 1     27.8               22.1    5.7     27.5
  SNOW DEPTH       0

DEGREE DAYS
 HEATING
  YESTERDAY       26                 38    -12       40
  MONTH TO DATE  334                418    -84      328
  SINCE DEC 1   2560               2766   -206     2418
  SINCE JUL 1   3818               4346   -528     4032

 COOLING
  YESTERDAY        0                  0      0        0
  MONTH TO DATE    0                  0      0        0
  SINCE DEC 1      0                  0      0        0
  SINCE JAN 1      0                  0      0        0
...........................................................


WIND (MPH)
  HIGHEST GUST SPEED    58   HIGHEST GUST DIRECTION    NW (320)



WEATHER CONDITIONS
 THE FOLLOWING WEATHER WAS RECORDED YESTERDAY.
  NO SIGNIFICANT WEATHER WAS OBSERVED.


..........................................................


THE EAST RAPID CITY SD CLIMATE NORMALS FOR TODAY
                         NORMAL    RECORD    YEAR
 MAXIMUM TEMPERATURE (F)   38        66      1890
 MINIMUM TEMPERATURE (F)   17       -29      1905


SUNRISE AND SUNSET
FEBRUARY 12 2016......SUNRISE   657 AM MST   SUNSET   518 PM MST
FEBRUARY 13 2016......SUNRISE   656 AM MST   SUNSET   519 PM MST


-  INDICATES NEGATIVE NUMBERS.
R  INDICATES RECORD WAS SET OR TIED.
MM INDICATES DATA IS MISSING.
T  INDICATES TRACE AMOUNT.




$$
