000
CDUS43 KUNR 170836
CLIUNR


CLIMATE REPORT
NATIONAL WEATHER SERVICE RAPID CITY SD
235 AM MDT TUE OCT 17 2017


...................................

...THE EAST RAPID CITY SD CLIMATE SUMMARY FOR OCTOBER 16 2017...

CLIMATE NORMAL PERIOD 1981 TO 2010
CLIMATE RECORD PERIOD 1888 TO 2017


WEATHER ITEM   OBSERVED RECORD YEAR NORMAL DEPARTURE LAST
                VALUE   VALUE       VALUE  FROM      YEAR
                                           NORMAL
...........................................................
TEMPERATURE (F)
 YESTERDAY
  MAXIMUM         75     86    1956  59     16       81
  MINIMUM         44     17    1922  37      7       48
  AVERAGE         60                 48     12       65

PRECIPITATION (IN)
  YESTERDAY        0.00   1.16 1998   0.06  -0.06     0.00
  MONTH TO DATE    0.74               0.87  -0.13     0.27
  SINCE SEP 1      2.36               2.41  -0.05     1.14
  SINCE JAN 1     12.33              18.09  -5.76    12.44

SNOWFALL (IN)
  YESTERDAY        0.0    2.0  1996   0.1   -0.1      0.0
  MONTH TO DATE    0.0                0.6   -0.6       T
  SINCE SEP 1      0.0                0.7   -0.7       T
  SINCE JUL 1      0.0                0.7   -0.7       T
  SNOW DEPTH       0

DEGREE DAYS
 HEATING
  YESTERDAY        5                 17    -12        0
  MONTH TO DATE  242                229     13      183
  SINCE SEP 1    424                408     16      282
  SINCE JUL 1    429                438     -9      307

 COOLING
  YESTERDAY        0                  0      0        0
  MONTH TO DATE    0                  0      0        2
  SINCE SEP 1    113                 66     47       49
  SINCE JAN 1    850                661    189      809
...........................................................


WIND (MPH)
  HIGHEST GUST SPEED    25   HIGHEST GUST DIRECTION     N (350)



WEATHER CONDITIONS
 THE FOLLOWING WEATHER WAS RECORDED YESTERDAY.
  NO SIGNIFICANT WEATHER WAS OBSERVED.


..........................................................


THE EAST RAPID CITY SD CLIMATE NORMALS FOR TODAY
                         NORMAL    RECORD    YEAR
 MAXIMUM TEMPERATURE (F)   59        88      1927
 MINIMUM TEMPERATURE (F)   37        16      1922


SUNRISE AND SUNSET
OCTOBER 17 2017.......SUNRISE   710 AM MDT   SUNSET   605 PM MDT
OCTOBER 18 2017.......SUNRISE   712 AM MDT   SUNSET   604 PM MDT


-  INDICATES NEGATIVE NUMBERS.
R  INDICATES RECORD WAS SET OR TIED.
MM INDICATES DATA IS MISSING.
T  INDICATES TRACE AMOUNT.




$$
