000
CDUS43 KUNR 211832
CLIUNR


CLIMATE REPORT
NATIONAL WEATHER SERVICE RAPID CITY SD
1232 PM MDT FRI APR 21 2017


...................................

...THE EAST RAPID CITY SD CLIMATE SUMMARY FOR APRIL 21 2017...
VALID AS OF 1100 AM LOCAL TIME.

CLIMATE NORMAL PERIOD 1981 TO 2010
CLIMATE RECORD PERIOD 1888 TO 2017


WEATHER ITEM   OBSERVED RECORD YEAR NORMAL DEPARTURE LAST
                VALUE   VALUE       VALUE  FROM      YEAR
                                           NORMAL
...........................................................
TEMPERATURE (F)
 TODAY
  MAXIMUM         54     86    1901  58     -4       65
  MINIMUM         38     12    1927  36      2       47
  AVERAGE         46                 47     -1       56

PRECIPITATION (IN)
  TODAY            0.00   1.03 2005   0.08  -0.08     0.00
  MONTH TO DATE    1.23               1.30  -0.07     0.42
  SINCE MAR 1      2.03               2.29  -0.26     1.47
  SINCE JAN 1      2.82               3.06  -0.24     2.28

SNOWFALL (IN)
  TODAY            0.0    6.1  1902   0.2   -0.2      0.0
  MONTH TO DATE    1.4                6.9   -5.5      1.2
  SINCE MAR 1      2.7               18.7  -16.0      9.1
  SINCE JUL 1     35.9               45.4   -9.5     39.0
  SNOW DEPTH       0

DEGREE DAYS
 HEATING
  TODAY           19                 18      1        9
  MONTH TO DATE  343                457   -114      334
  SINCE MAR 1   1112               1365   -253     1019
  SINCE JUL 1   5708               6319   -611     5268

 COOLING
  TODAY            0                  0      0        0
  MONTH TO DATE    0                  0      0        0
  SINCE MAR 1      0                  0      0        0
  SINCE JAN 1      0                  0      0        0
...........................................................





WEATHER CONDITIONS
 THE FOLLOWING WEATHER WAS RECORDED TODAY.
  NO SIGNIFICANT WEATHER WAS OBSERVED.


..........................................................


THE EAST RAPID CITY SD CLIMATE NORMALS FOR TOMORROW
                         NORMAL    RECORD    YEAR
 MAXIMUM TEMPERATURE (F)   58        85      1939
 MINIMUM TEMPERATURE (F)   36        17      1967


SUNRISE AND SUNSET
APRIL 21 2017.........SUNRISE   559 AM MDT   SUNSET   745 PM MDT
APRIL 22 2017.........SUNRISE   558 AM MDT   SUNSET   746 PM MDT


-  INDICATES NEGATIVE NUMBERS.
R  INDICATES RECORD WAS SET OR TIED.
MM INDICATES DATA IS MISSING.
T  INDICATES TRACE AMOUNT.




$$
