000
CDUS43 KUNR 180832
CLIUNR


CLIMATE REPORT
NATIONAL WEATHER SERVICE RAPID CITY SD
231 AM MDT FRI APR 18 2014


...................................

...THE EAST RAPID CITY SD CLIMATE SUMMARY FOR APRIL 17 2014...

CLIMATE NORMAL PERIOD 1981 TO 2010
CLIMATE RECORD PERIOD 1888 TO 2014


WEATHER ITEM   OBSERVED RECORD YEAR NORMAL DEPARTURE LAST
                VALUE   VALUE       VALUE  FROM      YEAR
                                           NORMAL
...........................................................
TEMPERATURE (F)
 YESTERDAY
  MAXIMUM         53     86    2005  56     -3       27
  MINIMUM         27     20    2001  34     -7       23
                               1953
  AVERAGE         40                 45     -5       25

PRECIPITATION (IN)
  YESTERDAY        T      1.06 1920   0.07  -0.07     0.09
  MONTH TO DATE    0.68               0.99  -0.31     1.92
  SINCE MAR 1      1.81               1.98  -0.17     2.61
  SINCE JAN 1      2.32               2.75  -0.43     3.29

SNOWFALL (IN)
  YESTERDAY        0.0                0.3   -0.3      1.7
  MONTH TO DATE    7.8                5.9    1.9     28.3
  SINCE MAR 1     22.2               17.7    4.5     40.1
  SINCE JUL 1     72.3               44.4   27.9     61.8
  SNOW DEPTH       0

DEGREE DAYS
 HEATING
  YESTERDAY       25                 20      5       40
  MONTH TO DATE  413                382     31      522
  SINCE MAR 1   1433               1290    143     1466
  SINCE JUL 1   6781               6244    537     6094

 COOLING
  YESTERDAY        0                  0      0        0
  MONTH TO DATE    0                  0      0        0
  SINCE MAR 1      0                  0      0        0
  SINCE JAN 1      0                  0      0        0
...........................................................


WIND (MPH)
  HIGHEST GUST SPEED    35   HIGHEST GUST DIRECTION    SE (150)



WEATHER CONDITIONS
 THE FOLLOWING WEATHER WAS RECORDED YESTERDAY.
  LIGHT RAIN


..........................................................


THE EAST RAPID CITY SD CLIMATE NORMALS FOR TODAY
                         NORMAL    RECORD    YEAR
 MAXIMUM TEMPERATURE (F)   57        84      1923
 MINIMUM TEMPERATURE (F)   35        16      1953


SUNRISE AND SUNSET
APRIL 18 2014.........SUNRISE   604 AM MDT   SUNSET   741 PM MDT
APRIL 19 2014.........SUNRISE   603 AM MDT   SUNSET   742 PM MDT


-  INDICATES NEGATIVE NUMBERS.
R  INDICATES RECORD WAS SET OR TIED.
MM INDICATES DATA IS MISSING.
T  INDICATES TRACE AMOUNT.




$$
