471
CDUS43 KUNR 210041
CLIUNR


CLIMATE REPORT
NATIONAL WEATHER SERVICE RAPID CITY SD
641 PM MDT MON MAR 20 2017


...................................

...THE EAST RAPID CITY SD CLIMATE SUMMARY FOR MARCH 20 2017...
VALID TODAY AS OF 0500 PM LOCAL TIME.

CLIMATE NORMAL PERIOD 1981 TO 2010
CLIMATE RECORD PERIOD 1888 TO 2017


WEATHER ITEM   OBSERVED RECORD YEAR NORMAL DEPARTURE LAST
                VALUE   VALUE       VALUE  FROM      YEAR
                                           NORMAL
...........................................................
TEMPERATURE (F)
 TODAY
  MAXIMUM         57     79    2007  48      9       60
  MINIMUM         36    -12    1913  26     10       16
  AVERAGE         47                 37     10       38

PRECIPITATION (IN)
  TODAY            0.00   0.57 1892   0.04  -0.04     0.00
  MONTH TO DATE    0.02               0.53  -0.51     0.05
  SINCE MAR 1      0.02               0.53  -0.51     0.05
  SINCE JAN 1      0.81               1.30  -0.49     0.86

SNOWFALL (IN)
  TODAY            0.0    9.2  2006   0.3   -0.3      0.0
  MONTH TO DATE    1.1                7.3   -6.2      0.3
  SINCE MAR 1      1.1                7.3   -6.2      0.3
  SINCE JUL 1     34.3               34.0    0.3     30.2
  SNOW DEPTH       0

DEGREE DAYS
 HEATING
  TODAY           18                 28    -10       27
  MONTH TO DATE  533                616    -83      415
  SINCE MAR 1    533                616    -83      415
  SINCE JUL 1   5129               5570   -441     4664

 COOLING
  TODAY            0                  0      0        0
  MONTH TO DATE    0                  0      0        0
  SINCE MAR 1      0                  0      0        0
  SINCE JAN 1      0                  0      0        0
...........................................................





WEATHER CONDITIONS
 THE FOLLOWING WEATHER WAS RECORDED TODAY.
  NO SIGNIFICANT WEATHER WAS OBSERVED.


..........................................................


THE EAST RAPID CITY SD CLIMATE NORMALS FOR TOMORROW
                         NORMAL    RECORD    YEAR
 MAXIMUM TEMPERATURE (F)   48        81      1910
 MINIMUM TEMPERATURE (F)   26       -15      1913


SUNRISE AND SUNSET
MARCH 20 2017.........SUNRISE   655 AM MDT   SUNSET   706 PM MDT
MARCH 21 2017.........SUNRISE   654 AM MDT   SUNSET   707 PM MDT


-  INDICATES NEGATIVE NUMBERS.
R  INDICATES RECORD WAS SET OR TIED.
MM INDICATES DATA IS MISSING.
T  INDICATES TRACE AMOUNT.




$$
