000
CDUS43 KUNR 200042
CLIUNR


CLIMATE REPORT
NATIONAL WEATHER SERVICE RAPID CITY SD
640 PM MDT TUE MAY 19 2015


...................................

...THE EAST RAPID CITY SD CLIMATE SUMMARY FOR MAY 19 2015...
VALID TODAY AS OF 0500 PM LOCAL TIME.

CLIMATE NORMAL PERIOD 1981 TO 2010
CLIMATE RECORD PERIOD 1888 TO 2015


WEATHER ITEM   OBSERVED RECORD YEAR NORMAL DEPARTURE LAST
                VALUE   VALUE       VALUE  FROM      YEAR
                                           NORMAL
...........................................................
TEMPERATURE (F)
 TODAY
  MAXIMUM         44     93    2009  67    -23       68
  MINIMUM         37     28    1895  46     -9       55
  AVERAGE         41                 57    -16       62

PRECIPITATION (IN)
  TODAY            T      2.19 2011   0.15  -0.15     0.14
  MONTH TO DATE    4.07               2.37   1.70     0.98
  SINCE MAR 1      5.12               5.46  -0.34     3.79
  SINCE JAN 1      5.67               6.23  -0.56     4.30

SNOWFALL (IN)
  TODAY            T   R  0.0  2002   0.0    0.0      0.0
                               2001
                               1931
  MONTH TO DATE   13.6                1.8   11.8      0.6
  SINCE MAR 1     15.0               22.4   -7.4     23.4
  SINCE JUL 1     50.7               49.1    1.6     73.5
  SNOW DEPTH       0

DEGREE DAYS
 HEATING
  TODAY           24                  9     15        3
  MONTH TO DATE  275                220     55      299
  SINCE MAR 1   1414               1732   -318     1924
  SINCE JUL 1   6110               6686   -576     7272

 COOLING
  TODAY            0                  1     -1        0
  MONTH TO DATE    2                  3     -1        0
  SINCE MAR 1      8                  4      4        0
  SINCE JAN 1      8                  4      4        0
...........................................................





WEATHER CONDITIONS
 THE FOLLOWING WEATHER WAS RECORDED TODAY.
  LIGHT RAIN
  LIGHT SNOW


..........................................................


THE EAST RAPID CITY SD CLIMATE NORMALS FOR TOMORROW
                         NORMAL    RECORD    YEAR
 MAXIMUM TEMPERATURE (F)   68        90      1964
 MINIMUM TEMPERATURE (F)   46        30      1968


SUNRISE AND SUNSET
MAY 19 2015...........SUNRISE   523 AM MDT   SUNSET   817 PM MDT
MAY 20 2015...........SUNRISE   522 AM MDT   SUNSET   818 PM MDT


-  INDICATES NEGATIVE NUMBERS.
R  INDICATES RECORD WAS SET OR TIED.
MM INDICATES DATA IS MISSING.
T  INDICATES TRACE AMOUNT.




$$
